000
CXUS51 KAKQ 010710
CF6OXB
PRELIMINARY LOCAL CLIMATOLOGICAL DATA (WS FORM: F-6)
STATION: OCEAN_CITY
MONTH: MAY
YEAR: 2022
LATITUDE: 38 18 N
LONGITUDE: 75 7 W
TEMPERATURE IN F: :PCPN: SNOW: WIND :SUNSHINE: SKY :PK WND
================================================================================
1 2 3 4 5 6A 6B 7 8 9 10 11 12 13 14 15 16 17 18
12Z AVG MX 2MIN
DY MAX MIN AVG DEP HDD CDD WTR SNW DPTH SPD SPD DIR MIN PSBL S-S WX SPD DR
================================================================================
1 63 41 52 -6 13 0 0.09 M M 5.7 12 130 M M 5 M M
2 75 58 67 9 0 2 0.11 M M 5.6 10 220 M M 5 13 M M
3 59 52 56 -2 9 0 0.00 M M 10.5 14 90 M M 9 1 21 50
4 68 55 62 4 3 0 0.00 M M 5.6 12 360 M M 6 12 M M
5 64 56 60 1 5 0 0.00 M M 7.9 14 40 M M 7 1 22 30
6 63 52 58 -1 7 0 0.50 M M 6.4 14 70 M M 5 1 35 100
7 57 50 54 -5 11 0 0.49 M M 16.7 29 50 M M 10 1 46 50
8 50 47 49 -11 16 0 0.61 M M 22.7 30 30 M M 10 1 48 40
9 60 46 53 -7 12 0 0.01 M M 19.7 27 20 M M 6 40 20
10 59 53 56 -4 9 0 T M M 19.5 25 30 M M 10 41 20
11 55 52 54 -6 11 0 0.21 M M 16.2 22 30 M M 9 1 37 30
12 58 51 55 -6 10 0 0.27 M M 13.6 20 20 M M 10 1 32 30
13 67 54 61 0 4 0 0.18 M M 5.2 13 20 M M 10 128 17 10
14 66 58 62 1 3 0 0.30 M M 2.7 9 150 M M 9 123 14 220
15 69 58 64 3 1 0 0.00 M M 5.2 12 210 M M 8 12 18 190
16 74 60 67 5 0 2 0.69 M M 6.9 20 310 M M 4 13 31 220
17 81 56 69 7 0 4 0.00 M M 8.7 14 270 M M 0 24 270
18 68 58 63 1 2 0 0.00 M M 7.6 10 120 M M 1 18 20
19 81 59 70 8 0 5 0.15 M M 7.5 15 280 M M 4 1 24 280
20 76 61 69 6 0 4 0.01 M M 5.9 12 220 M M 3 1 16 190
21 92 69 81 18 0 16 0.00 M M 9.8 15 220 M M 0 23 220
22 83 65 74 11 0 9 0.00 M M 8.9 15 300 M M 0 31 300
23 72 60 66 2 0 1 0.00 M M 7.9 14 20 M M 4 22 20
24 61 56 59 -5 6 0 1.32 M M 9.7 17 80 M M 9 1 25 80
25 65 58 62 -2 3 0 0.00 M M 11.4 18 60 M M 10 25 60
26 67 59 63 -2 2 0 0.00 M M 5.4 10 110 M M 10 12 14 120
27 72 61 67 2 0 2 0.10 M M 6.9 23 220 M M 9 123 31 230
28 81 63 72 7 0 7 0.00 M M 8.0 13 290 M M 2 1 22 270
29 74 62 68 2 0 3 0.00 M M 5.6 10 80 M M 0 M M
30 77 59 68 2 0 3 0.00 M M 6.5 14 230 M M 0 22 200
31 91 70 81 15 0 16 0.00 M M 7.3 10 250 M M 0 M M
================================================================================
SM 2148 1759 127 74 5.04 M 287.3 M 175
================================================================================
AV 69.3 56.7 9.3 FASTST M M 6 MAX(MPH)
MISC ----> 30 30 48 40
================================================================================
NOTES:
# LAST OF SEVERAL OCCURRENCES
COLUMN 17 PEAK WIND IN M.P.H.
PRELIMINARY LOCAL CLIMATOLOGICAL DATA (WS FORM: F-6) , PAGE 2
STATION: OCEAN_CITY
MONTH: MAY
YEAR: 2022
LATITUDE: 38 18 N
LONGITUDE: 75 7 W
[TEMPERATURE DATA] [PRECIPITATION DATA] SYMBOLS USED IN COLUMN 16
AVERAGE MONTHLY: 63.0 TOTAL FOR MONTH: 5.04 1 = FOG OR MIST
DPTR FM NORMAL: 1.2 DPTR FM NORMAL: 1.28 2 = FOG REDUCING VISIBILITY
HIGHEST: 92 ON 21 GRTST 24HR 1.32 ON 24-24 TO 1/4 MILE OR LESS
LOWEST: 41 ON 1 3 = THUNDER
SNOW, ICE PELLETS, HAIL 4 = ICE PELLETS
TOTAL MONTH: M 5 = HAIL
GRTST 24HR M ON M 6 = FREEZING RAIN OR DRIZZLE
GRTST DEPTH: M ON M 7 = DUSTSTORM OR SANDSTORM:
VSBY 1/2 MILE OR LESS
8 = SMOKE OR HAZE
[NO. OF DAYS WITH] [WEATHER - DAYS WITH] 9 = BLOWING SNOW
X = TORNADO
MAX 32 OR BELOW: 0 0.01 INCH OR MORE: 15
MAX 90 OR ABOVE: 2 0.10 INCH OR MORE: 12
MIN 32 OR BELOW: 0 0.50 INCH OR MORE: 4
MIN 0 OR BELOW: 0 1.00 INCH OR MORE: 1
[HDD (BASE 65) ]
TOTAL THIS MO. 127 CLEAR (SCALE 0-3) 9
DPTR FM NORMAL -26 PTCLDY (SCALE 4-7) 10
TOTAL FM JUL 1 3727 CLOUDY (SCALE 8-10) 12
DPTR FM NORMAL -625
[CDD (BASE 65) ]
TOTAL THIS MO. 74
DPTR FM NORMAL 22 [PRESSURE DATA]
TOTAL FM JAN 1 74 HIGHEST SLP M ON M
DPTR FM NORMAL 12 LOWEST SLP M ON M
[REMARKS]
#FINAL-05-22#