000
CXUS51 KAKQ 010710
CF6OXB
PRELIMINARY LOCAL CLIMATOLOGICAL DATA (WS FORM: F-6)
STATION: OCEAN_CITY
MONTH: SEPTEMBER
YEAR: 2023
LATITUDE: 38 18 N
LONGITUDE: 75 7 W
TEMPERATURE IN F: :PCPN: SNOW: WIND :SUNSHINE: SKY :PK WND
================================================================================
1 2 3 4 5 6A 6B 7 8 9 10 11 12 13 14 15 16 17 18
12Z AVG MX 2MIN
DY MAX MIN AVG DEP HDD CDD WTR SNW DPTH SPD SPD DIR MIN PSBL S-S WX SPD DR
================================================================================
1 77 56 67 -6 0 2 T M M 7.9 15 20 M M 1 23 40
2 76 51 64 -9 1 0 0.00 M M 3.9 9 130 M M 0 M M
3 91 62 77 4 0 12 0.00 M M 6.0 9 200 M M 0 M M
4 94 73 84 12 0 19 0.00 M M 6.2 10 280 M M 0 17 99
5 92 73 83 11 0 18 0.00 M M 4.7 9 360 M M 1 1 M M
6 93 71 82 10 0 17 0.00 M M 3.6 8 140 M M 1 18 M M
7 89 71 80 8 0 15 0.00 M M 4.8 9 210 M M 0 18 M M
8 88 79 84 13 0 19 0.00 M M 6.6 14 220 M M 1 1 M M
9 86 71 79 8 0 14 0.01 M M 5.5 14 270 M M 1 3 21 270
10 83 72 78 7 0 13 0.34 M M 3.9 14 160 M M 3 13 21 160
11 85 69 77 6 0 12 0.03 M M 2.8 8 190 M M 3 12 M M
12 83 65 74 4 0 9 0.00 M M 4.0 9 160 M M 0 1 M M
13 87 66 77 7 0 12 0.55 M M 4.5 10 290 M M 5 13 22 260
14 81 64 73 3 0 8 0.00 M M 8.7 18 20 M M 1 1 33 350
15 76 56 66 -4 0 1 0.00 M M 10.4 18 20 M M 1 31 50
16 82 52 67 -2 0 2 0.00 M M 4.7 13 330 M M 0 20 320
17 81 51 66 -3 0 1 0.21 M M 5.5 14 210 M M 2 1 24 190
18 76 63 70 1 0 5 0.04 M M 6.9 14 320 M M 7 1 22 300
19 80 53 67 -1 0 2 0.00 M M 4.6 13 330 M M 0 22 330
20 77 52 65 -3 0 0 0.00 M M 3.2 9 130 M M 4 16 130
21 78 59 69 1 0 4 0.00 M M 6.0 13 80 M M 1 21 80
22 75 67 71 4 0 6 0.31 M M 16.8 25 60 M M 6 1 48 50
23 77 68 73 6 0 8 1.56 M M 16.4 28 60 M M 10 18 50 60
24 73 68 71 5 0 6 0.02 M M 8.0 13 220 M M 10 1 22 140
25 74 65 70 4 0 5 0.04 M M 6.3 12 350 M M 8 1 M M
26 68 64 66 0 0 1 0.18 M M 15.2 21 50 M M 10 1 37 60
27 70 64 67 2 0 2 0.00 M M 14.5 22 30 M M 10 33 30
28 70 65 68 3 0 3 0.16 M M 12.9 17 30 M M 10 1 30 40
29 71 65 68 3 0 3 0.07 M M 9.4 13 20 M M 10 1 22 20
30 69 61 65 1 0 0 0.06 M M 7.7 13 360 M M 9 1 22 20
================================================================================
SM 2402 1916 1 219 3.58 M 221.5 M 115
================================================================================
AV 80.1 63.9 7.4 FASTST M M 4 MAX(MPH)
MISC ----> 28 60 50 60
================================================================================
NOTES:
# LAST OF SEVERAL OCCURRENCES
COLUMN 17 PEAK WIND IN M.P.H.
PRELIMINARY LOCAL CLIMATOLOGICAL DATA (WS FORM: F-6) , PAGE 2
STATION: OCEAN_CITY
MONTH: SEPTEMBER
YEAR: 2023
LATITUDE: 38 18 N
LONGITUDE: 75 7 W
[TEMPERATURE DATA] [PRECIPITATION DATA] SYMBOLS USED IN COLUMN 16
AVERAGE MONTHLY: 72.0 TOTAL FOR MONTH: 3.58 1 = FOG OR MIST
DPTR FM NORMAL: 2.9 DPTR FM NORMAL: -0.35 2 = FOG REDUCING VISIBILITY
HIGHEST: 94 ON 4 GRTST 24HR 1.56 ON 23-23 TO 1/4 MILE OR LESS
LOWEST: 51 ON 17, 2 3 = THUNDER
SNOW, ICE PELLETS, HAIL 4 = ICE PELLETS
TOTAL MONTH: M 5 = HAIL
GRTST 24HR M ON M 6 = FREEZING RAIN OR DRIZZLE
GRTST DEPTH: M ON M 7 = DUSTSTORM OR SANDSTORM:
VSBY 1/2 MILE OR LESS
8 = SMOKE OR HAZE
[NO. OF DAYS WITH] [WEATHER - DAYS WITH] 9 = BLOWING SNOW
X = TORNADO
MAX 32 OR BELOW: 0 0.01 INCH OR MORE: 14
MAX 90 OR ABOVE: 4 0.10 INCH OR MORE: 7
MIN 32 OR BELOW: 0 0.50 INCH OR MORE: 2
MIN 0 OR BELOW: 0 1.00 INCH OR MORE: 1
[HDD (BASE 65) ]
TOTAL THIS MO. 1 CLEAR (SCALE 0-3) 17
DPTR FM NORMAL -29 PTCLDY (SCALE 4-7) 5
TOTAL FM JUL 1 1 CLOUDY (SCALE 8-10) 8
DPTR FM NORMAL -29
[CDD (BASE 65) ]
TOTAL THIS MO. 219
DPTR FM NORMAL 66 [PRESSURE DATA]
TOTAL FM JAN 1 1226 HIGHEST SLP M ON M
DPTR FM NORMAL 148 LOWEST SLP M ON M
[REMARKS]
#FINAL-09-23#