000
CXUS56 KLOX 011155
CF6OXR
PRELIMINARY LOCAL CLIMATOLOGICAL DATA (WS FORM: F-6)
STATION: OXNARD AIRPORT CA
MONTH: APRIL
YEAR: 2023
LATITUDE: 34 12 N
LONGITUDE: 119 12 W
TEMPERATURE IN F: :PCPN: SNOW: WIND :SUNSHINE: SKY :PK WND
================================================================================
1 2 3 4 5 6A 6B 7 8 9 10 11 12 13 14 15 16 17 18
12Z AVG MX 2MIN
DY MAX MIN AVG DEP HDD CDD WTR SNW DPTH SPD SPD DIR MIN PSBL S-S WX SPD DR
================================================================================
1 62 43 53 -5 12 0 0.00 M M 6.0 14 270 M M 0 19 260
2 60 45 53 -5 12 0 0.00 M M 7.3 17 250 M M 2 24 220
3 60 47 54 -4 11 0 0.00 M M 16.6 33 280 M M 3 44 290
4 57 41 49 -9 16 0 0.00 M M 8.9 18 270 M M 0 26 260
5 62 41 52 -6 13 0 0.00 M M 7.5 21 280 M M 0 26 290
6 69 40 55 -3 10 0 0.00 M M 7.3 20 270 M M 0 25 270
7 61 50 56 -2 9 0 0.00 M M 6.9 17 280 M M 0 22 270
8 59 48 54 -4 11 0 0.00 M M 6.2 18 280 M M 4 1 23 280
9 60 50 55 -3 10 0 0.00 M M 4.9 13 270 M M 7 12 16 250
10 62 50 56 -2 9 0 0.00 M M 5.0 14 290 M M 8 12 M M
11 59 50 55 -3 10 0 0.00 M M 2.9 12 270 M M 10 1 34 190
12 58 51 55 -3 10 0 0.00 M M 4.7 13 270 M M 10 1 16 270
13 60 51 56 -2 9 0 0.00 M M 7.5 14 270 M M 8 17 280
14 61 50 56 -2 9 0 0.00 M M 5.2 13 280 M M 4 1 18 270
15 61 46 54 -4 11 0 0.00 M M 6.2 18 270 M M 0 23 290
16 60 48 54 -4 11 0 0.00 M M 6.7 17 260 M M 4 1 23 260
17 59 47 53 -6 12 0 0.00 M M 4.0 12 260 M M 9 12 19 270
18 62 50 56 -3 9 0 0.00 M M 6.9 18 250 M M 4 24 240
19 64 45 55 -4 10 0 0.00 M M 6.4 18 280 M M 0 23 280
20 71 49 60 1 5 0 0.00 M M 9.7 21 280 M M 0 1 27 290
21 80 53 67 8 0 2 0.00 M M 9.3 20 280 M M 0 24 290
22 69 53 61 2 4 0 0.00 M M 6.3 14 270 M M 0 1 18 280
23 65 52 59 0 6 0 0.00 M M 5.3 13 250 M M 0 1 18 220
24 63 53 58 -1 7 0 0.00 M M 4.7 13 270 M M 7 19 260
25 64 53 59 0 6 0 0.00 M M 5.3 15 290 M M 7 18 20 260
26 59 51 55 -4 10 0 0.00 M M 6.5 16 280 M M 10 12 20 280
27 62 50 56 -4 9 0 0.00 M M 5.5 14 280 M M 9 12 18 270
28 58 52 55 -5 10 0 0.00 M M 4.7 14 290 M M 10 1 17 280
29 59 52 56 -4 9 0 0.00 M M 5.4 15 270 M M 10 1 21 260
30 59 52 56 -4 9 0 0.00 M M 4.9 14 270 M M 10 1 17 270
================================================================================
SM 1865 1463 279 2 0.00 M 194.7 M 136
================================================================================
AV 62.2 48.8 6.5 FASTST M M 5 MAX(MPH)
MISC ----> 33 280 44 290
================================================================================
NOTES:
# LAST OF SEVERAL OCCURRENCES
COLUMN 17 PEAK WIND IN M.P.H.
PRELIMINARY LOCAL CLIMATOLOGICAL DATA (WS FORM: F-6) , PAGE 2
STATION: OXNARD AIRPORT CA
MONTH: APRIL
YEAR: 2023
LATITUDE: 34 12 N
LONGITUDE: 119 12 W
[TEMPERATURE DATA] [PRECIPITATION DATA] SYMBOLS USED IN COLUMN 16
AVERAGE MONTHLY: 55.5 TOTAL FOR MONTH: 0.00 1 = FOG OR MIST
DPTR FM NORMAL: -3.0 DPTR FM NORMAL: -0.69 2 = FOG REDUCING VISIBILITY
HIGHEST: 80 ON 21 GRTST 24HR 0.00 ON 1- 1 TO 1/4 MILE OR LESS
LOWEST: 40 ON 6 3 = THUNDER
SNOW, ICE PELLETS, HAIL 4 = ICE PELLETS
TOTAL MONTH: M 5 = HAIL
GRTST 24HR M ON M 6 = FREEZING RAIN OR DRIZZLE
GRTST DEPTH: M ON M 7 = DUSTSTORM OR SANDSTORM:
VSBY 1/2 MILE OR LESS
8 = SMOKE OR HAZE
[NO. OF DAYS WITH] [WEATHER - DAYS WITH] 9 = BLOWING SNOW
X = TORNADO
MAX 32 OR BELOW: 0 0.01 INCH OR MORE: 0
MAX 90 OR ABOVE: 0 0.10 INCH OR MORE: 0
MIN 32 OR BELOW: 0 0.50 INCH OR MORE: 0
MIN 0 OR BELOW: 0 1.00 INCH OR MORE: 0
[HDD (BASE 65) ]
TOTAL THIS MO. 279 CLEAR (SCALE 0-3) 13
DPTR FM NORMAL 81 PTCLDY (SCALE 4-7) 7
TOTAL FM JUL 1 1957 CLOUDY (SCALE 8-10) 10
DPTR FM NORMAL 442
[CDD (BASE 65) ]
TOTAL THIS MO. 2
DPTR FM NORMAL -2 [PRESSURE DATA]
TOTAL FM JAN 1 3 HIGHEST SLP 30.17 ON 4
DPTR FM NORMAL -18 LOWEST SLP 29.76 ON 23
[REMARKS]
#FINAL-04-23#