000
CXUS56 KLOX 011155
CF6OXR
PRELIMINARY LOCAL CLIMATOLOGICAL DATA (WS FORM: F-6)
STATION: OXNARD AIRPORT CA
MONTH: MARCH
YEAR: 2021
LATITUDE: 34 12 N
LONGITUDE: 119 12 W
TEMPERATURE IN F: :PCPN: SNOW: WIND :SUNSHINE: SKY :PK WND
================================================================================
1 2 3 4 5 6A 6B 7 8 9 10 11 12 13 14 15 16 17 18
12Z AVG MX 2MIN
DY MAX MIN AVG DEP HDD CDD WTR SNW DPTH SPD SPD DIR MIN PSBL S-S WX SPD DR
================================================================================
1 72 47 60 4 5 0 0.00 M M 7.8 18 90 M M 0 32 220
2 72 43 58 2 7 0 0.00 M M 5.7 17 90 M M 0 23 80
3 60 40 50 -6 15 0 T M M 6.1 23 70 M M 4 29 60
4 62 43 53 -3 12 0 0.00 M M 7.1 15 30 M M 1 19 220
5 64 43 54 -2 11 0 0.00 M M 7.7 21 280 M M 0 37 230
6 62 44 53 -3 12 0 0.00 M M 7.9 20 270 M M 1 1 24 280
7 61 46 54 -2 11 0 0.00 M M 5.2 12 280 M M 5 22 300
8 62 52 57 1 8 0 0.00 M M 11.9 25 270 M M 4 31 280
9 61 44 53 -3 12 0 0.01 M M 13.2 33 290 M M 0 49 290
10 57 45 51 -5 14 0 0.36 M M 6.6 21 280 M M 6 1 M M
11 55 41 48 -8 17 0 0.02 M M 7.0 14 250 M M 3 1 22 210
12 58 41 50 -6 15 0 0.00 M M 7.9 18 290 M M 2 3 30 300
13 61 42 52 -4 13 0 0.00 M M 11.9 32 280 M M 1 39 280
14 60 44 52 -4 13 0 0.00 M M 8.3 22 280 M M 6 M M
15 58 47 53 -3 12 0 0.11 M M 18.1 35 280 M M 4 1 68 310
16 57 38 48 -8 17 0 0.00 M M 7.1 16 320 M M 0 28 280
17 59 42 51 -5 14 0 0.00 M M 6.6 14 270 M M 0 M M
18 61 47 54 -2 11 0 0.00 M M 6.0 21 290 M M 0 46 270
19 63 45 54 -2 11 0 0.00 M M 6.5 17 280 M M 3 1 31 290
20 66 48 57 1 8 0 T M M 9.5 26 270 M M 2 M M
21 66 42 54 -2 11 0 0.00 M M 8.8 24 270 M M 0 29 270
22 61 42 52 -4 13 0 0.00 M M 6.0 18 270 M M 0 22 280
23 65 45 55 -1 10 0 0.00 M M 9.2 M M M M 0 M M
24 70 50 60 4 5 0 0.00 M M 8.7 18 290 M M 0 32 320
25 61 46 54 -2 11 0 0.00 M M 11.7 26 260 M M 3 43 230
26 63 42 53 -3 12 0 0.00 M M 6.1 20 270 M M 0 24 260
27 70 44 57 1 8 0 0.00 M M 6.5 18 280 M M 0 25 270
28 70 45 58 2 7 0 0.00 M M 6.9 22 280 M M 0 1 M M
29 65 45 55 -1 10 0 0.00 M M 5.1 13 280 M M 0 18 M M
30 65 46 56 0 9 0 0.00 M M 4.9 15 250 M M 2 18 M M
31 88 46 67 11 0 2 0.00 M M 10.4 31 80 M M 1 12 42 70
================================================================================
SM 1975 1375 334 2 0.50 M 252.3 M 48
================================================================================
AV 63.7 44.4 8.1 FASTST M M 2 MAX(MPH)
MISC ----> 35 280 68 310
================================================================================
NOTES:
# LAST OF SEVERAL OCCURRENCES
COLUMN 17 PEAK WIND IN M.P.H.
PRELIMINARY LOCAL CLIMATOLOGICAL DATA (WS FORM: F-6) , PAGE 2
STATION: OXNARD AIRPORT CA
MONTH: MARCH
YEAR: 2021
LATITUDE: 34 12 N
LONGITUDE: 119 12 W
[TEMPERATURE DATA] [PRECIPITATION DATA] SYMBOLS USED IN COLUMN 16
AVERAGE MONTHLY: 54.0 TOTAL FOR MONTH: 0.50 1 = FOG OR MIST
DPTR FM NORMAL: -2.1 DPTR FM NORMAL: -2.02 2 = FOG REDUCING VISIBILITY
HIGHEST: 88 ON 31 GRTST 24HR 0.37 ON 9-10 TO 1/4 MILE OR LESS
LOWEST: 38 ON 16 3 = THUNDER
SNOW, ICE PELLETS, HAIL 4 = ICE PELLETS
TOTAL MONTH: M 5 = HAIL
GRTST 24HR M ON M 6 = FREEZING RAIN OR DRIZZLE
GRTST DEPTH: M ON M 7 = DUSTSTORM OR SANDSTORM:
VSBY 1/2 MILE OR LESS
8 = SMOKE OR HAZE
[NO. OF DAYS WITH] [WEATHER - DAYS WITH] 9 = BLOWING SNOW
X = TORNADO
MAX 32 OR BELOW: 0 0.01 INCH OR MORE: 4
MAX 90 OR ABOVE: 0 0.10 INCH OR MORE: 2
MIN 32 OR BELOW: 0 0.50 INCH OR MORE: 0
MIN 0 OR BELOW: 0 1.00 INCH OR MORE: 0
[HDD (BASE 65) ]
TOTAL THIS MO. 334 CLEAR (SCALE 0-3) 24
DPTR FM NORMAL 56 PTCLDY (SCALE 4-7) 7
TOTAL FM JUL 1 1502 CLOUDY (SCALE 8-10) 0
DPTR FM NORMAL -65
[CDD (BASE 65) ]
TOTAL THIS MO. 2
DPTR FM NORMAL 0 [PRESSURE DATA]
TOTAL FM JAN 1 19 HIGHEST SLP 30.28 ON 14
DPTR FM NORMAL 8 LOWEST SLP 29.75 ON 3
[REMARKS]
#FINAL-03-21#