770
CXUS53 KDDC 021718
CLSP28
CLIMATE REPORT
NATIONAL WEATHER SERVICE DODGE CITY KS
1050 AM CST MON MAR 2 2020
...................................
...THE MEDICINE LODGE KS CLIMATE SUMMARY FOR THE SEASON, FROM
12/1/2019 TO 2/29/2020...
CLIMATE NORMAL PERIOD 1981 TO 2010
CLIMATE RECORD PERIOD 1893 TO 2020
WEATHER OBSERVED NORMAL DEPART LAST YEAR`S
VALUE DATE(S) VALUE FROM VALUE DATE(S)
NORMAL
................................................................
TEMPERATURE (F)
RECORD
HIGH 91 02/23/1904
LOW -22 02/13/1905
HIGHEST 78 02/02 MM MM 70 02/03
LOWEST 10 02/21 MM MM 6 02/08
AVG. MAXIMUM 49.7 47.3 2.4 45.6
AVG. MINIMUM 25.2 23.4 1.8 23.9
MEAN 37.4 35.3 2.1 34.7
DAYS MAX >= 90 0 0.0 0.0 0
DAYS MAX <= 32 5 12.2 -7.2 16
DAYS MIN <= 32 83 76.1 6.9 79
DAYS MIN <= 0 0 0.2 -0.2 0
PRECIPITATION (INCHES)
RECORD
MAXIMUM 8.23 2012
MINIMUM 0.03 1904
TOTALS 4.22 2.67 1.55 4.55
DAILY AVG. 0.05 0.03 0.02 0.05
DAYS >= .01 14 14.1 -0.1 17
DAYS >= .10 8 6.5 1.5 6
DAYS >= .50 4 1.8 2.2 3
DAYS >= 1.00 0 0.3 -0.3 1
GREATEST
24 HR. TOTAL 1.44 12/27 TO 12/28 12/26 TO 12/26
SNOWFALL (INCHES)
RECORDS
TOTAL 28.7 2003
24 HR TOTAL 14.0 02/21/1971 TO 02/21/1971
SNOW DEPTH 14 02/22/1971
02/21/1971
TOTALS 1.6 8.2 -6.6 6.0
SINCE 7/1 1.6 8.4 -6.8 7.3
SNOWDEPTH AVG. 0 MM MM 0
DAYS >= TRACE 5 3.9 1.1 8
DAYS >= 1.0 1 2.4 -1.4 1
GREATEST
SNOW DEPTH 1 12/16 6 02/20
24 HR TOTAL 1.1 12/16 TO 12/16 02/19 TO 02/19
DEGREE_DAYS
HEATING TOTAL 2485 2694 -209 2696
SINCE 7/1 3530 3552 -22 3729
COOLING TOTAL 0 0 0 0
SINCE 1/1 0 0 0 0
.................................................................
WIND (MPH)
AVERAGE WIND SPEED 8.6
RESULTANT WIND SPEED/DIRECTION 2/002
HIGHEST WIND SPEED/DIRECTION 40/360 DATE 12/09
HIGHEST GUST SPEED/DIRECTION 61/360 DATE 12/09
AVERAGE RH (PERCENT) 68
- INDICATES NEGATIVE NUMBERS.
R INDICATES RECORD WAS SET OR TIED.
MM INDICATES DATA IS MISSING.
T INDICATES TRACE AMOUNT.
$$