000
CXUS54 KLZK 011330
CF6PBF
PRELIMINARY LOCAL CLIMATOLOGICAL DATA (WS FORM: F-6)
STATION: PINE BLUFF
MONTH: NOVEMBER
YEAR: 2023
LATITUDE: 34 10 N
LONGITUDE: 91 56 W
TEMPERATURE IN F: :PCPN: SNOW: WIND :SUNSHINE: SKY :PK WND
================================================================================
1 2 3 4 5 6A 6B 7 8 9 10 11 12 13 14 15 16 17 18
12Z AVG MX 2MIN
DY MAX MIN AVG DEP HDD CDD WTR SNW DPTH SPD SPD DIR MIN PSBL S-S WX SPD DR
================================================================================
1 52 32 42 -15 23 0 0.00 0.0 0 5.1 14 50 M M 0 19 60
2 62 32 47 -10 18 0 0.00 0.0 0 2.9 12 110 M M 0 15 120
3 72 34 53 -4 12 0 0.00 0.0 0 3.1 14 210 M M 0 23 180
4 77 42 60 4 5 0 0.00 0.0 0 2.2 13 240 M M 1 17 240
5 79 47 63 7 2 0 0.00 0.0 0 1.4 8 130 M M 0 10 110
6 83 53 68 12 0 3 0.00 0.0 0 8.0 24 220 M M 1 33 200
7 85 59 72 17 0 7 0.00 0.0 0 8.8 17 190 M M 0 24 210
8 83 67 75 20 0 10 0.00 0.0 0 12.0 25 200 M M 3 34 200
9 69 50 60 5 5 0 1.58 0.0 0 10.6 21 20 M M 9 13 29 20
10 62 48 55 1 10 0 0.08 0.0 0 10.6 20 20 M M 6 27 30
11 66 49 58 4 7 0 0.00 0.0 0 9.6 15 50 M M 2 21 40
12 67 43 55 1 10 0 0.00 0.0 0 4.1 9 10 M M 1 14 360
13 68 46 57 4 8 0 0.00 0.0 0 5.9 14 50 M M 0 19 40
14 71 40 56 3 9 0 0.00 0.0 0 5.0 9 90 M M 0 14 20
15 62 50 56 3 9 0 T 0.0 0 5.8 14 110 M M 10 18 19 110
16 68 58 63 11 2 0 0.00 0.0 0 3.3 8 180 M M 10 12 120
17 68 60 64 12 1 0 T 0.0 0 2.3 8 340 M M 9 1 11 330
18 66 42 54 2 11 0 0.00 0.0 0 5.6 14 20 M M 0 18 10
19 67 38 53 2 12 0 T 0.0 0 2.7 9 80 M M 2 12 110
20 61 53 57 6 8 0 1.02 0.0 0 5.3 20 300 M M 10 13 26 310
21 57 47 52 1 13 0 0.01 0.0 0 7.7 20 320 M M 9 1 28 320
22 56 41 49 -1 16 0 0.07 0.0 0 4.2 15 330 M M 7 22 330
23 62 34 48 -2 17 0 0.00 0.0 0 3.1 12 200 M M 0 1 15 190
24 61 45 53 3 12 0 0.00 0.0 0 5.6 16 30 M M 4 21 10
25 57 37 47 -3 18 0 0.00 0.0 0 5.3 13 10 M M 0 16 360
26 54 36 45 -4 20 0 0.06 0.0 0 6.8 22 300 M M 5 18 33 300
27 53 29 41 -8 24 0 0.00 0.0 0 4.7 14 320 M M 0 18 300
28 58 32 45 -4 20 0 0.00 0.0 0 2.3 12 10 M M 0 15 360
29 65 34 50 2 15 0 0.00 0.0 0 6.1 18 230 M M 0 24 230
30 54 40 47 -1 18 0 1.07 0.0 0 7.3 17 120 M M 7 13 21 170
================================================================================
SM 1965 1318 325 20 3.89 0.0 167.4 M 96
================================================================================
AV 65.5 43.9 5.6 FASTST M M 3 MAX(MPH)
MISC ----> 25 200 34 200
================================================================================
NOTES:
# LAST OF SEVERAL OCCURRENCES
COLUMN 17 PEAK WIND IN M.P.H.
PRELIMINARY LOCAL CLIMATOLOGICAL DATA (WS FORM: F-6) , PAGE 2
STATION: PINE BLUFF
MONTH: NOVEMBER
YEAR: 2023
LATITUDE: 34 10 N
LONGITUDE: 91 56 W
[TEMPERATURE DATA] [PRECIPITATION DATA] SYMBOLS USED IN COLUMN 16
AVERAGE MONTHLY: 54.7 TOTAL FOR MONTH: 3.89 1 = FOG OR MIST
DPTR FM NORMAL: 2.2 DPTR FM NORMAL: -0.08 2 = FOG REDUCING VISIBILITY
HIGHEST: 85 ON 7 GRTST 24HR 1.66 ON 9-10 TO 1/4 MILE OR LESS
LOWEST: 29 ON 27 3 = THUNDER
SNOW, ICE PELLETS, HAIL 4 = ICE PELLETS
TOTAL MONTH: 0.0 INCH 5 = HAIL
GRTST 24HR 0.0 6 = FREEZING RAIN OR DRIZZLE
GRTST DEPTH: 0 7 = DUSTSTORM OR SANDSTORM:
VSBY 1/2 MILE OR LESS
8 = SMOKE OR HAZE
[NO. OF DAYS WITH] [WEATHER - DAYS WITH] 9 = BLOWING SNOW
X = TORNADO
MAX 32 OR BELOW: 0 0.01 INCH OR MORE: 7
MAX 90 OR ABOVE: 0 0.10 INCH OR MORE: 3
MIN 32 OR BELOW: 4 0.50 INCH OR MORE: 3
MIN 0 OR BELOW: 0 1.00 INCH OR MORE: 3
[HDD (BASE 65) ]
TOTAL THIS MO. 325 CLEAR (SCALE 0-3) 19
DPTR FM NORMAL -59 PTCLDY (SCALE 4-7) 5
TOTAL FM JUL 1 400 CLOUDY (SCALE 8-10) 6
DPTR FM NORMAL -117
[CDD (BASE 65) ]
TOTAL THIS MO. 20
DPTR FM NORMAL 10 [PRESSURE DATA]
TOTAL FM JAN 1 2722 HIGHEST SLP 30.55 ON 1
DPTR FM NORMAL 573 LOWEST SLP 29.73 ON 20
[REMARKS]
#FINAL-11-23#