000
CXUS54 KLZK 011537
CLSPBF


CLIMATE REPORT
NATIONAL WEATHER SERVICE LITTLE ROCK AR
1031 AM CDT FRI JUN 1 2018

...................................

...THE PINE BLUFF CLIMATE SUMMARY FOR THE SEASON, FROM
3/1/2018 TO 5/31/2018...

CLIMATE NORMAL PERIOD 1981 TO 2010
CLIMATE RECORD PERIOD 1883 TO 2018

WEATHER         OBSERVED          NORMAL  DEPART  LAST YEAR`S
                 VALUE   DATE(S)  VALUE   FROM    VALUE  DATE(S)
                                          NORMAL
................................................................
TEMPERATURE (F)
RECORD
 HIGH             100   05/29/1926
 LOW               11   03/09/1932
HIGHEST            93   05/30        73      20       89  05/27
                                                          05/19
LOWEST             30   04/08        52     -22       30  03/15
AVG. MAXIMUM     74.8              73.6     1.2     75.3
AVG. MINIMUM     53.1              52.3     0.8     54.2
MEAN             64.0              63.0     1.0     64.7
DAYS MAX >= 90      8               3.2     4.8        0
DAYS MAX <= 32      0               0.0     0.0        0
DAYS MIN <= 32      3               2.8     0.2        1
DAYS MIN <= 0       0               0.0     0.0        0

PRECIPITATION (INCHES)
RECORD
 MAXIMUM        34.46   1905
 MINIMUM         4.79   1925
TOTALS          16.20             15.38    0.82    18.82
DAILY AVG.       0.18              0.17    0.01     0.20
DAYS >= .01        30              31.0    -1.0       29
DAYS >= .10        17                                 23
DAYS >= .50        10                                 15
DAYS >= 1.00        9               5.0     4.0        8
GREATEST
 24 HR. TOTAL    3.87   04/13 TO 04/14

SNOWFALL (INCHES)
RECORDS
 TOTAL           14.0   1892
 24 HR TOTAL     14.0   03/17/1892 TO 03/17/1892
 SNOW DEPTH        14   03/17/1892
TOTALS              T               0.0     0.0      0.0
 LIQUID EQUIV       T              0.00    0.00     0.00
SINCE 7/1         4.1               3.1     1.0      1.5
 LIQUID 7/1      0.41              0.30    0.11     0.15
SNOWDEPTH AVG.      0                 0       0        0
DAYS >= TRACE       1               0.0     1.0        0
DAYS >= 1.0         0               0.0     0.0        0
GREATEST
 SNOW DEPTH         0   MM                             0  MM
 24 HR TOTAL        T   04/07 TO 04/07

DEGREE_DAYS
HEATING TOTAL     486               493      -7      323
 SINCE 7/1       2900              2881      19     2034
COOLING TOTAL     420               304     116      322
 SINCE 1/1        436               307     129      343

FREEZE DATES
RECORD
 EARLIEST     10/10/2000
 LATEST       04/25/1910
EARLIEST                        11/12
LATEST                          03/16
.................................................................

WIND (MPH)
AVERAGE WIND SPEED              8.1
HIGHEST WIND SPEED/DIRECTION    38/300    DATE  05/21
HIGHEST GUST SPEED/DIRECTION    57/300    DATE  05/21

SKY COVER
POSSIBLE SUNSHINE (PERCENT)   MM
AVERAGE SKY COVER           0.30
NUMBER OF DAYS FAIR           57
NUMBER OF DAYS PC             27
NUMBER OF DAYS CLOUDY          8

AVERAGE RH (PERCENT)     66

-  INDICATES NEGATIVE NUMBERS.
R  INDICATES RECORD WAS SET OR TIED.
MM INDICATES DATA IS MISSING.
T  INDICATES TRACE AMOUNT.

&&

...Data for Pine Bluff for Spring of 2018...

.Summary...
Spring ran the gamut from record cold, April snow, late freezes to
record warmth all within a few weeks time. Even though May was
record warm, and March was warmer than average, it was the month of
April which kept Spring 2018 from the record books.

Rainfall was actually a little above average for the spring, thanks
largely to abundant rainfall in March and April.

Snow fell for the first Spring in three years. Even though it wasn`t
measurable, it was still one of the latest snows recorded at Pine
Bluff in the Spring.

.Seasonal Temperatures...
The average high temperature was the coldest since 2016. The average
low temperature was the coldest since 2014. The average monthly
temperature, even though it was a degree above the 30-year mean,
was still the coolest since 2016.

The first 90-degree day occurred on May 8th, which was close to two
weeks ahead of the average first 90-degree day, and was over a month
earlier than last year.

There were eight days with high temperatures at or above 90 degrees,
which was the most since 2012.

There were three days with low temperatures at or below freezing,
which was the most since 2015.

.Seasonal Rainfall...
Rainfall was above average in March and April, and this kept the
Spring as a whole nearly an inch above the 30-year mean. However, it
was still the least amount of rain in the Spring since 2013.

.Seasonal Snowfall...
For the first time since 2015, snow fell during the Spring. Although
it was not measurable, it was still significant for several
reasons: It was the latest snow in the Spring in 35 years and it was
the 4th latest snowfall at Pine Bluff since records began in late
1883.

$$

57
