000
CXUS51 KBTV 010800
CF6PBG
PRELIMINARY LOCAL CLIMATOLOGICAL DATA (WS FORM: F-6)
STATION: PLATTSBURGH NY
MONTH: DECEMBER
YEAR: 2022
LATITUDE: 44 39 N
LONGITUDE: 73 28 W
TEMPERATURE IN F: :PCPN: SNOW: WIND :SUNSHINE: SKY :PK WND
================================================================================
1 2 3 4 5 6A 6B 7 8 9 10 11 12 13 14 15 16 17 18
12Z AVG MX 2MIN
DY MAX MIN AVG DEP HDD CDD WTR SNW DPTH SPD SPD DIR MIN PSBL S-S WX SPD DR
================================================================================
1 37 25 31 -1 34 0 T M M 5.7 17 300 M M 7 29 310
2 40 21 31 0 34 0 T M M 9.0 25 160 M M 5 31 170
3 51 36 44 13 21 0 0.09 M M 12.2 26 160 M M 9 37 160
4 36 27 32 2 33 0 T M M 6.7 15 320 M M 7 23 330
5 43 28 36 6 29 0 0.00 M M 7.7 17 160 M M 1 23 160
6 52 39 46 16 19 0 0.17 M M 14.1 25 160 M M 6 1 33 150
7 52 43 48 19 17 0 0.47 M M 4.6 16 160 M M 10 1 24 160
8 43 30 37 8 28 0 0.00 M M 6.4 20 360 M M 8 25 10
9 33 17 25 -4 40 0 0.00 M M 10.7 18 360 M M 2 21 350
10 23 13 18 -10 47 0 T M M 8.3 17 350 M M 3 22 350
11 27 17 22 -6 43 0 0.12 M M 6.2 14 350 M M 10 1 17 360
12 24 5 15 -13 50 0 T M M 8.1 18 350 M M 3 1 22 350
13 31 4 18 -9 47 0 T M M 6.0 25 360 M M 4 33 360
14 31 16 24 -3 41 0 0.00 M M 4.3 24 10 M M 8 28 360
15 38 21 30 4 35 0 0.00 M M 3.0 12 10 M M 3 14 10
16 39 32 36 10 29 0 0.62 M M 8.5 15 130 M M 10 1 21 130
17 33 29 31 5 34 0 0.25 M M 4.5 12 340 M M 10 1 13 350
18 36 26 31 5 34 0 0.00 M M 1.4 9 290 M M 4 14 290
19 34 18 26 1 39 0 0.00 M M 4.3 17 320 M M 9 26 320
20 32 11 22 -3 43 0 0.00 M M 3.4 9 40 M M 8 15 260
21 31 9 20 -5 45 0 0.00 M M 4.9 14 150 M M 7 18 160
22 35 22 29 5 36 0 0.01 M M 5.3 16 150 M M 8 1 21 150
23 50 15 33 9 32 0 1.18 M M 9.6 36 140 M M 10 1 46 120
24 18 12 15 -9 50 0 T M M 11.2 23 150 M M 9 30 160
25 26 15 21 -2 44 0 0.00 M M 8.5 16 190 M M 8 23 180
26 29 18 24 1 41 0 0.00 M M 5.9 13 260 M M 6 20 260
27 31 23 27 4 38 0 T M M 2.7 12 340 M M 9 17 220
28 31 25 28 6 37 0 T M M 2.6 9 180 M M 9 13 150
29 45 21 33 11 32 0 0.00 M M 1.6 12 150 M M 3 13 150
30 51 35 43 21 22 0 0.00 M M 2.3 14 140 M M 8 17 140
31 47 35 41 19 24 0 0.04 M M 0.9 8 330 M M 9 1 9 320
================================================================================
SM 1129 688 1098 0 2.95 M 190.6 M 213
================================================================================
AV 36.4 22.2 6.1 FASTST M M 7 MAX(MPH)
MISC ----> 36 140 46 120
================================================================================
NOTES:
# LAST OF SEVERAL OCCURRENCES
COLUMN 17 PEAK WIND IN M.P.H.
PRELIMINARY LOCAL CLIMATOLOGICAL DATA (WS FORM: F-6) , PAGE 2
STATION: PLATTSBURGH NY
MONTH: DECEMBER
YEAR: 2022
LATITUDE: 44 39 N
LONGITUDE: 73 28 W
[TEMPERATURE DATA] [PRECIPITATION DATA] SYMBOLS USED IN COLUMN 16
AVERAGE MONTHLY: 29.3 TOTAL FOR MONTH: 2.95 1 = FOG OR MIST
DPTR FM NORMAL: 2.9 DPTR FM NORMAL: 1.19 2 = FOG REDUCING VISIBILITY
HIGHEST: 52 ON 7, 6 GRTST 24HR 1.19 ON 22-23 TO 1/4 MILE OR LESS
LOWEST: 4 ON 13 3 = THUNDER
SNOW, ICE PELLETS, HAIL 4 = ICE PELLETS
TOTAL MONTH: M 5 = HAIL
GRTST 24HR M ON M 6 = FREEZING RAIN OR DRIZZLE
GRTST DEPTH: M ON M 7 = DUSTSTORM OR SANDSTORM:
VSBY 1/2 MILE OR LESS
8 = SMOKE OR HAZE
[NO. OF DAYS WITH] [WEATHER - DAYS WITH] 9 = BLOWING SNOW
X = TORNADO
MAX 32 OR BELOW: 12 0.01 INCH OR MORE: 9
MAX 90 OR ABOVE: 0 0.10 INCH OR MORE: 6
MIN 32 OR BELOW: 26 0.50 INCH OR MORE: 2
MIN 0 OR BELOW: 0 1.00 INCH OR MORE: 1
[HDD (BASE 65) ]
TOTAL THIS MO. 1098 CLEAR (SCALE 0-3) 4
DPTR FM NORMAL -100 PTCLDY (SCALE 4-7) 14
TOTAL FM JUL 1 2557 CLOUDY (SCALE 8-10) 13
DPTR FM NORMAL -238
[CDD (BASE 65) ]
TOTAL THIS MO. 0
DPTR FM NORMAL 0 [PRESSURE DATA]
TOTAL FM JAN 1 423 HIGHEST SLP 30.59 ON 10
DPTR FM NORMAL 30 LOWEST SLP 28.77 ON 23
[REMARKS]
#FINAL-12-22#