000
CXUS51 KBTV 010800
CF6PBG
PRELIMINARY LOCAL CLIMATOLOGICAL DATA (WS FORM: F-6)
STATION: PLATTSBURGH NY
MONTH: DECEMBER
YEAR: 2021
LATITUDE: 44 39 N
LONGITUDE: 73 28 W
TEMPERATURE IN F: :PCPN: SNOW: WIND :SUNSHINE: SKY :PK WND
================================================================================
1 2 3 4 5 6A 6B 7 8 9 10 11 12 13 14 15 16 17 18
12Z AVG MX 2MIN
DY MAX MIN AVG DEP HDD CDD WTR SNW DPTH SPD SPD DIR MIN PSBL S-S WX SPD DR
================================================================================
1 38 23 31 -1 34 0 0.01 M M 3.2 15 310 M M 5 1 23 290
2 45 24 35 4 30 0 0.04 M M 8.3 20 160 M M 9 26 290
3 38 20 29 -2 36 0 T M M 9.5 23 320 M M 4 36 300
4 32 10 21 -9 44 0 0.05 M M 4.6 15 360 M M 5 128 18 170
5 29 19 24 -6 41 0 T M M 4.7 13 10 M M 9 1 15 10
6 51 26 39 9 26 0 0.36 M M 11.9 28 150 M M 10 1 37 260
7 38 22 30 1 35 0 0.01 M M 7.3 16 250 M M 6 1 29 240
8 25 19 22 -7 43 0 T M M 6.3 10 340 M M 10 18 13 340
9 26 16 21 -8 44 0 T M M 5.3 13 320 M M 7 1 17 310
10 36 16 26 -2 39 0 0.01 M M 5.1 18 160 M M 10 1 25 160
11 56 31 44 16 21 0 0.26 M M 12.5 28 260 M M 7 18 51 230
12 46 35 41 13 24 0 0.00 M M 9.2 23 240 M M 3 36 220
13 51 41 46 19 19 0 0.00 M M 7.6 16 300 M M 1 25 310
14 45 20 33 6 32 0 0.00 M M 8.1 17 340 M M 0 26 300
15 41 19 30 4 35 0 0.03 M M 5.4 18 170 M M 4 18 26 160
16 63 40 52 26 13 0 0.07 M M 8.5 22 150 M M 8 1 36 230
17 61 35 48 22 17 0 0.00 M M 10.7 21 240 M M 4 38 240
18 35 24 30 4 35 0 0.26 M M 9.1 17 360 M M 9 12 21 10
19 26 8 17 -8 48 0 0.02 M M 7.7 15 330 M M 7 1 20 320
20 28 0 14 -11 51 0 0.00 M M 4.3 15 160 M M 3 18 160
21 38 18 28 3 37 0 T M M 6.5 16 30 M M 4 24 320
22 38 17 28 4 37 0 T M M 7.1 22 300 M M 4 32 290
23 22 5 14 -10 51 0 0.00 M M 5.2 21 330 M M 0 27 330
24 28 9 19 -5 46 0 0.00 M M 1.1 9 140 M M 6 11 140
25 29 20 25 2 40 0 0.01 M M 4.9 14 360 M M 9 16 16 360
26 32 24 28 5 37 0 0.05 M M 4.6 25 70 M M 10 1 37 80
27 27 18 23 0 42 0 0.00 M M 6.7 16 350 M M 10 24 290
28 38 20 29 7 36 0 T M M 2.8 14 320 M M 10 20 310
29 30 21 26 4 39 0 0.00 M M 4.9 12 350 M M 9 13 350
30 33 24 29 7 36 0 T M M 2.4 7 20 M M 10 1 8 20
31 34 29 32 10 33 0 0.01 M M 1.2 8 10 M M 10 128 9 360
================================================================================
SM 1159 653 1101 0 1.19 M 196.7 M 203
================================================================================
AV 37.4 21.1 6.3 FASTST M M 7 MAX(MPH)
MISC ----> # 28 150 51 230
================================================================================
NOTES:
# LAST OF SEVERAL OCCURRENCES
COLUMN 17 PEAK WIND IN M.P.H.
PRELIMINARY LOCAL CLIMATOLOGICAL DATA (WS FORM: F-6) , PAGE 2
STATION: PLATTSBURGH NY
MONTH: DECEMBER
YEAR: 2021
LATITUDE: 44 39 N
LONGITUDE: 73 28 W
[TEMPERATURE DATA] [PRECIPITATION DATA] SYMBOLS USED IN COLUMN 16
AVERAGE MONTHLY: 29.2 TOTAL FOR MONTH: 1.19 1 = FOG OR MIST
DPTR FM NORMAL: 2.8 DPTR FM NORMAL: -0.57 2 = FOG REDUCING VISIBILITY
HIGHEST: 63 ON 16 GRTST 24HR 0.36 ON 6- 6 TO 1/4 MILE OR LESS
LOWEST: 0 ON 20 3 = THUNDER
SNOW, ICE PELLETS, HAIL 4 = ICE PELLETS
TOTAL MONTH: M 5 = HAIL
GRTST 24HR M ON M 6 = FREEZING RAIN OR DRIZZLE
GRTST DEPTH: M ON M 7 = DUSTSTORM OR SANDSTORM:
VSBY 1/2 MILE OR LESS
8 = SMOKE OR HAZE
[NO. OF DAYS WITH] [WEATHER - DAYS WITH] 9 = BLOWING SNOW
X = TORNADO
MAX 32 OR BELOW: 12 0.01 INCH OR MORE: 14
MAX 90 OR ABOVE: 0 0.10 INCH OR MORE: 3
MIN 32 OR BELOW: 27 0.50 INCH OR MORE: 0
MIN 0 OR BELOW: 1 1.00 INCH OR MORE: 0
[HDD (BASE 65) ]
TOTAL THIS MO. 1101 CLEAR (SCALE 0-3) 5
DPTR FM NORMAL -97 PTCLDY (SCALE 4-7) 13
TOTAL FM JUL 1 2501 CLOUDY (SCALE 8-10) 13
DPTR FM NORMAL -294
[CDD (BASE 65) ]
TOTAL THIS MO. 0
DPTR FM NORMAL 0 [PRESSURE DATA]
TOTAL FM JAN 1 527 HIGHEST SLP 30.72 ON 15
DPTR FM NORMAL 134 LOWEST SLP 29.20 ON 11
[REMARKS]
#FINAL-12-21#