000
CXUS51 KBTV 010800
CF6PBG
PRELIMINARY LOCAL CLIMATOLOGICAL DATA (WS FORM: F-6)
STATION: PLATTSBURGH NY
MONTH: OCTOBER
YEAR: 2020
LATITUDE: 44 39 N
LONGITUDE: 73 28 W
TEMPERATURE IN F: :PCPN: SNOW: WIND :SUNSHINE: SKY :PK WND
================================================================================
1 2 3 4 5 6A 6B 7 8 9 10 11 12 13 14 15 16 17 18
12Z AVG MX 2MIN
DY MAX MIN AVG DEP HDD CDD WTR SNW DPTH SPD SPD DIR MIN PSBL S-S WX SPD DR
================================================================================
1 67 49 58 5 7 0 0.00 M M 5.8 12 270 M M 7 21 170
2 56 45 51 -1 14 0 0.21 M M 2.1 10 250 M M 6 12 21 170
3 57 43 50 -2 15 0 0.19 M M 2.4 13 350 M M 9 1 22 240
4 60 38 49 -3 16 0 0.00 M M 3.8 15 140 M M 5 1 22 200
5 62 44 53 2 12 0 T M M 2.0 12 140 M M 9 1 14 130
6 68 38 53 2 12 0 0.00 M M 5.2 22 150 M M 4 1 29 140
7 62 50 56 6 9 0 0.25 M M 8.0 32 320 M M 8 13 50 320
8 52 32 42 -8 23 0 0.00 M M 7.6 21 330 M M 6 29 340
9 61 28 45 -5 20 0 0.00 M M 5.8 18 150 M M 2 23 130
10 72 43 58 9 7 0 0.08 M M 8.7 25 330 M M 4 18 36 330
11 52 30 41 -8 24 0 0.00 M M 7.1 18 20 M M 1 24 10
12 60 27 44 -5 21 0 0.00 M M 8.2 22 150 M M 2 30 150
13 54 49 52 4 13 0 0.25 M M 9.1 21 150 M M 10 1 25 150
14 67 39 53 5 12 0 0.00 M M 3.5 15 130 M M 3 12 23 300
15 76 39 58 10 7 0 0.17 M M 7.0 23 150 M M 3 1 31 140
16 53 43 48 1 17 0 0.12 M M 1.0 6 260 M M 10 1 12 280
17 58 33 46 -1 19 0 0.00 M M 3.8 20 350 M M 1 23 340
18 60 28 44 -2 21 0 0.00 M M 8.5 26 160 M M 1 33 150
19 56 50 53 7 12 0 M M M 5.7 18 160 M M 10 1 23 160
20 56 46 51 5 14 0 T M M 7.0 17 350 M M 10 1 22 350
21 66 45 56 10 9 0 0.18 M M 6.1 18 160 M M 8 1 24 160
22 56 44 50 5 15 0 T M M 3.0 8 340 M M 7 1 9 20
23 74 45 60 15 5 0 T M M 9.2 22 160 M M 3 1 29 160
24 64 39 52 7 13 0 0.07 M M 9.8 21 160 M M 7 1 28 320
25 44 31 38 -6 27 0 0.00 M M 7.1 14 360 M M 6 18 330
26 47 35 41 -3 24 0 0.06 M M 6.4 17 170 M M 10 1 25 160
27 45 34 40 -4 25 0 T M M 5.4 15 340 M M 9 19 350
28 49 35 42 -1 23 0 T M M 2.6 12 250 M M 8 19 210
29 46 33 40 -3 25 0 0.05 M M 7.2 17 360 M M 6 M M
30 37 22 30 -13 35 0 0.00 M M 11.2 20 10 M M 0 26 360
31 43 18 31 -11 34 0 0.00 M M 5.7 21 170 M M 0 25 170
================================================================================
SM 1780 1175 530 0 1.63 M 186.0 M 175
================================================================================
AV 57.4 37.9 6.0 FASTST M M 6 MAX(MPH)
MISC ----> 32 320 50 320
================================================================================
NOTES:
# LAST OF SEVERAL OCCURRENCES
COLUMN 17 PEAK WIND IN M.P.H.
PRELIMINARY LOCAL CLIMATOLOGICAL DATA (WS FORM: F-6) , PAGE 2
STATION: PLATTSBURGH NY
MONTH: OCTOBER
YEAR: 2020
LATITUDE: 44 39 N
LONGITUDE: 73 28 W
[TEMPERATURE DATA] [PRECIPITATION DATA] SYMBOLS USED IN COLUMN 16
AVERAGE MONTHLY: 47.7 TOTAL FOR MONTH: 1.63 1 = FOG OR MIST
DPTR FM NORMAL: 0.3 DPTR FM NORMAL: M 2 = FOG REDUCING VISIBILITY
HIGHEST: 76 ON 15 GRTST 24HR 0.29 ON 15-16 TO 1/4 MILE OR LESS
LOWEST: 18 ON 31 3 = THUNDER
SNOW, ICE PELLETS, HAIL 4 = ICE PELLETS
TOTAL MONTH: M 5 = HAIL
GRTST 24HR M ON M 6 = FREEZING RAIN OR DRIZZLE
GRTST DEPTH: M ON M 7 = DUSTSTORM OR SANDSTORM:
VSBY 1/2 MILE OR LESS
8 = SMOKE OR HAZE
[NO. OF DAYS WITH] [WEATHER - DAYS WITH] 9 = BLOWING SNOW
X = TORNADO
MAX 32 OR BELOW: 0 0.01 INCH OR MORE: 11
MAX 90 OR ABOVE: 0 0.10 INCH OR MORE: 7
MIN 32 OR BELOW: 8 0.50 INCH OR MORE: 0
MIN 0 OR BELOW: 0 1.00 INCH OR MORE: 0
[HDD (BASE 65) ]
TOTAL THIS MO. 530 CLEAR (SCALE 0-3) 10
DPTR FM NORMAL -18 PTCLDY (SCALE 4-7) 12
TOTAL FM JUL 1 768 CLOUDY (SCALE 8-10) 9
DPTR FM NORMAL -13
[CDD (BASE 65) ]
TOTAL THIS MO. 0
DPTR FM NORMAL -1 [PRESSURE DATA]
TOTAL FM JAN 1 531 HIGHEST SLP 30.52 ON 31
DPTR FM NORMAL 185 LOWEST SLP 29.34 ON 7
[REMARKS]
#FINAL-10-20#