000
CXUS53 KARX 010900
CF6PDC
PRELIMINARY LOCAL CLIMATOLOGICAL DATA (WS FORM: F-6)
STATION: PRAIRIE_DU_CHIEN_MUN
MONTH: APRIL
YEAR: 2023
LATITUDE: 43 1 N
LONGITUDE: 91 7 W
TEMPERATURE IN F: :PCPN: SNOW: WIND :SUNSHINE: SKY :PK WND
================================================================================
1 2 3 4 5 6A 6B 7 8 9 10 11 12 13 14 15 16 17 18
12Z AVG MX 2MIN
DY MAX MIN AVG DEP HDD CDD WTR SNW DPTH SPD SPD DIR MIN PSBL S-S WX SPD DR
================================================================================
1 46 29 38 M 27 0 M M M 10.4 22 330 M M 5 30 330
2 64 28 46 M 19 0 M M M 6.6 16 280 M M 3 24 190
3 54 38 46 M 19 0 0.01 M M 1.6 10 300 M M 9 M M
4 54 43 49 M 16 0 0.42 0.0 0 9.1 18 90 M M 10 138 31 90
5 60 32 46 M 19 0 M M M 14.5 23 260 M M 9 36 270
6 49 27 38 M 27 0 0.00 0.0 M 9.8 18 270 M M 0 27 290
7 60 28 44 M 21 0 0.00 0.0 0 6.8 12 130 M M 2 18 110
8 67 38 53 M 12 0 0.00 0.0 0 5.7 10 90 M M 1 17 150
9 70 43 57 M 8 0 0.00 0.0 0 7.2 15 190 M M 0 22 190
10 74 50 62 M 3 0 0.00 M M 3.4 8 220 M M 1 M M
11 79 45 62 M 3 0 0.00 M M 6.0 17 240 M M 0 25 230
12 85 62 74 M 0 9 M M M 11.5 21 200 M M 0 28 200
13 83 57 70 M 0 5 0.00 M M 7.3 14 190 M M 0 24 180
14 83 52 68 M 0 3 0.00 M M 5.5 14 140 M M 0 20 160
15 68 45 57 M 8 0 0.41 M M 6.2 15 280 M M 4 24 260
16 45 31 38 M 27 0 0.31 M M 13.9 17 300 M M 10 1 26 270
17 47 30 39 M 26 0 M M M 13.0 23 300 M M 8 31 300
18 54 27 41 M 24 0 M M M 1.7 8 280 M M 0 M M
19 46 42 44 M 21 0 0.12 0.0 M 10.2 22 110 M M 8 30 110
20 68 41 55 M 10 0 0.29 M M 8.6 23 210 M M 8 33 0
21 49 36 43 M 22 0 M M M 12.1 22 240 M M 6 28 260
22 42 33 38 M 27 0 M M M 9.4 20 290 M M 10 28 330
23 44 29 37 M 28 0 0.00 M M 7.8 14 280 M M 8 17 310
24 55 26 41 M 24 0 M M M 3.7 12 350 M M 7 18 240
25 50 36 43 M 22 0 M M M 3.8 10 80 M M 7 M M
26 57 29 43 M 22 0 M M M 2.9 8 160 M M 0 M M
27 69 42 56 M 9 0 0.00 0.0 0 5.8 10 200 M M 1 M M
28 72 41 57 M 8 0 0.04 M M 4.6 14 330 M M 2 23 330
29 52 42 47 M 18 0 0.07 0.0 0 10.3 18 290 M M 8 27 300
30 45 39 42 M 23 0 0.01 0.0 0 15.1 21 300 M M 10 32 300
================================================================================
SM 1791 1141 493 17 1.68 0.0 234.5 M 137
================================================================================
AV 59.7 38.0 7.8 FASTST M M 5 MAX(MPH)
MISC ----> # 23 260 36 270
================================================================================
NOTES:
# LAST OF SEVERAL OCCURRENCES
COLUMN 17 PEAK WIND IN M.P.H.
PRELIMINARY LOCAL CLIMATOLOGICAL DATA (WS FORM: F-6) , PAGE 2
STATION: PRAIRIE_DU_CHIEN_MUN
MONTH: APRIL
YEAR: 2023
LATITUDE: 43 1 N
LONGITUDE: 91 7 W
[TEMPERATURE DATA] [PRECIPITATION DATA] SYMBOLS USED IN COLUMN 16
AVERAGE MONTHLY: 48.9 TOTAL FOR MONTH: 1.68 1 = FOG OR MIST
DPTR FM NORMAL: 0.0 DPTR FM NORMAL: M 2 = FOG REDUCING VISIBILITY
HIGHEST: 85 ON 12 GRTST 24HR 0.42 ON 4- 4 TO 1/4 MILE OR LESS
LOWEST: 26 ON 24 3 = THUNDER
SNOW, ICE PELLETS, HAIL 4 = ICE PELLETS
TOTAL MONTH: 0.0 INCH 5 = HAIL
GRTST 24HR 0.0 6 = FREEZING RAIN OR DRIZZLE
GRTST DEPTH: 0 7 = DUSTSTORM OR SANDSTORM:
VSBY 1/2 MILE OR LESS
8 = SMOKE OR HAZE
[NO. OF DAYS WITH] [WEATHER - DAYS WITH] 9 = BLOWING SNOW
X = TORNADO
MAX 32 OR BELOW: 0 0.01 INCH OR MORE: 9
MAX 90 OR ABOVE: 0 0.10 INCH OR MORE: 5
MIN 32 OR BELOW: 11 0.50 INCH OR MORE: 0
MIN 0 OR BELOW: 0 1.00 INCH OR MORE: 0
[HDD (BASE 65) ]
TOTAL THIS MO. 493 CLEAR (SCALE 0-3) 13
DPTR FM NORMAL M PTCLDY (SCALE 4-7) 10
TOTAL FM JUL 1 6228 CLOUDY (SCALE 8-10) 7
DPTR FM NORMAL M
[CDD (BASE 65) ]
TOTAL THIS MO. 17
DPTR FM NORMAL M [PRESSURE DATA]
TOTAL FM JAN 1 17 HIGHEST SLP M ON M
DPTR FM NORMAL M LOWEST SLP M ON M
[REMARKS]
#FINAL-04-23#