000
CXUS53 KARX 012010
CF6PDC
PRELIMINARY LOCAL CLIMATOLOGICAL DATA (WS FORM: F-6)
STATION: PRAIRIE_DU_CHIEN_MUN
MONTH: OCTOBER
YEAR: 2022
LATITUDE: 43 1 N
LONGITUDE: 91 7 W
TEMPERATURE IN F: :PCPN: SNOW: WIND :SUNSHINE: SKY :PK WND
================================================================================
1 2 3 4 5 6A 6B 7 8 9 10 11 12 13 14 15 16 17 18
12Z AVG MX 2MIN
DY MAX MIN AVG DEP HDD CDD WTR SNW DPTH SPD SPD DIR MIN PSBL S-S WX SPD DR
================================================================================
1 68 44 56 M 9 0 0.00 0.0 0 0.2 6 120 M M 2 M M
2 72 51 62 M 3 0 0.00 0.0 0 1.0 8 80 M M 3 M M
3 71 48 60 M 5 0 0.00 0.0 0 0.0 M M M M 0 M M
4 74 43 59 M 6 0 0.00 0.0 0 0.2 5 190 M M 0 M M
5 66 46 56 M 9 0 0.02 0.0 0 0.0 M M M M 5 12 M M
6 63 45 54 M 11 0 0.00 0.0 0 5.7 15 320 M M 6 12 23 320
7 54 34 44 M 21 0 0.00 0.0 0 2.7 8 330 M M 3 17 360
8 60 30 45 M 20 0 0.00 0.0 0 4.3 16 270 M M 1 12 20 250
9 73 36 55 M 10 0 0.00 0.0 0 1.7 9 290 M M 2 22 270
10 73 37 55 M 10 0 0.00 0.0 0 0.7 7 120 M M 1 18 M M
11 74 50 62 M 3 0 0.00 0.0 0 4.6 14 190 M M 5 8 20 170
12 67 43 55 M 10 0 0.09 0.0 0 10.1 17 240 M M 5 30 280
13 46 37 42 M 23 0 0.00 0.0 0 7.9 16 270 M M 8 24 270
14 47 29 38 M 27 0 0.00 0.0 0 4.7 14 270 M M 4 20 230
15 61 30 46 M 19 0 0.00 0.0 0 5.8 16 230 M M 2 25 220
16 50 37 44 M 21 0 0.00 0.0 0 8.1 16 270 M M 6 24 290
17 42 33 38 M 27 0 0.00 0.0 0 13.5 20 330 M M 9 31 330
18 48 28 38 M 27 0 0.00 0.0 0 10.5 16 300 M M 1 24 310
19 47 22 35 M 30 0 0.00 0.0 0 3.4 12 290 M M 0 20 320
20 M M M M M M 0.00 0.0 0 M M M M M M M M
21 M M M M M M 0.00 0.0 0 M M M M M M M M
22 82 40 61 M 4 0 0.00 0.0 0 5.6 12 130 M M 0 21 140
23 77 58 68 M 0 3 0.09 0.0 0 9.9 24 160 M M 2 30 160
24 72 47 60 M 5 0 0.81 0.0 0 7.5 14 150 M M 6 1 22 140
25 48 39 44 M 21 0 0.00 0.0 0 6.7 13 330 M M 3 18 320
26 53 32 43 M 22 0 0.00 0.0 0 2.7 10 280 M M 0 16 0
27 58 33 46 M 19 0 0.00 0.0 0 2.7 12 110 M M 3 16 130
28 59 32 46 M 19 0 0.00 0.0 0 0.0 M M M M 0 1 M M
29 64 31 48 M 17 0 0.00 0.0 0 0.0 M M M M 1 1 M M
30 65 38 52 M 13 0 0.00 0.0 0 0.0 M M M M 0 M M
31 67 34 51 M 14 0 0.00 0.0 0 0.2 6 260 M M 1 1 M M
================================================================================
SM 1801 1107 425 3 1.01 0.0 120.4 M 79
================================================================================
AV 62.1 38.2 4.2 FASTST M M 3 MAX(MPH)
MISC ----> 24 160 31 330
================================================================================
NOTES:
# LAST OF SEVERAL OCCURRENCES
COLUMN 17 PEAK WIND IN M.P.H.
PRELIMINARY LOCAL CLIMATOLOGICAL DATA (WS FORM: F-6) , PAGE 2
STATION: PRAIRIE_DU_CHIEN_MUN
MONTH: OCTOBER
YEAR: 2022
LATITUDE: 43 1 N
LONGITUDE: 91 7 W
[TEMPERATURE DATA] [PRECIPITATION DATA] SYMBOLS USED IN COLUMN 16
AVERAGE MONTHLY: 50.1 TOTAL FOR MONTH: 1.01 1 = FOG OR MIST
DPTR FM NORMAL: 0.0 DPTR FM NORMAL: M 2 = FOG REDUCING VISIBILITY
HIGHEST: 82 ON 22 GRTST 24HR 0.81 ON 24-24 TO 1/4 MILE OR LESS
LOWEST: 22 ON 19 3 = THUNDER
SNOW, ICE PELLETS, HAIL 4 = ICE PELLETS
TOTAL MONTH: 0.0 INCH 5 = HAIL
GRTST 24HR 0.0 6 = FREEZING RAIN OR DRIZZLE
GRTST DEPTH: 0 7 = DUSTSTORM OR SANDSTORM:
VSBY 1/2 MILE OR LESS
8 = SMOKE OR HAZE
[NO. OF DAYS WITH] [WEATHER - DAYS WITH] 9 = BLOWING SNOW
X = TORNADO
MAX 32 OR BELOW: 0 0.01 INCH OR MORE: 4
MAX 90 OR ABOVE: 0 0.10 INCH OR MORE: 1
MIN 32 OR BELOW: 8 0.50 INCH OR MORE: 1
MIN 0 OR BELOW: 0 1.00 INCH OR MORE: 0
[HDD (BASE 65) ]
TOTAL THIS MO. 425 CLEAR (SCALE 0-3) 19
DPTR FM NORMAL M PTCLDY (SCALE 4-7) 9
TOTAL FM JUL 1 540 CLOUDY (SCALE 8-10) 3
DPTR FM NORMAL M
[CDD (BASE 65) ]
TOTAL THIS MO. 3
DPTR FM NORMAL M [PRESSURE DATA]
TOTAL FM JAN 1 794 HIGHEST SLP M ON M
DPTR FM NORMAL M LOWEST SLP M ON M
[REMARKS]
#FINAL-10-22#