000
CXUS52 KFFC 011110
CF6PDK
PRELIMINARY LOCAL CLIMATOLOGICAL DATA (WS FORM: F-6)
STATION: DEKALB PEACHTREE AIRPORT
MONTH: FEBRUARY
YEAR: 2022
LATITUDE: 33 52 N
LONGITUDE: 84 18 W
TEMPERATURE IN F: :PCPN: SNOW: WIND :SUNSHINE: SKY :PK WND
================================================================================
1 2 3 4 5 6A 6B 7 8 9 10 11 12 13 14 15 16 17 18
12Z AVG MX 2MIN
DY MAX MIN AVG DEP HDD CDD WTR SNW DPTH SPD SPD DIR MIN PSBL S-S WX SPD DR
================================================================================
1 60 28 44 1 21 0 0.00 M M 3.9 10 100 M M 0 18 150
2 57 44 51 7 14 0 0.21 M M 5.6 12 100 M M 7 1 20 110
3 64 44 54 10 11 0 1.60 M M 5.9 20 210 M M 10 13 32 210
4 64 33 49 5 16 0 0.88 M M 10.5 23 310 M M 10 1 40 300
5 47 28 38 -6 27 0 0.00 M M 8.9 22 320 M M 2 35 310
6 50 29 40 -4 25 0 0.00 M M 5.4 13 70 M M 2 22 70
7 49 39 44 0 21 0 0.00 M M 5.9 14 290 M M 4 20 290
8 55 31 43 -2 22 0 0.00 M M 5.9 15 290 M M 0 20 280
9 60 27 44 -1 21 0 0.00 M M 4.6 16 250 M M 0 25 240
10 65 31 48 3 17 0 0.00 M M 3.6 17 270 M M 0 25 260
11 67 32 50 5 15 0 0.00 M M 4.7 20 210 M M 0 24 220
12 68 36 52 6 13 0 0.00 M M 6.5 16 310 M M 0 21 310
13 47 34 41 -5 24 0 T M M 11.5 24 320 M M 2 36 320
14 55 29 42 -4 23 0 0.00 M M 6.0 21 280 M M 0 27 280
15 61 27 44 -2 21 0 0.00 M M 3.2 10 150 M M 0 16 90
16 68 42 55 9 10 0 0.00 M M 4.8 17 180 M M 5 23 180
17 70 56 63 16 2 0 0.85 M M 9.6 23 280 M M 9 13 35 200
18 62 31 47 0 18 0 0.22 M M 12.4 20 310 M M 5 1 29 290
19 55 29 42 -5 23 0 0.00 M M 9.2 20 280 M M 0 30 320
20 59 27 43 -4 22 0 0.00 M M 4.3 10 140 M M 0 17 110
21 57 42 50 2 15 0 0.65 M M 2.9 12 150 M M 7 1 19 150
22 70 52 61 13 4 0 0.14 M M 5.3 16 200 M M 7 1 24 200
23 75 59 67 19 0 2 0.21 M M 6.4 18 210 M M 5 1 24 220
24 75 55 65 17 0 0 0.00 M M 6.0 15 210 M M 4 12 20 200
25 65 43 54 6 11 0 0.01 M M 10.6 17 330 M M 4 1 28 320
26 63 36 50 1 15 0 0.00 M M 6.6 14 310 M M 6 20 290
27 51 45 48 -1 17 0 0.55 M M 4.3 12 310 M M 10 1 15 70
28 63 41 52 3 13 0 0.00 M M 2.8 9 360 M M 5 1 14 10
================================================================================
SM 1702 1050 441 2 5.32 M 177.3 M 104
================================================================================
AV 60.8 37.5 6.3 FASTST M M 4 MAX(MPH)
MISC ----> 24 320 40 300
================================================================================
NOTES:
# LAST OF SEVERAL OCCURRENCES
COLUMN 17 PEAK WIND IN M.P.H.
PRELIMINARY LOCAL CLIMATOLOGICAL DATA (WS FORM: F-6) , PAGE 2
STATION: DEKALB PEACHTREE AIRPORT
MONTH: FEBRUARY
YEAR: 2022
LATITUDE: 33 52 N
LONGITUDE: 84 18 W
[TEMPERATURE DATA] [PRECIPITATION DATA] SYMBOLS USED IN COLUMN 16
AVERAGE MONTHLY: 49.1 TOTAL FOR MONTH: 5.32 1 = FOG OR MIST
DPTR FM NORMAL: 3.0 DPTR FM NORMAL: 0.85 2 = FOG REDUCING VISIBILITY
HIGHEST: 75 ON 24,23 GRTST 24HR 2.28 ON 3- 4 TO 1/4 MILE OR LESS
LOWEST: 27 ON 20,15 3 = THUNDER
SNOW, ICE PELLETS, HAIL 4 = ICE PELLETS
TOTAL MONTH: M 5 = HAIL
GRTST 24HR M ON M 6 = FREEZING RAIN OR DRIZZLE
GRTST DEPTH: M ON M 7 = DUSTSTORM OR SANDSTORM:
VSBY 1/2 MILE OR LESS
8 = SMOKE OR HAZE
[NO. OF DAYS WITH] [WEATHER - DAYS WITH] 9 = BLOWING SNOW
X = TORNADO
MAX 32 OR BELOW: 0 0.01 INCH OR MORE: 10
MAX 90 OR ABOVE: 0 0.10 INCH OR MORE: 9
MIN 32 OR BELOW: 12 0.50 INCH OR MORE: 5
MIN 0 OR BELOW: 0 1.00 INCH OR MORE: 1
[HDD (BASE 65) ]
TOTAL THIS MO. 441 CLEAR (SCALE 0-3) 13
DPTR FM NORMAL -87 PTCLDY (SCALE 4-7) 11
TOTAL FM JUL 1 1990 CLOUDY (SCALE 8-10) 4
DPTR FM NORMAL -426
[CDD (BASE 65) ]
TOTAL THIS MO. 2
DPTR FM NORMAL 1 [PRESSURE DATA]
TOTAL FM JAN 1 10 HIGHEST SLP 30.59 ON 15
DPTR FM NORMAL 10 LOWEST SLP 29.80 ON 17
[REMARKS]
#FINAL-02-22#