000
CXUS56 KPQR 011201
CF6PDX
PRELIMINARY LOCAL CLIMATOLOGICAL DATA (WS FORM: F-6)
STATION: PORTLAND OR
MONTH: MARCH
YEAR: 2024
LATITUDE: 45 35 N
LONGITUDE: 122 36 W
TEMPERATURE IN F: :PCPN: SNOW: WIND :SUNSHINE: SKY :PK WND
================================================================================
1 2 3 4 5 6A 6B 7 8 9 10 11 12 13 14 15 16 17 18
12Z AVG MX 2MIN
DY MAX MIN AVG DEP HDD CDD WTR SNW DPTH SPD SPD DIR MIN PSBL S-S WX SPD DR
================================================================================
1 46 37 42 -4 23 0 0.39 0.0 0 9.5 18 200 M M 9 1 28 200
2 44 37 41 -5 24 0 0.14 T 0 9.1 23 210 M M 9 1 29 210
3 44 37 41 -5 24 0 0.11 0.0 0 9.7 20 210 M M 10 28 200
4 45 37 41 -5 24 0 0.05 0.0 0 6.6 17 210 M M 10 23 200
5 47 34 41 -6 24 0 0.02 0.0 0 5.2 12 290 M M 7 1 15 290
6 50 30 40 -7 25 0 0.00 0.0 0 3.1 12 290 M M 7 128 19 280
7 52 30 41 -6 24 0 0.00 0.0 0 1.6 9 110 M M 2 11 100
8 60 32 46 -1 19 0 0.00 0.0 0 6.1 15 120 M M 4 21 120
9 56 45 51 4 14 0 T 0.0 0 13.6 33 220 M M 9 47 230
10 56 44 50 3 15 0 0.31 0.0 0 13.8 31 210 M M 9 43 200
11 51 45 48 0 17 0 0.23 0.0 0 9.3 18 200 M M 9 1 27 210
12 54 42 48 0 17 0 0.07 0.0 0 9.8 24 260 M M 8 30 270
13 56 39 48 0 17 0 0.00 0.0 0 3.1 10 280 M M 6 13 270
14 66 35 51 3 14 0 0.00 0.0 0 4.7 18 70 M M 3 8 25 70
15 71 40 56 8 9 0 0.00 0.0 0 8.5 23 60 M M 3 34 80
16 76 45 61 13 4 0 0.00 0.0 0 6.5 15 110 M M 1 20 100
17 76 43 60 12 5 0 0.00 0.0 0 3.2 10 290 M M 2 13 280
18 77 44 61 12 4 0 0.00 0.0 0 2.0 7 310 M M 1 9 330
19 71 46 59 10 6 0 0.00 0.0 0 3.5 13 290 M M 2 16 280
20 58 48 53 4 12 0 0.01 0.0 0 4.6 13 210 M M 10 1 18 230
21 63 50 57 8 8 0 0.00 0.0 0 4.3 15 280 M M 10 20 270
22 60 46 53 4 12 0 0.06 0.0 0 3.7 15 100 M M 9 1 18 110
23 56 45 51 2 14 0 0.05 0.0 0 4.4 16 200 M M 9 12 22 230
24 55 46 51 2 14 0 0.04 0.0 0 4.5 12 210 M M 9 1 17 200
25 54 47 51 1 14 0 0.39 0.0 0 3.9 13 200 M M 10 1 16 200
26 57 47 52 2 13 0 0.08 0.0 0 5.3 17 100 M M 9 1 21 230
27 58 47 53 3 12 0 0.57 0.0 0 11.0 22 200 M M 9 13 33 200
28 51 43 47 -3 18 0 0.18 0.0 0 10.1 25 210 M M 10 33 220
29 64 44 54 4 11 0 0.00 0.0 0 5.6 13 80 M M 6 17 60
30 67 44 56 6 9 0 0.00 0.0 0 9.7 16 320 M M 3 24 320
31 66 41 54 4 11 0 0.00 0.0 M 6.1 14 320 M M 5 20 320
================================================================================
SM 1807 1290 457 0 2.70 T 202.1 M 210
================================================================================
AV 58.3 41.6 6.5 FASTST M M 7 MAX(MPH)
MISC ----> 33 220 47 230
================================================================================
NOTES:
# LAST OF SEVERAL OCCURRENCES
COLUMN 17 PEAK WIND IN M.P.H.
PRELIMINARY LOCAL CLIMATOLOGICAL DATA (WS FORM: F-6) , PAGE 2
STATION: PORTLAND OR
MONTH: MARCH
YEAR: 2024
LATITUDE: 45 35 N
LONGITUDE: 122 36 W
[TEMPERATURE DATA] [PRECIPITATION DATA] SYMBOLS USED IN COLUMN 16
AVERAGE MONTHLY: 50.0 TOTAL FOR MONTH: 2.70 1 = FOG OR MIST
DPTR FM NORMAL: 1.7 DPTR FM NORMAL: -1.27 2 = FOG REDUCING VISIBILITY
HIGHEST: 77 ON 18 GRTST 24HR 0.59 ON 29- 1 TO 1/4 MILE OR LESS
LOWEST: 30 ON 7, 6 3 = THUNDER
SNOW, ICE PELLETS, HAIL 4 = ICE PELLETS
TOTAL MONTH: T 5 = HAIL
GRTST 24HR T ON 2- 2 6 = FREEZING RAIN OR DRIZZLE
GRTST DEPTH: 0 7 = DUSTSTORM OR SANDSTORM:
VSBY 1/2 MILE OR LESS
8 = SMOKE OR HAZE
[NO. OF DAYS WITH] [WEATHER - DAYS WITH] 9 = BLOWING SNOW
X = TORNADO
MAX 32 OR BELOW: 0 0.01 INCH OR MORE: 16
MAX 90 OR ABOVE: 0 0.10 INCH OR MORE: 8
MIN 32 OR BELOW: 3 0.50 INCH OR MORE: 1
MIN 0 OR BELOW: 0 1.00 INCH OR MORE: 0
[HDD (BASE 65) ]
TOTAL THIS MO. 457 CLEAR (SCALE 0-3) 7
DPTR FM NORMAL -62 PTCLDY (SCALE 4-7) 8
TOTAL FM JUL 1 3119 CLOUDY (SCALE 8-10) 16
DPTR FM NORMAL -341
[CDD (BASE 65) ]
TOTAL THIS MO. 0
DPTR FM NORMAL 0 [PRESSURE DATA]
TOTAL FM JAN 1 0 HIGHEST SLP 30.50 ON 14
DPTR FM NORMAL 0 LOWEST SLP 29.28 ON 1
[REMARKS]
#FINAL-03-24#