000
CXUS56 KPQR 011155
CF6PDX
PRELIMINARY LOCAL CLIMATOLOGICAL DATA (WS FORM: F-6)
STATION: PORTLAND OR
MONTH: SEPTEMBER
YEAR: 2022
LATITUDE: 45 35 N
LONGITUDE: 122 36 W
TEMPERATURE IN F: :PCPN: SNOW: WIND :SUNSHINE: SKY :PK WND
================================================================================
1 2 3 4 5 6A 6B 7 8 9 10 11 12 13 14 15 16 17 18
12Z AVG MX 2MIN
DY MAX MIN AVG DEP HDD CDD WTR SNW DPTH SPD SPD DIR MIN PSBL S-S WX SPD DR
================================================================================
1 91 60 76 7 0 11 0.00 0.0 0 5.5 13 290 M M 3 8 16 290
2 89 63 76 8 0 11 0.00 0.0 0 4.1 13 310 M M 4 15 360
3 78 63 71 3 0 6 0.00 0.0 0 3.3 10 80 M M 7 14 170
4 87 59 73 5 0 8 0.00 0.0 0 5.5 16 300 M M 2 21 320
5 82 58 70 2 0 5 0.00 0.0 0 8.1 17 320 M M 2 23 310
6 93 59 76 8 0 11 0.00 0.0 0 6.5 13 300 M M 0 17 300
7 84 61 73 5 0 8 T 0.0 0 7.4 20 310 M M 4 24 310
8 82 56 69 2 0 4 0.00 0.0 0 7.3 17 310 M M 2 22 320
9 89 55 72 5 0 7 0.00 0.0 0 15.7 32 80 M M 0 8 41 90
10 89 66 78 11 0 13 0.00 0.0 0 8.5 23 90 M M 7 8 31 90
11 80 62 71 4 0 6 T 0.0 0 4.2 12 310 M M 9 38 14 300
12 76 62 69 3 0 4 0.03 0.0 0 4.2 10 280 M M 8 1 13 320
13 74 64 69 3 0 4 0.00 0.0 0 5.4 12 310 M M 9 15 320
14 75 63 69 3 0 4 0.00 0.0 0 4.6 10 320 M M 8 13 320
15 76 61 69 3 0 4 0.00 0.0 0 6.6 15 320 M M 7 19 300
16 70 57 64 -2 1 0 T 0.0 0 5.4 13 300 M M 8 18 320
17 72 54 63 -2 2 0 0.02 0.0 0 6.4 16 320 M M 8 19 310
18 80 55 68 3 0 3 0.00 0.0 0 4.5 12 110 M M 5 16 120
19 86 54 70 5 0 5 0.00 0.0 0 3.3 9 290 M M 1 12 280
20 86 55 71 7 0 6 0.00 0.0 0 4.7 10 310 M M 1 13 320
21 78 54 66 2 0 1 0.00 0.0 0 5.8 17 200 M M 6 20 200
22 75 55 65 1 0 0 0.00 0.0 0 4.8 14 270 M M 5 19 270
23 76 50 63 -1 2 0 0.00 0.0 0 3.8 10 310 M M 2 1 16 320
24 80 54 67 4 0 2 0.00 0.0 0 4.8 13 290 M M 1 16 270
25 88 54 71 8 0 6 0.00 0.0 0 3.5 12 290 M M 0 14 280
26 90 58 74 12 0 9 0.00 0.0 0 4.6 9 270 M M 1 10 310
27 84 57 71 9 0 6 0.00 0.0 0 4.5 13 200 M M 2 1 16 190
28 71 57 64 2 1 0 0.13 0.0 0 6.3 14 200 M M 8 8 16 200
29 71 59 65 3 0 0 0.13 0.0 0 5.0 10 310 M M 7 1 15 170
30 74 58 66 5 0 1 0.00 0.0 0 5.4 12 270 M M 5 15 290
================================================================================
SM 2426 1743 6 145 0.31 0.0 169.7 M 132
================================================================================
AV 80.9 58.1 5.7 FASTST M M 4 MAX(MPH)
MISC ----> 32 80 41 90
================================================================================
NOTES:
# LAST OF SEVERAL OCCURRENCES
COLUMN 17 PEAK WIND IN M.P.H.
PRELIMINARY LOCAL CLIMATOLOGICAL DATA (WS FORM: F-6) , PAGE 2
STATION: PORTLAND OR
MONTH: SEPTEMBER
YEAR: 2022
LATITUDE: 45 35 N
LONGITUDE: 122 36 W
[TEMPERATURE DATA] [PRECIPITATION DATA] SYMBOLS USED IN COLUMN 16
AVERAGE MONTHLY: 69.5 TOTAL FOR MONTH: 0.31 1 = FOG OR MIST
DPTR FM NORMAL: 4.1 DPTR FM NORMAL: -1.21 2 = FOG REDUCING VISIBILITY
HIGHEST: 93 ON 6 GRTST 24HR 0.26 ON 28-29 TO 1/4 MILE OR LESS
LOWEST: 50 ON 23 3 = THUNDER
SNOW, ICE PELLETS, HAIL 4 = ICE PELLETS
TOTAL MONTH: 0.0 INCH 5 = HAIL
GRTST 24HR 0.0 6 = FREEZING RAIN OR DRIZZLE
GRTST DEPTH: 0 7 = DUSTSTORM OR SANDSTORM:
VSBY 1/2 MILE OR LESS
8 = SMOKE OR HAZE
[NO. OF DAYS WITH] [WEATHER - DAYS WITH] 9 = BLOWING SNOW
X = TORNADO
MAX 32 OR BELOW: 0 0.01 INCH OR MORE: 4
MAX 90 OR ABOVE: 3 0.10 INCH OR MORE: 2
MIN 32 OR BELOW: 0 0.50 INCH OR MORE: 0
MIN 0 OR BELOW: 0 1.00 INCH OR MORE: 0
[HDD (BASE 65) ]
TOTAL THIS MO. 6 CLEAR (SCALE 0-3) 13
DPTR FM NORMAL -55 PTCLDY (SCALE 4-7) 14
TOTAL FM JUL 1 6 CLOUDY (SCALE 8-10) 3
DPTR FM NORMAL -72
[CDD (BASE 65) ]
TOTAL THIS MO. 145
DPTR FM NORMAL 72 [PRESSURE DATA]
TOTAL FM JAN 1 820 HIGHEST SLP 30.25 ON 8
DPTR FM NORMAL 316 LOWEST SLP 29.68 ON 17
[REMARKS]
#FINAL-09-22#