000
CXUS54 KEWX 011010
CF6PEZ
PRELIMINARY LOCAL CLIMATOLOGICAL DATA (WS FORM: F-6)
STATION: PLEASANTON MUNICIPAL AIRPORT
MONTH: AUGUST
YEAR: 2022
LATITUDE: 28 57 N
LONGITUDE: 98 31 W
TEMPERATURE IN F: :PCPN: SNOW: WIND :SUNSHINE: SKY :PK WND
================================================================================
1 2 3 4 5 6A 6B 7 8 9 10 11 12 13 14 15 16 17 18
12Z AVG MX 2MIN
DY MAX MIN AVG DEP HDD CDD WTR SNW DPTH SPD SPD DIR MIN PSBL S-S WX SPD DR
================================================================================
1 102 75 89 M 0 24 0.00 M M 7.2 18 160 M M 2 26 210
2 105 78 92 M 0 27 0.00 M M 11.5 17 150 M M 1 28 150
3 105 79 92 M 0 27 0.00 M M 12.0 17 130 M M 0 29 130
4 106 78 92 M 0 27 0.00 M M 10.3 17 120 M M 0 25 140
5 103 77 90 M 0 25 0.00 M M 8.1 17 120 M M 2 24 120
6 99 78 89 M 0 24 0.00 M M 8.9 17 130 M M 3 28 130
7 102 76 89 M 0 24 0.00 M M 7.6 18 150 M M 3 25 150
8 102 75 89 M 0 24 0.00 M M 5.3 18 130 M M 2 30 130
9 102 72 87 M 0 22 0.00 M M 4.9 13 100 M M 3 20 140
10 103 76 90 M 0 25 0.00 M M 4.7 14 60 M M 1 28 60
11 102 74 88 M 0 23 0.00 0.0 M 2.5 12 310 M M 2 27 0
12 103 74 89 M 0 24 0.07 0.0 M 3.8 12 100 M M 2 28 100
13 102 75 89 M 0 24 0.00 M M 6.0 21 110 M M 2 30 110
14 88 75 82 M 0 17 0.05 M M 8.8 18 100 M M 6 23 80
15 85 74 80 M 0 15 0.83 M M 5.2 9 90 M M 5 3 16 100
16 99 75 87 M 0 22 0.00 M M 6.0 13 150 M M 3 1 20 150
17 99 77 88 M 0 23 0.00 0.0 M 3.9 10 160 M M 3 1 16 130
18 101 76 89 M 0 24 0.00 M M 4.7 14 70 M M 2 24 120
19 101 75 88 M 0 23 0.00 M M 6.4 16 140 M M 2 24 150
20 100 77 89 M 0 24 0.00 M M 7.6 16 130 M M 3 23 140
21 96 78 87 M 0 22 0.00 M M 6.1 18 130 M M 6 23 130
22 100 76 88 M 0 23 0.84 M M 5.4 13 250 M M 6 3 20 250
23 92 75 84 M 0 19 0.01 M M 2.3 8 90 M M 6 M M
24 93 75 84 M 0 19 0.50 M M 2.3 10 30 M M 5 3 18 0
25 89 74 82 M 0 17 0.78 M M 2.7 15 50 M M 5 3 M M
26 97 76 87 M 0 22 0.08 M M 1.8 9 20 M M 3 1 16 130
27 96 76 86 M 0 21 0.00 M M 4.6 10 150 M M 2 17 160
28 97 77 87 M 0 22 0.00 M M 5.8 13 140 M M 4 20 140
29 98 78 88 M 0 23 0.01 M M 4.0 17 140 M M 4 25 140
30 94 75 85 M 0 20 0.85 M M 4.7 10 200 M M 6 3 36 200
31 91 76 84 M 0 19 0.44 M M 4.1 12 100 M M 5 3 18 40
================================================================================
SM 3052 2352 0 695 4.46 0.0 179.2 M 99
================================================================================
AV 98.5 75.9 5.8 FASTST M M 3 MAX(MPH)
MISC ----> 21 110 36 200
================================================================================
NOTES:
# LAST OF SEVERAL OCCURRENCES
COLUMN 17 PEAK WIND IN M.P.H.
PRELIMINARY LOCAL CLIMATOLOGICAL DATA (WS FORM: F-6) , PAGE 2
STATION: PLEASANTON MUNICIPAL AIRPORT
MONTH: AUGUST
YEAR: 2022
LATITUDE: 28 57 N
LONGITUDE: 98 31 W
[TEMPERATURE DATA] [PRECIPITATION DATA] SYMBOLS USED IN COLUMN 16
AVERAGE MONTHLY: 87.2 TOTAL FOR MONTH: 4.46 1 = FOG OR MIST
DPTR FM NORMAL: 0.0 DPTR FM NORMAL: M 2 = FOG REDUCING VISIBILITY
HIGHEST: 106 ON 4 GRTST 24HR 0.85 ON 30-30 TO 1/4 MILE OR LESS
LOWEST: 72 ON 9 3 = THUNDER
SNOW, ICE PELLETS, HAIL 4 = ICE PELLETS
TOTAL MONTH: 0.0 INCH 5 = HAIL
GRTST 24HR 0.0 6 = FREEZING RAIN OR DRIZZLE
GRTST DEPTH: M ON M 7 = DUSTSTORM OR SANDSTORM:
VSBY 1/2 MILE OR LESS
8 = SMOKE OR HAZE
[NO. OF DAYS WITH] [WEATHER - DAYS WITH] 9 = BLOWING SNOW
X = TORNADO
MAX 32 OR BELOW: 0 0.01 INCH OR MORE: 11
MAX 90 OR ABOVE: 28 0.10 INCH OR MORE: 6
MIN 32 OR BELOW: 0 0.50 INCH OR MORE: 5
MIN 0 OR BELOW: 0 1.00 INCH OR MORE: 0
[HDD (BASE 65) ]
TOTAL THIS MO. 0 CLEAR (SCALE 0-3) 18
DPTR FM NORMAL M PTCLDY (SCALE 4-7) 13
TOTAL FM JUL 1 0 CLOUDY (SCALE 8-10) 0
DPTR FM NORMAL M
[CDD (BASE 65) ]
TOTAL THIS MO. 695
DPTR FM NORMAL M [PRESSURE DATA]
TOTAL FM JAN 1 3257 HIGHEST SLP M ON M
DPTR FM NORMAL M LOWEST SLP M ON M
[REMARKS]
#FINAL-08-22#