000
CXUS52 KTBW 071301
CF6PGD
PRELIMINARY LOCAL CLIMATOLOGICAL DATA (WS FORM: F-6)
STATION: PUNTA GORDA
MONTH: DECEMBER
YEAR: 2021
LATITUDE: 26 55 N
LONGITUDE: 82 0 W
TEMPERATURE IN F: :PCPN: SNOW: WIND :SUNSHINE: SKY :PK WND
================================================================================
1 2 3 4 5 6A 6B 7 8 9 10 11 12 13 14 15 16 17 18
12Z AVG MX 2MIN
DY MAX MIN AVG DEP HDD CDD WTR SNW DPTH SPD SPD DIR MIN PSBL S-S WX SPD DR
================================================================================
1 81 51 66 -2 0 1 0.00 0.0 0 4.6 14 120 M M 3 18 130
2 79 54 67 -1 0 2 0.00 0.0 0 3.9 12 10 M M 1 12 16 20
3 79 49 64 -4 1 0 0.00 0.0 0 4.0 10 30 M M 0 12 14 30
4 79 50 65 -3 0 0 0.00 0.0 0 3.6 10 230 M M 1 8 12 230
5 82 54 68 0 0 3 0.00 0.0 0 5.6 12 110 M M 2 1 14 80
6 82 60 71 4 0 6 0.00 0.0 0 3.6 10 250 M M 3 12 13 260
7 83 58 71 4 0 6 0.00 0.0 0 2.4 10 250 M M 4 12 12 280
8 83 57 70 3 0 5 0.00 0.0 0 5.7 16 210 M M 3 12 20 210
9 84 68 76 9 0 11 0.00 0.0 0 3.4 12 250 M M 6 12 16 340
10 86 64 75 8 0 10 0.00 0.0 0 4.7 10 100 M M 7 12 20 120
11 85 62 74 7 0 9 0.00 0.0 0 5.1 14 240 M M 3 12 17 250
12 87 62 75 9 0 10 0.00 0.0 0 3.8 12 70 M M 4 12 15 60
13 85 65 75 9 0 10 0.02 0.0 0 6.8 15 30 M M 5 12 18 40
14 83 66 75 9 0 10 0.02 0.0 0 7.8 21 40 M M 5 12 26 30
15 85 63 74 8 0 9 0.00 0.0 0 8.6 17 70 M M 2 23 70
16 84 64 74 8 0 9 0.00 0.0 0 8.4 17 100 M M 2 1 20 140
17 85 60 73 7 0 8 0.00 0.0 0 7.2 15 130 M M 2 12 19 100
18 86 65 76 10 0 11 0.06 0.0 0 5.8 14 160 M M 3 18 18 170
19 81 66 74 9 0 9 0.02 0.0 0 6.1 15 230 M M 6 12 19 240
20 82 67 75 10 0 10 0.00 0.0 0 7.1 15 50 M M 7 12 19 60
21 78 63 71 6 0 6 0.45 0.0 0 15.1 53 180 M M 8 18 77 180
22 70 52 61 -4 4 0 0.00 0.0 0 9.2 20 330 M M 3 24 350
23 71 47 59 -6 6 0 0.00 0.0 0 6.7 13 40 M M 0 16 40
24 78 48 63 -2 2 0 0.00 0.0 0 4.6 14 120 M M 0 17 140
25 80 50 65 1 0 0 0.00 0.0 0 4.5 12 290 M M 0 15 260
26 80 54 67 3 0 2 0.00 0.0 0 4.0 12 240 M M 0 1 16 260
27 80 54 67 3 0 2 0.00 0.0 0 3.1 10 240 M M 0 12 12 230
28 82 54 68 4 0 3 0.00 0.0 0 4.1 13 180 M M 5 12 16 210
29 84 58 71 7 0 6 0.00 0.0 0 6.8 16 180 M M 1 1 27 190
30 83 58 71 7 0 6 0.00 0.0 0 4.1 14 240 M M 6 12 18 230
31 83 64 74 10 0 9 0.00 0.0 0 4.3 13 250 M M 6 12 15 260
================================================================================
SM 2530 1807 13 173 0.57 0.0 174.7 M 98
================================================================================
AV 81.6 58.3 5.6 FASTST M M 3 MAX(MPH)
MISC ----> 53 180 77 180
================================================================================
NOTES:
# LAST OF SEVERAL OCCURRENCES
COLUMN 17 PEAK WIND IN M.P.H.
PRELIMINARY LOCAL CLIMATOLOGICAL DATA (WS FORM: F-6) , PAGE 2
STATION: PUNTA GORDA
MONTH: DECEMBER
YEAR: 2021
LATITUDE: 26 55 N
LONGITUDE: 82 0 W
[TEMPERATURE DATA] [PRECIPITATION DATA] SYMBOLS USED IN COLUMN 16
AVERAGE MONTHLY: 70.0 TOTAL FOR MONTH: 0.57 1 = FOG OR MIST
DPTR FM NORMAL: 4.2 DPTR FM NORMAL: -1.42 2 = FOG REDUCING VISIBILITY
HIGHEST: 87 ON 12 GRTST 24HR 0.45 ON 21-21 TO 1/4 MILE OR LESS
LOWEST: 47 ON 23 3 = THUNDER
SNOW, ICE PELLETS, HAIL 4 = ICE PELLETS
TOTAL MONTH: 0.0 INCH 5 = HAIL
GRTST 24HR 0.0 6 = FREEZING RAIN OR DRIZZLE
GRTST DEPTH: 0 7 = DUSTSTORM OR SANDSTORM:
VSBY 1/2 MILE OR LESS
8 = SMOKE OR HAZE
[NO. OF DAYS WITH] [WEATHER - DAYS WITH] 9 = BLOWING SNOW
X = TORNADO
MAX 32 OR BELOW: 0 0.01 INCH OR MORE: 5
MAX 90 OR ABOVE: 0 0.10 INCH OR MORE: 1
MIN 32 OR BELOW: 0 0.50 INCH OR MORE: 0
MIN 0 OR BELOW: 0 1.00 INCH OR MORE: 0
[HDD (BASE 65) ]
TOTAL THIS MO. 13 CLEAR (SCALE 0-3) 17
DPTR FM NORMAL -72 PTCLDY (SCALE 4-7) 13
TOTAL FM JUL 1 33 CLOUDY (SCALE 8-10) 1
DPTR FM NORMAL -77
[CDD (BASE 65) ]
TOTAL THIS MO. 173
DPTR FM NORMAL 61 [PRESSURE DATA]
TOTAL FM JAN 1 4082 HIGHEST SLP 30.34 ON 14
DPTR FM NORMAL 310 LOWEST SLP 29.60 ON 21
[REMARKS]
#FINAL-12-21#