000
CXUS51 KPBZ 011328
CLMPHD
CLIMATE REPORT
NATIONAL WEATHER SERVICE PITTSBURGH PA
928 AM EDT SAT JUL 01 2023
...................................
...THE NEW PHILADELPHIA OH CLIMATE SUMMARY FOR THE MONTH OF JUNE 2023...
CLIMATE NORMAL PERIOD 1991 TO 2020
CLIMATE RECORD PERIOD 1948 TO 2023
WEATHER OBSERVED NORMAL DEPART LAST YEAR`S
VALUE DATE(S) VALUE FROM VALUE DATE(S)
NORMAL
................................................................
TEMPERATURE (F)
RECORD
HIGH 99 06/26/1988
LOW 30 06/11/1972
HIGHEST 92 06/03 91 1 95 06/22
LOWEST 43 06/08 42 1 45 06/19
AVG. MAXIMUM 79.0 80.4 -1.4 82.4
AVG. MINIMUM 55.4 58.5 -3.1 59.0
MEAN 67.2 69.5 -2.3 70.7
DAYS MAX >= 90 2 2.1 -0.1 5
DAYS MAX <= 32 0 0.0 0.0 0
DAYS MIN <= 32 0 0.0 0.0 0
DAYS MIN <= 0 0 0.0 0.0 0
PRECIPITATION (INCHES)
RECORD
MAXIMUM 10.22 2010
MINIMUM 0.70
TOTALS 3.18 4.23 -1.05 4.09
DAILY AVG. 0.11 0.14 -0.03 0.14
DAYS >= .01 12 14.9 -2.9 8
DAYS >= .10 9 7.6 1.4 7
DAYS >= .50 3 2.9 0.1 3
DAYS >= 1.00 0 0.9 -0.9 1
GREATEST
24 HR. TOTAL 1.32 06/15 TO 06/16 1.59
DEGREE DAYS
HEATING TOTAL 32 30 2
SINCE 7/1 4918 5567 -649 MM
COOLING TOTAL 105 163 -58
SINCE 1/1 148 225 -77 MM
................................................................
WIND (MPH)
AVERAGE WIND SPEED 4.7
HIGHEST WIND SPEED/DIRECTION 22/110 DATE 06/20
HIGHEST GUST SPEED/DIRECTION 29/100 DATE 06/20
AVERAGE RH (PERCENT) 66
WEATHER CONDITIONS. NUMBER OF DAYS WITH
THUNDERSTORM 3 MIXED PRECIP 0
HEAVY RAIN 3 RAIN 6
LIGHT RAIN 10 FREEZING RAIN 0
LT FREEZING RAIN 0 HAIL 0
HEAVY SNOW 0 SNOW 0
LIGHT SNOW 0 SLEET 0
FOG 20 FOG W/VIS <= 1/4 MILE 3
HAZE 15
- INDICATES NEGATIVE NUMBERS.
R INDICATES RECORD WAS SET OR TIED.
MM INDICATES DATA IS MISSING.
T INDICATES TRACE AMOUNT.
$$