000
CXUS51 KPBZ 012006
CLMPHD
CLIMATE REPORT
NATIONAL WEATHER SERVICE PITTSBURGH PA
306 PM EST MON JAN 01 2024
...................................
...THE NEW PHILADELPHIA OH CLIMATE SUMMARY FOR THE MONTH OF DECEMBER 2023...
CLIMATE NORMAL PERIOD 1991 TO 2020
CLIMATE RECORD PERIOD 1948 TO 2023
WEATHER OBSERVED NORMAL DEPART LAST YEAR`S
VALUE DATE(S) VALUE FROM VALUE DATE(S)
NORMAL
................................................................
TEMPERATURE (F)
RECORD
HIGH 76 12/04/1982
LOW -16 12/23/1989
12/22/1989
HIGHEST 63 12/25 61 2 66 12/30
LOWEST 20 12/14 5 15 -5 12/23
12/20
AVG. MAXIMUM 48.0 41.3 6.7 41.7
AVG. MINIMUM 34.5 26.3 8.2 26.4
MEAN 41.3 33.8 7.5 34.0
DAYS MAX >= 90 0 0.0 0.0 0
DAYS MAX <= 32 1 7.2 -6.2 6
DAYS MIN <= 32 14 23.5 -9.5 20
DAYS MIN <= 0 0 0.3 -0.3 2
PRECIPITATION (INCHES)
RECORD
MAXIMUM 7.38 1990
MINIMUM 0.70
TOTALS 2.74 2.73 0.01 1.90
DAILY AVG. 0.09 0.09 0.00 0.06
DAYS >= .01 15 13.0 2.0 11
DAYS >= .10 7 6.2 0.8 6
DAYS >= .50 2 1.8 0.2 1
DAYS >= 1.00 0 0.4 -0.4 0
GREATEST
24 HR. TOTAL 1.01 12/26 TO 12/27 0.76
DEGREE DAYS
HEATING TOTAL 725 967 -242
SINCE 7/1 1752 2115 -363 MM
COOLING TOTAL 0 0 0
SINCE 1/1 716 780 -64 MM
................................................................
WIND (MPH)
AVERAGE WIND SPEED 4.8
HIGHEST WIND SPEED/DIRECTION 23/250 DATE 12/03
23/280 12/18
HIGHEST GUST SPEED/DIRECTION 41/290 DATE 12/18
AVERAGE RH (PERCENT) 74
WEATHER CONDITIONS. NUMBER OF DAYS WITH
THUNDERSTORM 0 MIXED PRECIP 0
HEAVY RAIN 2 RAIN 6
LIGHT RAIN 17 FREEZING RAIN 0
LT FREEZING RAIN 0 HAIL 0
HEAVY SNOW 0 SNOW 1
LIGHT SNOW 3 SLEET 0
FOG 17 FOG W/VIS <= 1/4 MILE 2
HAZE 2
- INDICATES NEGATIVE NUMBERS.
R INDICATES RECORD WAS SET OR TIED.
MM INDICATES DATA IS MISSING.
T INDICATES TRACE AMOUNT.
$$