000
CXUS51 KAKQ 010833
CF6PHF
PRELIMINARY LOCAL CLIMATOLOGICAL DATA (WS FORM: F-6)
STATION: NEWPORT NEWS
MONTH: AUGUST
YEAR: 2020
LATITUDE: 37 7 N
LONGITUDE: 76 30 W
TEMPERATURE IN F: :PCPN: SNOW: WIND :SUNSHINE: SKY :PK WND
================================================================================
1 2 3 4 5 6A 6B 7 8 9 10 11 12 13 14 15 16 17 18
12Z AVG MX 2MIN
DY MAX MIN AVG DEP HDD CDD WTR SNW DPTH SPD SPD DIR MIN PSBL S-S WX SPD DR
================================================================================
1 90 76 83 4 0 18 0.41 0.0 0 6.1 25 200 M M 4 38 35 190
2 97 78 88 9 0 23 0.00 0.0 0 11.3 24 220 M M 0 29 220
3 92 74 83 4 0 18 1.69 0.0 0 7.8 30 200 M M 5 13 37 200
4 90 73 82 3 0 17 1.97 0.0 M 14.8 39 250 M M 4 1 57 180
5 92 75 84 5 0 19 0.18 0.0 0 5.1 18 150 M M 2 13 24 180
6 93 74 84 5 0 19 0.63 0.0 0 5.2 23 120 M M 5 138 30 130
7 89 74 82 3 0 17 0.26 0.0 0 4.5 20 120 M M 5 3 26 130
8 89 74 82 3 0 17 0.13 0.0 0 5.2 15 80 M M 3 3 19 70
9 88 72 80 1 0 15 T 0.0 0 4.5 13 100 M M 2 128 18 100
10 93 74 84 5 0 19 T 0.0 0 4.6 16 180 M M 2 18 23 180
11 93 75 84 5 0 19 T 0.0 0 6.7 23 180 M M 1 30 180
12 93 77 85 6 0 20 0.07 0.0 0 4.8 14 40 M M 2 3 20 360
13 89 75 82 4 0 17 0.38 0.0 0 4.9 15 90 M M 4 138 19 100
14 86 75 81 3 0 16 1.34 0.0 0 4.8 13 50 M M 7 1 19 60
15 79 75 77 -1 0 12 3.56 0.0 0 10.2 22 80 M M 10 1 28 70
16 78 72 75 -3 0 10 0.08 0.0 0 6.9 17 80 M M 10 18 21 80
17 86 68 77 -1 0 12 T 0.0 0 5.0 13 140 M M 3 1 21 270
18 89 70 80 2 0 15 T 0.0 0 2.8 10 140 M M 1 14 290
19 86 71 79 1 0 14 T 0.0 0 4.2 16 70 M M 1 128 20 70
20 83 72 78 0 0 13 T 0.0 0 6.4 15 70 M M 2 32 200
21 85 69 77 -1 0 12 0.04 0.0 0 3.9 13 110 M M 1 18 18 90
22 88 74 81 3 0 16 0.17 0.0 0 2.4 10 120 M M 6 1 12 290
23 90 78 84 6 0 19 0.00 0.0 0 8.7 16 230 M M 2 22 220
24 88 78 83 6 0 18 0.00 0.0 0 11.6 18 230 M M 0 24 220
25 93 78 86 9 0 21 0.00 0.0 0 10.5 16 240 M M 0 22 250
26 89 75 82 5 0 17 0.00 0.0 0 6.9 14 320 M M 0 18 320
27 95 74 85 8 0 20 0.76 0.0 0 11.7 38 320 M M 0 3 50 320
28 94 76 85 8 0 20 0.00 0.0 0 7.5 17 200 M M 0 21 210
29 90 81 86 9 0 21 T 0.0 0 13.4 28 220 M M 5 37 240
30 88 69 79 2 0 14 T 0.0 0 4.7 12 30 M M 2 17 360
31 84 67 76 -1 0 11 T 0.0 0 6.9 17 110 M M 2 22 120
================================================================================
SM 2759 2293 0 519 11.67 0.0 214.0 M 91
================================================================================
AV 89.0 74.0 6.9 FASTST M M 3 MAX(MPH)
MISC ----> # 39 250 # 57 180
================================================================================
NOTES:
# LAST OF SEVERAL OCCURRENCES
COLUMN 17 PEAK WIND IN M.P.H.
PRELIMINARY LOCAL CLIMATOLOGICAL DATA (WS FORM: F-6) , PAGE 2
STATION: NEWPORT NEWS
MONTH: AUGUST
YEAR: 2020
LATITUDE: 37 7 N
LONGITUDE: 76 30 W
[TEMPERATURE DATA] [PRECIPITATION DATA] SYMBOLS USED IN COLUMN 16
AVERAGE MONTHLY: 81.5 TOTAL FOR MONTH: 11.67 1 = FOG OR MIST
DPTR FM NORMAL: 3.4 DPTR FM NORMAL: 6.32 2 = FOG REDUCING VISIBILITY
HIGHEST: 97 ON 2 GRTST 24HR 3.56 ON 15-15 TO 1/4 MILE OR LESS
LOWEST: 67 ON 31 3 = THUNDER
SNOW, ICE PELLETS, HAIL 4 = ICE PELLETS
TOTAL MONTH: 0.0 INCH 5 = HAIL
GRTST 24HR 0.0 6 = FREEZING RAIN OR DRIZZLE
GRTST DEPTH: 0 7 = DUSTSTORM OR SANDSTORM:
VSBY 1/2 MILE OR LESS
8 = SMOKE OR HAZE
[NO. OF DAYS WITH] [WEATHER - DAYS WITH] 9 = BLOWING SNOW
X = TORNADO
MAX 32 OR BELOW: 0 0.01 INCH OR MORE: 15
MAX 90 OR ABOVE: 14 0.10 INCH OR MORE: 12
MIN 32 OR BELOW: 0 0.50 INCH OR MORE: 6
MIN 0 OR BELOW: 0 1.00 INCH OR MORE: 4
[HDD (BASE 65) ]
TOTAL THIS MO. 0 CLEAR (SCALE 0-3) 18
DPTR FM NORMAL 0 PTCLDY (SCALE 4-7) 11
TOTAL FM JUL 1 0 CLOUDY (SCALE 8-10) 2
DPTR FM NORMAL 0
[CDD (BASE 65) ]
TOTAL THIS MO. 519
DPTR FM NORMAL 113 [PRESSURE DATA]
TOTAL FM JAN 1 1646 HIGHEST SLP 30.16 ON 9
DPTR FM NORMAL 241 LOWEST SLP 29.47 ON 4
[REMARKS]
#FINAL-08-20#