000
CXUS51 KAKQ 042016
CF6PHF
PRELIMINARY LOCAL CLIMATOLOGICAL DATA (WS FORM: F-6)
STATION: NEWPORT NEWS
MONTH: OCTOBER
YEAR: 2023
LATITUDE: 37 7 N
LONGITUDE: 76 30 W
TEMPERATURE IN F: :PCPN: SNOW: WIND :SUNSHINE: SKY :PK WND
================================================================================
1 2 3 4 5 6A 6B 7 8 9 10 11 12 13 14 15 16 17 18
12Z AVG MX 2MIN
DY MAX MIN AVG DEP HDD CDD WTR SNW DPTH SPD SPD DIR MIN PSBL S-S WX SPD DR
================================================================================
1 77 56 67 0 0 2 0.00 M M 3.6 12 20 M M 1 1 17 20
2 80 54 67 0 0 2 0.00 M M 4.5 12 50 M M 0 1 M M
3 78 55 67 1 0 2 0.00 M M 2.5 8 50 M M 1 12 M M
4 77 50 64 -2 1 0 0.00 M M 3.4 10 80 M M 1 12 M M
5 79 55 67 1 0 2 0.00 M M 4.7 15 60 M M 6 12 18 100
6 78 60 69 4 0 4 0.00 M M 2.2 8 70 M M 5 12 M M
7 72 51 62 -3 3 0 0.03 M M 6.0 20 330 M M 4 12 28 340
8 65 43 54 -10 11 0 0.00 M M 7.5 16 300 M M 2 23 300
9 69 42 56 -8 9 0 0.00 M M 9.3 15 200 M M 3 21 230
10 72 46 59 -5 6 0 0.00 M M 4.1 12 220 M M 2 17 240
11 73 49 61 -2 4 0 0.02 M M 2.4 9 240 M M 2 12 M M
12 72 50 61 -2 4 0 0.00 M M 2.3 9 50 M M 1 1 M M
13 72 46 59 -3 6 0 0.00 M M 3.4 10 90 M M 1 12 M M
14 65 51 58 -4 7 0 0.98 M M 4.7 13 300 M M 8 1 27 280
15 63 44 54 -8 11 0 0.03 M M 9.4 20 330 M M 7 28 350
16 63 42 53 -8 12 0 0.00 M M 6.9 15 330 M M 3 21 330
17 65 44 55 -6 10 0 0.00 M M 5.7 12 340 M M 4 M M
18 67 41 54 -7 11 0 0.00 M M 2.3 6 20 M M 3 1 M M
19 70 43 57 -3 8 0 0.00 M M 5.6 15 150 M M 4 1 20 150
20 73 56 65 5 0 0 0.03 M M 7.6 21 200 M M 6 1 26 210
21 70 54 62 3 3 0 0.00 M M 12.7 24 270 M M 4 33 290
22 69 48 59 0 6 0 0.00 M M 8.1 21 270 M M 1 27 270
23 62 39 51 -8 14 0 0.00 M M 5.1 14 350 M M 0 1 19 330
24 69 36 53 -5 12 0 0.00 M M 1.4 8 200 M M 0 12 11 230
25 75 43 59 1 6 0 0.00 M M 3.5 12 230 M M 1 12 16 230
26 79 56 68 11 0 3 0.00 M M 6.7 10 240 M M 0 M M
27 80 57 69 12 0 4 0.00 M M 7.8 14 250 M M 0 20 250
28 83 58 71 14 0 6 0.00 M M 4.2 8 230 M M 0 M M
29 83 57 70 14 0 5 0.00 M M 4.6 15 200 M M 0 1 M M
30 82 56 69 13 0 4 0.00 M M 10.9 18 240 M M 2 30 360
31 56 47 52 -4 13 0 0.10 M M 7.6 13 360 M M 10 1 18 350
================================================================================
SM 2238 1529 157 34 1.19 M 170.7 M 82
================================================================================
AV 72.2 49.3 5.5 FASTST M M 3 MAX(MPH)
MISC ----> 24 270 33 290
================================================================================
NOTES:
# LAST OF SEVERAL OCCURRENCES
COLUMN 17 PEAK WIND IN M.P.H.
PRELIMINARY LOCAL CLIMATOLOGICAL DATA (WS FORM: F-6) , PAGE 2
STATION: NEWPORT NEWS
MONTH: OCTOBER
YEAR: 2023
LATITUDE: 37 7 N
LONGITUDE: 76 30 W
[TEMPERATURE DATA] [PRECIPITATION DATA] SYMBOLS USED IN COLUMN 16
AVERAGE MONTHLY: 60.8 TOTAL FOR MONTH: 1.19 1 = FOG OR MIST
DPTR FM NORMAL: -0.6 DPTR FM NORMAL: -2.97 2 = FOG REDUCING VISIBILITY
HIGHEST: 83 ON 29,28 GRTST 24HR 0.98 ON 14-14 TO 1/4 MILE OR LESS
LOWEST: 36 ON 24 3 = THUNDER
SNOW, ICE PELLETS, HAIL 4 = ICE PELLETS
TOTAL MONTH: M 5 = HAIL
GRTST 24HR M ON M 6 = FREEZING RAIN OR DRIZZLE
GRTST DEPTH: M ON M 7 = DUSTSTORM OR SANDSTORM:
VSBY 1/2 MILE OR LESS
8 = SMOKE OR HAZE
[NO. OF DAYS WITH] [WEATHER - DAYS WITH] 9 = BLOWING SNOW
X = TORNADO
MAX 32 OR BELOW: 0 0.01 INCH OR MORE: 6
MAX 90 OR ABOVE: 0 0.10 INCH OR MORE: 2
MIN 32 OR BELOW: 0 0.50 INCH OR MORE: 1
MIN 0 OR BELOW: 0 1.00 INCH OR MORE: 0
[HDD (BASE 65) ]
TOTAL THIS MO. 157 CLEAR (SCALE 0-3) 19
DPTR FM NORMAL -11 PTCLDY (SCALE 4-7) 11
TOTAL FM JUL 1 159 CLOUDY (SCALE 8-10) 1
DPTR FM NORMAL -20
[CDD (BASE 65) ]
TOTAL THIS MO. 34
DPTR FM NORMAL -20 [PRESSURE DATA]
TOTAL FM JAN 1 1345 HIGHEST SLP M ON M
DPTR FM NORMAL -212 LOWEST SLP M ON M
[REMARKS]
#FINAL-10-23#