000
CXUS52 KTBW 011332
CF6PIE
PRELIMINARY LOCAL CLIMATOLOGICAL DATA (WS FORM: F-6)
STATION: ST PETERSBURG CLEARWATER
MONTH: NOVEMBER
YEAR: 2021
LATITUDE: 27 55 N
LONGITUDE: 82 41 W
TEMPERATURE IN F: :PCPN: SNOW: WIND :SUNSHINE: SKY :PK WND
================================================================================
1 2 3 4 5 6A 6B 7 8 9 10 11 12 13 14 15 16 17 18
12Z AVG MX 2MIN
DY MAX MIN AVG DEP HDD CDD WTR SNW DPTH SPD SPD DIR MIN PSBL S-S WX SPD DR
================================================================================
1 73 60 67 -5 0 2 0.00 0.0 0 7.7 14 310 M M 1 17 320
2 82 66 74 2 0 9 0.00 0.0 0 7.7 15 310 M M 2 19 310
3 83 68 76 4 0 11 0.00 0.0 0 6.6 13 360 M M 1 17 360
4 77 68 73 1 0 8 0.08 0.0 0 9.1 18 70 M M 4 25 70
5 70 59 65 -6 0 0 2.38 0.0 0 14.9 24 350 M M 10 1 31 350
6 67 57 62 -9 3 0 0.08 0.0 0 14.4 24 360 M M 9 1 31 360
7 70 57 64 -7 1 0 0.00 0.0 0 11.7 20 330 M M 1 26 350
8 75 57 66 -4 0 1 0.00 0.0 0 8.8 15 340 M M 0 19 350
9 78 60 69 -1 0 4 0.00 0.0 0 7.8 14 10 M M 2 8 21 50
10 79 64 72 2 0 7 0.00 0.0 0 6.1 12 60 M M 5 19 90
11 83 65 74 4 0 9 0.00 0.0 0 6.7 16 190 M M 3 22 180
12 79 66 73 3 0 8 0.00 0.0 0 2.1 7 310 M M 1 1 9 50
13 79 59 69 0 0 4 0.21 0.0 0 4.5 20 300 M M 4 128 28 280
14 67 53 60 -9 5 0 0.00 0.0 0 7.1 18 320 M M 0 25 350
15 74 56 65 -4 0 0 0.00 0.0 0 7.1 15 10 M M 0 23 10
16 77 55 66 -3 0 1 0.00 0.0 0 5.1 9 100 M M 0 17 60
17 81 63 72 4 0 7 0.00 0.0 0 6.1 14 120 M M 1 18 130
18 75 68 72 4 0 7 T 0.0 0 4.0 9 70 M M 4 13 110
19 81 67 74 6 0 9 0.00 0.0 0 8.5 18 50 M M 6 29 50
20 76 65 71 3 0 6 0.00 0.0 0 13.1 23 70 M M 5 38 70
21 79 68 74 6 0 9 0.02 0.0 0 9.2 16 50 M M 8 1 24 50
22 75 66 71 3 0 6 0.10 0.0 0 9.4 22 330 M M 5 1 30 330
23 66 53 60 -8 5 0 0.00 0.0 0 12.7 20 360 M M 0 30 40
24 72 51 62 -5 3 0 0.00 0.0 0 10.5 17 50 M M 1 26 30
25 77 59 68 1 0 3 0.00 0.0 0 6.2 12 330 M M 1 14 330
26 77 55 66 -1 0 1 0.00 0.0 0 5.8 13 340 M M 3 20 250
27 68 53 61 -6 4 0 0.00 0.0 0 7.4 15 20 M M 0 21 10
28 69 52 61 -6 4 0 T 0.0 0 4.7 12 350 M M 3 16 360
29 71 55 63 -4 2 0 T 0.0 0 7.0 16 320 M M 4 24 340
30 70 54 62 -4 3 0 0.00 0.0 0 6.2 12 320 M M 0 16 10
================================================================================
SM 2250 1799 30 112 2.87 0.0 238.2 M 84
================================================================================
AV 75.0 60.0 7.9 FASTST M M 3 MAX(MPH)
MISC ----> # 24 350 38 70
================================================================================
NOTES:
# LAST OF SEVERAL OCCURRENCES
COLUMN 17 PEAK WIND IN M.P.H.
PRELIMINARY LOCAL CLIMATOLOGICAL DATA (WS FORM: F-6) , PAGE 2
STATION: ST PETERSBURG CLEARWATER
MONTH: NOVEMBER
YEAR: 2021
LATITUDE: 27 55 N
LONGITUDE: 82 41 W
[TEMPERATURE DATA] [PRECIPITATION DATA] SYMBOLS USED IN COLUMN 16
AVERAGE MONTHLY: 67.5 TOTAL FOR MONTH: 2.87 1 = FOG OR MIST
DPTR FM NORMAL: -1.5 DPTR FM NORMAL: 1.23 2 = FOG REDUCING VISIBILITY
HIGHEST: 83 ON 11, 3 GRTST 24HR 2.45 ON 4- 5 TO 1/4 MILE OR LESS
LOWEST: 51 ON 24 3 = THUNDER
SNOW, ICE PELLETS, HAIL 4 = ICE PELLETS
TOTAL MONTH: 0.0 INCH 5 = HAIL
GRTST 24HR 0.0 6 = FREEZING RAIN OR DRIZZLE
GRTST DEPTH: 0 7 = DUSTSTORM OR SANDSTORM:
VSBY 1/2 MILE OR LESS
8 = SMOKE OR HAZE
[NO. OF DAYS WITH] [WEATHER - DAYS WITH] 9 = BLOWING SNOW
X = TORNADO
MAX 32 OR BELOW: 0 0.01 INCH OR MORE: 6
MAX 90 OR ABOVE: 0 0.10 INCH OR MORE: 3
MIN 32 OR BELOW: 0 0.50 INCH OR MORE: 1
MIN 0 OR BELOW: 0 1.00 INCH OR MORE: 1
[HDD (BASE 65) ]
TOTAL THIS MO. 30 CLEAR (SCALE 0-3) 17
DPTR FM NORMAL -3 PTCLDY (SCALE 4-7) 10
TOTAL FM JUL 1 30 CLOUDY (SCALE 8-10) 3
DPTR FM NORMAL -4
[CDD (BASE 65) ]
TOTAL THIS MO. 112
DPTR FM NORMAL -43 [PRESSURE DATA]
TOTAL FM JAN 1 4025 HIGHEST SLP 30.29 ON 24
DPTR FM NORMAL 414 LOWEST SLP 29.85 ON 5
[REMARKS]
#FINAL-11-21#