000
CXUS52 KTBW 011100
CF6PIE
PRELIMINARY LOCAL CLIMATOLOGICAL DATA (WS FORM: F-6)
STATION: ST PETERSBURG CLEARWATER
MONTH: FEBRUARY
YEAR: 2021
LATITUDE: 27 55 N
LONGITUDE: 82 41 W
TEMPERATURE IN F: :PCPN: SNOW: WIND :SUNSHINE: SKY :PK WND
================================================================================
1 2 3 4 5 6A 6B 7 8 9 10 11 12 13 14 15 16 17 18
12Z AVG MX 2MIN
DY MAX MIN AVG DEP HDD CDD WTR SNW DPTH SPD SPD DIR MIN PSBL S-S WX SPD DR
================================================================================
1 68 50 59 -4 6 0 0.34 0.0 0 18.9 37 260 M M 9 13 49 260
2 54 47 51 -12 14 0 0.00 0.0 0 18.4 29 330 M M 6 38 330
3 59 43 51 -12 14 0 0.00 0.0 0 9.0 17 320 M M 0 22 320
4 66 42 54 -9 11 0 0.00 0.0 0 5.5 12 40 M M 0 14 50
5 76 47 62 -1 3 0 0.00 0.0 0 11.8 25 200 M M 1 31 210
6 79 59 69 6 0 4 0.02 0.0 0 9.1 26 190 M M 6 12 33 190
7 74 57 66 3 0 1 0.52 0.0 0 13.4 24 210 M M 5 13 34 230
8 78 57 68 5 0 3 0.00 0.0 0 6.2 12 110 M M 7 17 70
9 81 67 74 10 0 9 0.00 0.0 0 6.1 15 270 M M 6 128 27 320
10 83 64 74 10 0 9 0.00 0.0 0 4.4 12 230 M M 4 128 16 160
11 82 62 72 8 0 7 0.47 0.0 0 6.2 17 210 M M 2 12 24 200
12 82 67 75 11 0 10 0.00 0.0 0 6.2 16 230 M M 3 22 210
13 82 67 75 11 0 10 0.42 0.0 0 9.7 29 240 M M 6 13 37 240
14 82 68 75 11 0 10 1.01 0.0 0 11.5 29 200 M M 6 13 38 210
15 83 68 76 12 0 11 0.64 0.0 0 13.0 28 210 M M 5 13 35 200
16 70 58 64 0 1 0 0.01 0.0 0 11.7 21 330 M M 9 13 25 320
17 72 57 65 1 0 0 0.05 0.0 0 7.9 18 110 M M 9 1 22 110
18 83 68 76 12 0 11 0.00 0.0 0 14.9 28 180 M M 6 1 34 190
19 77 56 67 2 0 2 0.23 0.0 0 15.0 24 320 M M 7 1 28 300
20 68 49 59 -6 6 0 0.00 0.0 0 11.3 20 70 M M 3 25 70
21 76 53 65 0 0 0 0.00 0.0 0 11.9 22 110 M M 0 28 120
22 80 61 71 6 0 6 0.03 0.0 0 10.4 21 200 M M 6 1 25 200
23 76 57 67 2 0 2 0.00 0.0 0 8.2 16 330 M M 3 20 330
24 77 52 65 0 0 0 0.00 0.0 0 4.4 13 310 M M 1 18 300
25 81 55 68 3 0 3 0.00 0.0 0 4.6 14 310 M M 1 16 300
26 85 60 73 8 0 8 0.00 0.0 0 5.4 12 290 M M 2 16 250
27 86 69 78 13 0 13 0.00 0.0 0 6.8 14 150 M M 3 22 130
28 86 69 78 13 0 13 0.00 0.0 0 10.1 21 200 M M 2 25 190
================================================================================
SM 2146 1629 55 132 3.74 0.0 272.0 M 118
================================================================================
AV 76.6 58.2 9.7 FASTST M M 4 MAX(MPH)
MISC ----> 37 260 49 260
================================================================================
NOTES:
# LAST OF SEVERAL OCCURRENCES
COLUMN 17 PEAK WIND IN M.P.H.
PRELIMINARY LOCAL CLIMATOLOGICAL DATA (WS FORM: F-6) , PAGE 2
STATION: ST PETERSBURG CLEARWATER
MONTH: FEBRUARY
YEAR: 2021
LATITUDE: 27 55 N
LONGITUDE: 82 41 W
[TEMPERATURE DATA] [PRECIPITATION DATA] SYMBOLS USED IN COLUMN 16
AVERAGE MONTHLY: 67.4 TOTAL FOR MONTH: 3.74 1 = FOG OR MIST
DPTR FM NORMAL: 3.3 DPTR FM NORMAL: 0.71 2 = FOG REDUCING VISIBILITY
HIGHEST: 86 ON 28,27 GRTST 24HR 1.30 ON 31- 1 TO 1/4 MILE OR LESS
LOWEST: 42 ON 4 3 = THUNDER
SNOW, ICE PELLETS, HAIL 4 = ICE PELLETS
TOTAL MONTH: 0.0 INCH 5 = HAIL
GRTST 24HR 0.0 6 = FREEZING RAIN OR DRIZZLE
GRTST DEPTH: 0 7 = DUSTSTORM OR SANDSTORM:
VSBY 1/2 MILE OR LESS
8 = SMOKE OR HAZE
[NO. OF DAYS WITH] [WEATHER - DAYS WITH] 9 = BLOWING SNOW
X = TORNADO
MAX 32 OR BELOW: 0 0.01 INCH OR MORE: 11
MAX 90 OR ABOVE: 0 0.10 INCH OR MORE: 7
MIN 32 OR BELOW: 0 0.50 INCH OR MORE: 3
MIN 0 OR BELOW: 0 1.00 INCH OR MORE: 1
[HDD (BASE 65) ]
TOTAL THIS MO. 55 CLEAR (SCALE 0-3) 11
DPTR FM NORMAL -41 PTCLDY (SCALE 4-7) 14
TOTAL FM JUL 1 314 CLOUDY (SCALE 8-10) 3
DPTR FM NORMAL 51
[CDD (BASE 65) ]
TOTAL THIS MO. 132
DPTR FM NORMAL 65 [PRESSURE DATA]
TOTAL FM JAN 1 185 HIGHEST SLP 30.34 ON 21
DPTR FM NORMAL 56 LOWEST SLP 29.81 ON 7
[REMARKS]
#FINAL-02-21#