000
CXUS52 KTBW 071552
CF6PIE
PRELIMINARY LOCAL CLIMATOLOGICAL DATA (WS FORM: F-6)
STATION: St Petersburg Clearwater
MONTH: MARCH
YEAR: 2020
LATITUDE: 27 55 N
LONGITUDE: 82 41 W
TEMPERATURE IN F: :PCPN: SNOW: WIND :SUNSHINE: SKY :PK WND
================================================================================
1 2 3 4 5 6A 6B 7 8 9 10 11 12 13 14 15 16 17 18
12Z AVG MX 2MIN
DY MAX MIN AVG DEP HDD CDD WTR SNW DPTH SPD SPD DIR MIN PSBL S-S WX SPD DR
================================================================================
1 74 46 60 -6 5 0 0.00 0.0 0 5.4 15 110 M M 0 21 120
2 81 57 69 3 0 4 0.00 0.0 0 10.1 22 120 M M 3 29 130
3 84 63 74 8 0 9 0.00 0.0 0 11.4 22 180 M M 1 28 190
4 86 67 77 11 0 12 0.00 0.0 0 12.7 28 200 M M 0 1 34 190
5 87 71 79 13 0 14 0.00 0.0 0 15.9 30 200 M M 5 35 200
6 73 63 68 2 0 3 T 0.0 0 16.5 24 330 M M 5 8 30 330
7 69 52 61 -5 4 0 0.00 0.0 0 14.3 22 10 M M 0 30 40
8 79 54 67 1 0 2 0.00 0.0 0 12.0 18 120 M M 2 26 120
9 81 61 71 4 0 6 0.00 0.0 0 9.4 18 100 M M 5 24 100
10 82 63 73 6 0 8 0.00 0.0 0 6.6 18 130 M M 4 23 130
11 83 62 73 6 0 8 0.00 0.0 0 5.6 15 320 M M 1 18 320
12 85 63 74 7 0 9 0.00 0.0 0 5.5 14 220 M M 1 20 290
13 87 62 75 8 0 10 0.00 0.0 0 5.6 16 320 M M 1 19 330
14 87 64 76 9 0 11 0.00 0.0 0 6.5 15 290 M M 0 19 280
15 87 68 78 10 0 13 0.00 0.0 0 6.8 16 330 M M 1 19 330
16 86 67 77 9 0 12 0.00 0.0 0 7.1 15 100 M M 1 1 21 110
17 85 69 77 9 0 12 0.00 0.0 0 7.0 13 280 M M 2 16 250
18 89 70 80 12 0 15 0.00 0.0 0 8.1 16 120 M M 0 20 120
19 89 68 79 11 0 14 0.00 0.0 0 7.8 17 150 M M 1 24 140
20 87 69 78 10 0 13 0.00 0.0 0 6.8 15 260 M M 1 19 250
21 86 71 79 10 0 14 0.00 0.0 0 6.9 14 310 M M 2 17 340
22 89 73 81 12 0 16 0.00 0.0 0 7.2 14 220 M M 2 19 120
23 86 67 77 8 0 12 0.00 0.0 0 5.9 14 260 M M 1 1 19 230
24 86 68 77 8 0 12 0.00 0.0 0 8.5 18 230 M M 2 1 24 210
25 86 72 79 10 0 14 0.00 0.0 0 11.8 21 230 M M 4 27 280
26 88 71 80 11 0 15 0.00 0.0 0 6.4 14 290 M M 2 17 270
27 90 68 79 9 0 14 0.00 0.0 0 4.6 13 260 M M 2 18 18 290
28 91 66 79 9 0 14 0.00 0.0 0 5.5 15 220 M M 0 1 19 120
29 88 70 79 9 0 14 0.00 0.0 0 5.9 16 170 M M 2 22 130
30 88 70 79 9 0 14 0.00 0.0 0 5.0 14 270 M M 3 17 260
31 86 72 79 9 0 14 0.01 0.0 0 14.4 30 240 M M 5 45 230
================================================================================
SM 2625 2027 9 328 0.01 0.0 263.2 M 59
================================================================================
AV 84.7 65.4 8.5 FASTST M M 2 MAX(MPH)
MISC ----> # 30 200 # 45 230
================================================================================
NOTES:
# LAST OF SEVERAL OCCURRENCES
COLUMN 17 PEAK WIND IN M.P.H.
PRELIMINARY LOCAL CLIMATOLOGICAL DATA (WS FORM: F-6) , PAGE 2
STATION: St Petersburg Clearwater
MONTH: MARCH
YEAR: 2020
LATITUDE: 27 55 N
LONGITUDE: 82 41 W
[TEMPERATURE DATA] [PRECIPITATION DATA] SYMBOLS USED IN COLUMN 16
AVERAGE MONTHLY: 75.0 TOTAL FOR MONTH: 0.01 1 = FOG OR MIST
DPTR FM NORMAL: 7.3 DPTR FM NORMAL: -3.55 2 = FOG REDUCING VISIBILITY
HIGHEST: 91 ON 28 GRTST 24HR 0.01 ON 31-31 TO 1/4 MILE OR LESS
LOWEST: 46 ON 1 3 = THUNDER
SNOW, ICE PELLETS, HAIL 4 = ICE PELLETS
TOTAL MONTH: 0.0 INCH 5 = HAIL
GRTST 24HR 0.0 6 = FREEZING RAIN OR DRIZZLE
GRTST DEPTH: 0 7 = DUSTSTORM OR SANDSTORM:
VSBY 1/2 MILE OR LESS
8 = SMOKE OR HAZE
[NO. OF DAYS WITH] [WEATHER - DAYS WITH] 9 = BLOWING SNOW
X = TORNADO
MAX 32 OR BELOW: 0 0.01 INCH OR MORE: 1
MAX 90 OR ABOVE: 2 0.10 INCH OR MORE: 0
MIN 32 OR BELOW: 0 0.50 INCH OR MORE: 0
MIN 0 OR BELOW: 0 1.00 INCH OR MORE: 0
[HDD (BASE 65) ]
TOTAL THIS MO. 9 CLEAR (SCALE 0-3) 25
DPTR FM NORMAL -36 PTCLDY (SCALE 4-7) 6
TOTAL FM JUL 1 218 CLOUDY (SCALE 8-10) 0
DPTR FM NORMAL -90
[CDD (BASE 65) ]
TOTAL THIS MO. 328
DPTR FM NORMAL 204 [PRESSURE DATA]
TOTAL FM JAN 1 602 HIGHEST SLP 30.50 ON 9
DPTR FM NORMAL 349 LOWEST SLP 29.74 ON 31
[REMARKS]
#FINAL-03-20#