000
CXUS55 KPIH 020655
CF6PIH
PRELIMINARY LOCAL CLIMATOLOGICAL DATA (WS FORM: F-6)
STATION: POCATELLO
MONTH: FEBRUARY
YEAR: 2023
LATITUDE: 42 55 N
LONGITUDE: 112 36 W
TEMPERATURE IN F: :PCPN: SNOW: WIND :SUNSHINE: SKY :PK WND
================================================================================
1 2 3 4 5 6A 6B 7 8 9 10 11 12 13 14 15 16 17 18
12Z AVG MX 2MIN
DY MAX MIN AVG DEP HDD CDD WTR SNW DPTH SPD SPD DIR MIN PSBL S-S WX SPD DR
================================================================================
1 22 -1 11 -16 54 0 0.00 0.0 2 4.7 13 360 M M 2 15 360
2 27 3 15 -12 50 0 0.00 0.0 2 5.1 12 30 M M 0 13 30
3 32 5 19 -8 46 0 0.00 0.0 2 4.5 10 340 M M 1 12 60
4 33 8 21 -6 44 0 0.00 0.0 1 4.2 13 10 M M 0 18 16 10
5 37 15 26 -1 39 0 0.05 0.8 1 12.2 28 230 M M 6 1 34 230
6 37 29 33 5 32 0 0.01 0.1 1 16.0 24 240 M M 8 1 30 230
7 37 23 30 2 35 0 0.00 0.0 T 7.5 18 220 M M 6 24 220
8 35 17 26 -2 39 0 0.00 0.0 T 13.1 30 240 M M 5 39 200
9 32 9 21 -7 44 0 0.00 0.0 T 3.4 9 10 M M 0 12 340
10 31 5 18 -10 47 0 0.00 0.0 T 5.6 12 30 M M 0 14 20
11 39 10 25 -3 40 0 0.00 0.0 T 4.6 12 340 M M 0 14 340
12 34 10 22 -7 43 0 0.00 0.0 T 3.6 10 230 M M 0 18 12 230
13 32 6 19 -10 46 0 0.02 0.3 T 7.9 39 240 M M 4 128 50 230
14 26 18 22 -7 43 0 0.28 4.6 1 19.7 39 250 M M 10 129 52 240
15 20 -3 9 -20 56 0 0.00 0.0 5 7.1 17 60 M M 0 24 60
16 24 -6 9 -21 56 0 0.00 0.0 5 2.2 9 20 M M 1 18 10 50
17 25 -7 9 -21 56 0 0.00 0.0 4 3.4 9 50 M M 0 1 11 180
18 30 -8 11 -19 54 0 0.02 0.3 4 5.2 16 350 M M 5 128 20 200
19 37 2 20 -11 45 0 0.01 0.2 4 9.2 21 240 M M 6 12 28 220
20 41 36 39 8 26 0 0.00 0.0 3 17.8 26 230 M M 9 35 240
21 43 28 36 5 29 0 0.01 T 1 18.7 35 250 M M 9 44 250
22 28 9 19 -13 46 0 0.05 0.9 T 14.3 23 50 M M 10 18 33 50
23 26 5 16 -16 49 0 0.03 0.2 1 7.9 18 220 M M 8 1 24 190
24 34 5 20 -12 45 0 0.00 0.0 1 8.5 24 180 M M 3 32 180
25 37 12 25 -8 40 0 0.00 0.0 T 5.0 14 30 M M 1 17 30
26 40 18 29 -4 36 0 0.09 1.4 0 10.5 28 230 M M 8 18 37 230
27 34 17 26 -7 39 0 0.33 4.1 1 11.7 28 270 M M 7 128 55 250
28 30 22 26 -8 39 0 0.03 0.2 5 17.7 32 240 M M 6 18 40 230
================================================================================
SM 903 287 1218 0 0.93 13.1 251.3 M 115
================================================================================
AV 32.3 10.3 9.0 FASTST M M 4 MAX(MPH)
MISC ----> # 39 240 55 250
================================================================================
NOTES:
# LAST OF SEVERAL OCCURRENCES
COLUMN 17 PEAK WIND IN M.P.H.
PRELIMINARY LOCAL CLIMATOLOGICAL DATA (WS FORM: F-6) , PAGE 2
STATION: POCATELLO
MONTH: FEBRUARY
YEAR: 2023
LATITUDE: 42 55 N
LONGITUDE: 112 36 W
[TEMPERATURE DATA] [PRECIPITATION DATA] SYMBOLS USED IN COLUMN 16
AVERAGE MONTHLY: 21.3 TOTAL FOR MONTH: 0.93 1 = FOG OR MIST
DPTR FM NORMAL: -8.5 DPTR FM NORMAL: -0.04 2 = FOG REDUCING VISIBILITY
HIGHEST: 43 ON 21 GRTST 24HR 0.33 ON 27-27 TO 1/4 MILE OR LESS
LOWEST: -8 ON 18 3 = THUNDER
SNOW, ICE PELLETS, HAIL 4 = ICE PELLETS
TOTAL MONTH: 13.1 INCHES 5 = HAIL
GRTST 24HR 4.6 ON 14-14 6 = FREEZING RAIN OR DRIZZLE
GRTST DEPTH: 5 ON 28,16 7 = DUSTSTORM OR SANDSTORM:
VSBY 1/2 MILE OR LESS
8 = SMOKE OR HAZE
[NO. OF DAYS WITH] [WEATHER - DAYS WITH] 9 = BLOWING SNOW
X = TORNADO
MAX 32 OR BELOW: 14 0.01 INCH OR MORE: 12
MAX 90 OR ABOVE: 0 0.10 INCH OR MORE: 2
MIN 32 OR BELOW: 27 0.50 INCH OR MORE: 0
MIN 0 OR BELOW: 5 1.00 INCH OR MORE: 0
[HDD (BASE 65) ]
TOTAL THIS MO. 1218 CLEAR (SCALE 0-3) 13
DPTR FM NORMAL 228 PTCLDY (SCALE 4-7) 10
TOTAL FM JUL 1 5408 CLOUDY (SCALE 8-10) 5
DPTR FM NORMAL 300
[CDD (BASE 65) ]
TOTAL THIS MO. 0
DPTR FM NORMAL 0 [PRESSURE DATA]
TOTAL FM JAN 1 0 HIGHEST SLP 30.72 ON 9
DPTR FM NORMAL 0 LOWEST SLP 29.28 ON 21
[REMARKS]
27TH: CONSIDERABLE BLOWING AND DRIFTING SNOW WITH UNDERCATCH OF LIQUID
EQUIVALENT AT ASOS FROM 06-07Z. SAMPLING FROM BACKUP EQUIP LOCATED
AT THE WFO 1.4 MILES SW OF SENSOR UTILIZED TO AUGMENT ASOS.
#FINAL-02-23#