000
CXUS55 KPIH 021619
CLMPIH
CLIMATE REPORT
NATIONAL WEATHER SERVICE POCATELLO ID
1001 AM MDT THU NOV 02 2023
...................................
...THE POCATELLO CLIMATE SUMMARY FOR THE MONTH OF OCTOBER 2023...
CLIMATE NORMAL PERIOD 1991 TO 2020
CLIMATE RECORD PERIOD 1939 TO 2023
WEATHER OBSERVED NORMAL DEPART LAST YEAR`S
VALUE DATE(S) VALUE FROM VALUE DATE(S)
NORMAL
................................................................
TEMPERATURE (F)
RECORD
HIGH 91 10/01/1992
LOW -6 10/30/2019
HIGHEST 80 10/09 91 -11 78 10/05
10/06
10/07
LOWEST 13 10/30 -6 19 18 10/28
AVG. MAXIMUM 62.0 61.5 0.5 65.9
AVG. MINIMUM 34.9 32.8 2.1 31.7
MEAN 48.4 47.1 1.3 48.8
DAYS MAX >= 90 0 0.1 -0.1 0
DAYS MAX <= 32 0 0.2 -0.2 0
DAYS MIN <= 32 7 14.7 -7.7 16
DAYS MIN <= 0 0 0.0 0.0 0
PRECIPITATION (INCHES)
RECORD
MAXIMUM 3.23 2016
MINIMUM 0.00 2003
TOTALS 1.16 0.99 0.17 0.64
DAILY AVG. 0.04 0.03 0.01 0.02
DAYS >= .01 9 6.4 2.6 6
DAYS >= .10 4 3.3 0.7 2
DAYS >= .50 0 0.4 -0.4 0
DAYS >= 1.00 0 0.0 0.0 0
GREATEST
24 HR. TOTAL 0.40 10/11 TO 10/12 0.42
SNOWFALL (INCHES)
RECORDS
TOTAL 12.6 1971
TOTALS 1.0 1.2 -0.2 0.9
SINCE 7/1 1.0 1.2 -0.2 MM
SNOWDEPTH AVG. 0 0
DAYS >= 1.0 1 0.4 0.6 0
GREATEST
SNOW DEPTH 0 1 10/27
24 HR TOTAL MM MM
DEGREE DAYS
HEATING TOTAL 505 554 -49 493
SINCE 7/1 659 782 -123 MM
COOLING TOTAL 0 0 0 0
SINCE 1/1 443 430 13 MM
................................................................
WIND (MPH)
AVERAGE WIND SPEED 7.3
HIGHEST WIND SPEED/DIRECTION 35/250 DATE 10/26
HIGHEST GUST SPEED/DIRECTION 44/240 DATE 10/26
SKY COVER
POSSIBLE SUNSHINE (PERCENT) MM
AVERAGE SKY COVER 0.27
NUMBER OF DAYS FAIR 21
NUMBER OF DAYS PC 7
NUMBER OF DAYS CLOUDY 3
AVERAGE RH (PERCENT) 67
WEATHER CONDITIONS. NUMBER OF DAYS WITH
THUNDERSTORM 1 MIXED PRECIP 0
HEAVY RAIN 0 RAIN 2
LIGHT RAIN 9 FREEZING RAIN 0
LT FREEZING RAIN 0 HAIL 0
HEAVY SNOW 0 SNOW 0
LIGHT SNOW 3 SLEET 0
FOG 8 FOG W/VIS <= 1/4 MILE 0
HAZE 3
- INDICATES NEGATIVE NUMBERS.
R INDICATES RECORD WAS SET OR TIED.
MM INDICATES DATA IS MISSING.
T INDICATES TRACE AMOUNT.
$$