000
CXUS53 KABR 011100
CF6PIR
PRELIMINARY LOCAL CLIMATOLOGICAL DATA (WS FORM: F-6)
STATION: PIERRE SD
MONTH: JULY
YEAR: 2023
LATITUDE: 44 22 N
LONGITUDE: 100 17 W
TEMPERATURE IN F: :PCPN: SNOW: WIND :SUNSHINE: SKY :PK WND
================================================================================
1 2 3 4 5 6A 6B 7 8 9 10 11 12 13 14 15 16 17 18
12Z AVG MX 2MIN
DY MAX MIN AVG DEP HDD CDD WTR SNW DPTH SPD SPD DIR MIN PSBL S-S WX SPD DR
================================================================================
1 86 60 73 1 0 8 0.00 0.0 0 5.0 13 270 M M 0 1 18 200
2 93 62 78 5 0 13 0.00 0.0 0 7.1 17 220 M M 0 25 210
3 88 63 76 3 0 11 0.02 0.0 0 12.4 23 70 M M 1 3 30 140
4 79 60 70 -3 0 5 0.08 0.0 0 12.3 25 350 M M 7 1 35 350
5 72 49 61 -13 4 0 0.00 0.0 0 7.5 13 290 M M 1 20 320
6 82 47 65 -9 0 0 0.00 0.0 0 8.1 18 190 M M 2 28 170
7 77 57 67 -7 0 2 0.18 0.0 0 6.6 29 60 M M 6 13 40 50
8 80 52 66 -8 0 1 0.00 0.0 0 5.7 13 160 M M 1 16 160
9 90 59 75 1 0 10 0.00 0.0 0 7.2 15 220 M M 0 20 210
10 98 60 79 5 0 14 0.00 0.0 0 8.6 28 30 M M 0 34 20
11 71 58 65 -10 0 0 T 0.0 0 12.8 29 120 M M 3 3 38 120
12 83 56 70 -5 0 5 0.40 0.0 0 6.2 22 160 M M 4 13 31 150
13 91 60 76 1 0 11 0.00 0.0 0 7.4 20 30 M M 1 3 25 30
14 88 64 76 1 0 11 0.02 0.0 0 9.9 21 10 M M 4 38 27 10
15 84 60 72 -3 0 7 0.00 0.0 0 9.6 22 340 M M 9 18 28 330
16 82 56 69 -6 0 4 0.00 0.0 0 8.6 17 30 M M 7 18 23 350
17 79 51 65 -11 0 0 T 0.0 0 5.9 20 150 M M 0 26 150
18 94 56 75 -1 0 10 0.41 T 0 8.4 41 10 M M 3 135 54 10
19 90 62 76 0 0 11 0.00 0.0 0 10.8 23 320 M M 0 1 33 330
20 81 58 70 -6 0 5 0.00 0.0 0 6.4 14 330 M M 1 19 360
21 89 57 73 -3 0 8 0.00 0.0 0 6.1 16 10 M M 0 30 360
22 91 59 75 -1 0 10 0.00 0.0 0 7.5 17 30 M M 0 27 360
23 97 59 78 2 0 13 0.04 0.0 0 10.6 32 330 M M 1 13 44 330
24 95 62 79 3 0 14 0.00 0.0 0 9.0 17 140 M M 0 1 23 140
25 105 72 89 13 0 24 0.00 0.0 0 10.5 25 350 M M 0 32 360
26 107 67 87 11 0 22 0.17 0.0 0 10.0 30 160 M M 0 3 41 150
27 98 65 82 6 0 17 0.00 0.0 0 9.3 20 10 M M 0 3 26 360
28 88 63 76 0 0 11 0.00 0.0 0 10.7 22 50 M M 0 32 70
29 86 63 75 -1 0 10 0.09 0.0 0 11.1 28 110 M M 2 13 33 110
30 87 63 75 -1 0 10 0.01 0.0 0 14.1 29 80 M M 1 38 70
31 93 67 80 4 0 15 0.00 0.0 0 10.3 17 130 M M 0 3 26 160
================================================================================
SM 2724 1847 4 282 1.42 T 275.7 M 54
================================================================================
AV 87.9 59.6 8.9 FASTST M M 2 MAX(MPH)
MISC ----> 41 10 54 10
================================================================================
NOTES:
# LAST OF SEVERAL OCCURRENCES
COLUMN 17 PEAK WIND IN M.P.H.
PRELIMINARY LOCAL CLIMATOLOGICAL DATA (WS FORM: F-6) , PAGE 2
STATION: PIERRE SD
MONTH: JULY
YEAR: 2023
LATITUDE: 44 22 N
LONGITUDE: 100 17 W
[TEMPERATURE DATA] [PRECIPITATION DATA] SYMBOLS USED IN COLUMN 16
AVERAGE MONTHLY: 73.7 TOTAL FOR MONTH: 1.42 1 = FOG OR MIST
DPTR FM NORMAL: -1.2 DPTR FM NORMAL: -0.97 2 = FOG REDUCING VISIBILITY
HIGHEST: 107 ON 26 GRTST 24HR 0.41 ON 17-18 TO 1/4 MILE OR LESS
LOWEST: 47 ON 6 3 = THUNDER
SNOW, ICE PELLETS, HAIL 4 = ICE PELLETS
TOTAL MONTH: T 5 = HAIL
GRTST 24HR T ON 18-18 6 = FREEZING RAIN OR DRIZZLE
GRTST DEPTH: 0 7 = DUSTSTORM OR SANDSTORM:
VSBY 1/2 MILE OR LESS
8 = SMOKE OR HAZE
[NO. OF DAYS WITH] [WEATHER - DAYS WITH] 9 = BLOWING SNOW
X = TORNADO
MAX 32 OR BELOW: 0 0.01 INCH OR MORE: 10
MAX 90 OR ABOVE: 13 0.10 INCH OR MORE: 4
MIN 32 OR BELOW: 0 0.50 INCH OR MORE: 0
MIN 0 OR BELOW: 0 1.00 INCH OR MORE: 0
[HDD (BASE 65) ]
TOTAL THIS MO. 4 CLEAR (SCALE 0-3) 25
DPTR FM NORMAL -2 PTCLDY (SCALE 4-7) 5
TOTAL FM JUL 1 4 CLOUDY (SCALE 8-10) 1
DPTR FM NORMAL 4
[CDD (BASE 65) ]
TOTAL THIS MO. 282
DPTR FM NORMAL -32 [PRESSURE DATA]
TOTAL FM JAN 1 577 HIGHEST SLP 30.21 ON 29
DPTR FM NORMAL 100 LOWEST SLP 29.65 ON 25
[REMARKS]
#FINAL-07-23#