000
CXUS51 KRLX 061652
CLAPKB
CLIMATE REPORT
NATIONAL WEATHER SERVICE CHARLESTON WV
1147 AM EST MON JAN 6 2020
...................................
...THE PARKERSBURG WV CLIMATE SUMMARY FOR THE YEAR OF 2019...
CLIMATE NORMAL PERIOD 1981 TO 2010
CLIMATE RECORD PERIOD 1926 TO 2020
WEATHER OBSERVED NORMAL DEPART LAST YEAR`S
VALUE DATE(S) VALUE FROM VALUE
NORMAL
.............................................................
TEMPERATURE (F)
RECORD
HIGH 106 08/06/1918
LOW -27 02/10/1899
HIGHEST 96 10/03
LOWEST -5 01/31
AVG. MAXIMUM 66.4 64.4 2.0
AVG. MINIMUM 44.7 43.6 1.1
MEAN 55.5 54.0 1.5 55.2
DAYS MAX >= 90 26 14.5 11.5 22
DAYS MAX <= 32 18 19.2 -1.2 20
DAYS MIN <= 32 103 101.4 1.6 119
DAYS MIN <= 0 3 1.8 1.2 6
PRECIPITATION (INCHES)
RECORD
MAXIMUM 62.67 1890
MINIMUM 19.70 1930
TOTALS 47.33 41.19 6.14 53.71
DAILY AVG. 0.13 0.11 0.02 0.15
DAYS >= .01 147 141.2 5.8 157
DAYS >= .10 96 84.4 11.6 102
DAYS >= .50 33 26.9 6.1 39
DAYS >= 1.00 13 8.2 4.8 14
GREATEST
24 HR. TOTAL 2.48 02/06 TO 02/06 2.75
DEGREE_DAYS
HEATING TOTAL 4495 4972 -477 4943
SINCE 7/1 1766 1910 -144 1882
COOLING TOTAL 1255 956 299 1437
SINCE 1/1 1255 955 300 1437
..............................................................
WIND (MPH)
AVERAGE WIND SPEED 5.2
HIGHEST WIND SPEED/DIRECTION 33/280 DATE 05/02
HIGHEST GUST SPEED/DIRECTION 51/290 DATE 01/08
SKY COVER
POSSIBLE SUNSHINE (PERCENT) MM
AVERAGE SKY COVER 0.40
NUMBER OF DAYS FAIR 175
NUMBER OF DAYS PC 107
NUMBER OF DAYS CLOUDY 83
AVERAGE RH (PERCENT) 69
WEATHER CONDITIONS. NUMBER OF DAYS WITH
THUNDERSTORM 55 MIXED PRECIP 0
HEAVY RAIN 41 RAIN 70
LIGHT RAIN 155 FREEZING RAIN 3
LIGHT FREEZING RAIN 5 HAIL 0
HEAVY SNOW 1 SNOW 8
LIGHT SNOW 40 SLEET 0
FOG 233 FOG W/VIS <= 1/4 MILE 56
HAZE 80
- INDICATES NEGATIVE NUMBERS.
R INDICATES RECORD WAS SET OR TIED.
MM INDICATES DATA IS MISSING.
T INDICATES TRACE AMOUNT.
$$