000
CXUS53 KFGF 010815
CF6PKD
PRELIMINARY LOCAL CLIMATOLOGICAL DATA (WS FORM: F-6)
STATION: PARK RAPIDS MN
MONTH: AUGUST
YEAR: 2023
LATITUDE: 46 54 N
LONGITUDE: 95 4 W
TEMPERATURE IN F: :PCPN: SNOW: WIND :SUNSHINE: SKY :PK WND
================================================================================
1 2 3 4 5 6A 6B 7 8 9 10 11 12 13 14 15 16 17 18
12Z AVG MX 2MIN
DY MAX MIN AVG DEP HDD CDD WTR SNW DPTH SPD SPD DIR MIN PSBL S-S WX SPD DR
================================================================================
1 82 62 72 3 0 7 0.75 M M 8.5 23 180 M M 3 13 29 350
2 90 63 77 8 0 12 0.00 M M 4.9 12 290 M M 0 15 260
3 91 60 76 8 0 11 0.00 M M 5.1 17 360 M M 0 1 23 360
4 83 55 69 1 0 4 0.00 M M 5.7 16 110 M M 0 18 20 100
5 83 64 74 6 0 9 0.00 M M 6.5 17 140 M M 1 3 23 140
6 78 64 71 3 0 6 T M M 5.9 16 160 M M 5 13 22 10
7 79 53 66 -2 0 1 0.00 M M 6.2 15 330 M M 0 21 360
8 84 56 70 2 0 5 0.02 M M 5.8 23 230 M M 1 13 29 230
9 78 54 66 -2 0 1 T M M 5.2 17 360 M M 5 12 21 360
10 71 46 59 -9 6 0 0.21 M M 5.8 18 120 M M 4 13 25 120
11 77 59 68 0 0 3 T M M 7.6 28 300 M M 5 13 37 310
12 76 53 65 -3 0 0 0.00 M M 6.8 17 310 M M 4 25 300
13 71 53 62 -6 3 0 0.21 M M 4.4 14 130 M M 4 1 20 130
14 77 53 65 -2 0 0 0.00 M M 5.6 15 20 M M 1 23 10
15 87 55 71 4 0 6 0.00 M M 9.2 22 270 M M 0 29 270
16 85 61 73 6 0 8 T M M 13.6 28 320 M M 1 39 300
17 74 55 65 -2 0 0 T M M 12.6 24 320 M M 4 33 320
18 80 49 65 -2 0 0 0.00 M M 14.2 28 160 M M 0 1 37 180
19 92 62 77 11 0 12 0.00 M M 9.5 21 330 M M 0 29 320
20 68 57 63 -3 2 0 0.00 M M 8.1 15 360 M M 4 23 360
21 74 60 67 1 0 2 0.00 M M 10.3 17 100 M M 9 27 120
22 85 64 75 9 0 10 0.00 M M 8.0 14 110 M M 7 18 21 120
23 84 67 76 10 0 11 0.00 M M 4.9 12 100 M M 7 12 16 110
24 84 68 76 11 0 11 T M M 5.5 14 300 M M 7 1 17 320
25 82 63 73 8 0 8 T M M 10.2 23 310 M M 4 38 320
26 72 55 64 -1 1 0 0.00 M M 7.2 13 50 M M 7 19 30
27 77 53 65 0 0 0 0.01 M M 7.1 15 140 M M 5 1 20 200
28 85 53 69 5 0 4 M M M 6.7 17 330 M M 1 1 25 330
29 81 52 67 3 0 2 0.00 0.0 0 5.9 18 340 M M 1 18 26 340
30 82 55 69 5 0 4 0.00 0.0 0 8.2 17 150 M M 0 22 150
31 82 60 71 7 0 6 T 0.0 0 18.1 32 160 M M 1 43 170
================================================================================
SM 2494 1784 12 143 1.20 0.0 243.3 M 91
================================================================================
AV 80.5 57.5 7.8 FASTST M M 3 MAX(MPH)
MISC ----> 32 160 43 170
================================================================================
NOTES:
# LAST OF SEVERAL OCCURRENCES
COLUMN 17 PEAK WIND IN M.P.H.
PRELIMINARY LOCAL CLIMATOLOGICAL DATA (WS FORM: F-6) , PAGE 2
STATION: PARK RAPIDS MN
MONTH: AUGUST
YEAR: 2023
LATITUDE: 46 54 N
LONGITUDE: 95 4 W
[TEMPERATURE DATA] [PRECIPITATION DATA] SYMBOLS USED IN COLUMN 16
AVERAGE MONTHLY: 69.0 TOTAL FOR MONTH: 1.20 1 = FOG OR MIST
DPTR FM NORMAL: 2.3 DPTR FM NORMAL: -1.58 2 = FOG REDUCING VISIBILITY
HIGHEST: 92 ON 19 GRTST 24HR 0.75 ON 1- 1 TO 1/4 MILE OR LESS
LOWEST: 46 ON 10 3 = THUNDER
SNOW, ICE PELLETS, HAIL 4 = ICE PELLETS
TOTAL MONTH: 0.0 INCH 5 = HAIL
GRTST 24HR 0.0 6 = FREEZING RAIN OR DRIZZLE
GRTST DEPTH: 0 7 = DUSTSTORM OR SANDSTORM:
VSBY 1/2 MILE OR LESS
8 = SMOKE OR HAZE
[NO. OF DAYS WITH] [WEATHER - DAYS WITH] 9 = BLOWING SNOW
X = TORNADO
MAX 32 OR BELOW: 0 0.01 INCH OR MORE: 5
MAX 90 OR ABOVE: 3 0.10 INCH OR MORE: 3
MIN 32 OR BELOW: 0 0.50 INCH OR MORE: 1
MIN 0 OR BELOW: 0 1.00 INCH OR MORE: 0
[HDD (BASE 65) ]
TOTAL THIS MO. 12 CLEAR (SCALE 0-3) 15
DPTR FM NORMAL -41 PTCLDY (SCALE 4-7) 15
TOTAL FM JUL 1 63 CLOUDY (SCALE 8-10) 1
DPTR FM NORMAL -21
[CDD (BASE 65) ]
TOTAL THIS MO. 143
DPTR FM NORMAL 37 [PRESSURE DATA]
TOTAL FM JAN 1 457 HIGHEST SLP M ON M
DPTR FM NORMAL 121 LOWEST SLP 29.49 ON 16
[REMARKS]
#FINAL-08-23#