000
CXUS53 KAPX 010730
CF6PLN
PRELIMINARY LOCAL CLIMATOLOGICAL DATA (WS FORM: F-6)
STATION: PELLSTON
MONTH: MAY
YEAR: 2023
LATITUDE: 45 34 N
LONGITUDE: 84 48 W
TEMPERATURE IN F: :PCPN: SNOW: WIND :SUNSHINE: SKY :PK WND
================================================================================
1 2 3 4 5 6A 6B 7 8 9 10 11 12 13 14 15 16 17 18
12Z AVG MX 2MIN
DY MAX MIN AVG DEP HDD CDD WTR SNW DPTH SPD SPD DIR MIN PSBL S-S WX SPD DR
================================================================================
1 40 34 37 -9 28 0 0.60 M M 12.3 26 320 M M 10 1 37 320
2 45 34 40 -6 25 0 0.19 M M 15.0 24 320 M M 10 1 33 330
3 57 35 46 -1 19 0 0.00 M M 10.5 18 320 M M 4 24 320
4 63 28 46 -1 19 0 0.00 M M 4.4 14 80 M M 3 18 270
5 50 44 47 -1 18 0 0.25 M M 7.5 13 120 M M 9 1 20 110
6 63 46 55 7 10 0 0.07 M M 7.7 15 110 M M 9 1 21 90
7 54 39 47 -2 18 0 0.98 M M 6.9 20 110 M M 9 12 28 110
8 67 36 52 3 13 0 0.00 M M 4.3 15 80 M M 3 12 18 70
9 72 33 53 3 12 0 0.00 M M 2.5 12 30 M M 0 16 330
10 76 35 56 6 9 0 0.00 M M 4.3 17 260 M M 2 22 250
11 78 49 64 14 1 0 T M M 6.0 20 280 M M 3 28 270
12 80 47 64 13 1 0 0.00 M M 3.2 14 360 M M 4 17 360
13 73 44 59 8 6 0 0.00 M M 6.5 15 40 M M 0 23 10
14 64 33 49 -3 16 0 0.00 M M 6.2 16 70 M M 0 22 70
15 69 27 48 -4 17 0 0.00 M M 6.6 20 280 M M 0 29 260
16 70 34 52 0 13 0 0.00 M M 11.4 23 330 M M 0 30 330
17 55 27 41 -12 24 0 0.00 M M 3.9 13 50 M M 1 18 50
18 70 27 49 -4 16 0 0.00 M M 5.2 14 190 M M 0 24 140
19 64 47 56 2 9 0 0.18 M M 8.0 16 290 M M 7 1 22 280
20 69 46 58 4 7 0 0.36 M M 10.3 21 310 M M 5 1 28 290
21 73 45 59 5 6 0 0.00 M M 6.2 15 310 M M 1 21 280
22 77 48 63 8 2 0 T M M 4.2 15 30 M M 3 19 30
23 79 45 62 7 3 0 T M M 5.2 16 270 M M 1 23 280
24 61 35 48 -7 17 0 T M M 8.8 17 40 M M 3 26 80
25 64 28 46 -10 19 0 0.00 M M 4.2 14 80 M M 0 22 60
26 73 28 51 -5 14 0 0.00 M M 2.5 12 320 M M 0 18 290
27 79 31 55 -1 10 0 0.00 M M 3.1 15 280 M M 0 21 290
28 83 37 60 3 5 0 0.00 M M 3.7 12 340 M M 0 19 40
29 86 38 62 5 3 0 0.00 M M 3.8 15 80 M M 0 19 90
30 89 45 67 9 0 2 0.00 M M 4.3 17 80 M M 0 22 80
31 90 54 72 14 0 7 T M M 3.9 14 160 M M 3 3 21 160
================================================================================
SM 2133 1179 360 9 2.63 M 192.6 M 90
================================================================================
AV 68.8 38.0 6.2 FASTST M M 3 MAX(MPH)
MISC ----> 26 320 37 320
================================================================================
NOTES:
# LAST OF SEVERAL OCCURRENCES
COLUMN 17 PEAK WIND IN M.P.H.
PRELIMINARY LOCAL CLIMATOLOGICAL DATA (WS FORM: F-6) , PAGE 2
STATION: PELLSTON
MONTH: MAY
YEAR: 2023
LATITUDE: 45 34 N
LONGITUDE: 84 48 W
[TEMPERATURE DATA] [PRECIPITATION DATA] SYMBOLS USED IN COLUMN 16
AVERAGE MONTHLY: 53.4 TOTAL FOR MONTH: 2.63 1 = FOG OR MIST
DPTR FM NORMAL: 1.2 DPTR FM NORMAL: -0.16 2 = FOG REDUCING VISIBILITY
HIGHEST: 90 ON 31 GRTST 24HR 1.00 ON 6- 7 TO 1/4 MILE OR LESS
LOWEST: 27 ON 18,17 3 = THUNDER
SNOW, ICE PELLETS, HAIL 4 = ICE PELLETS
TOTAL MONTH: M 5 = HAIL
GRTST 24HR M ON M 6 = FREEZING RAIN OR DRIZZLE
GRTST DEPTH: M ON M 7 = DUSTSTORM OR SANDSTORM:
VSBY 1/2 MILE OR LESS
8 = SMOKE OR HAZE
[NO. OF DAYS WITH] [WEATHER - DAYS WITH] 9 = BLOWING SNOW
X = TORNADO
MAX 32 OR BELOW: 0 0.01 INCH OR MORE: 7
MAX 90 OR ABOVE: 1 0.10 INCH OR MORE: 6
MIN 32 OR BELOW: 7 0.50 INCH OR MORE: 2
MIN 0 OR BELOW: 0 1.00 INCH OR MORE: 0
[HDD (BASE 65) ]
TOTAL THIS MO. 360 CLEAR (SCALE 0-3) 20
DPTR FM NORMAL -49 PTCLDY (SCALE 4-7) 6
TOTAL FM JUL 1 7223 CLOUDY (SCALE 8-10) 5
DPTR FM NORMAL -1024
[CDD (BASE 65) ]
TOTAL THIS MO. 9
DPTR FM NORMAL -4 [PRESSURE DATA]
TOTAL FM JAN 1 14 HIGHEST SLP 30.54 ON 14
DPTR FM NORMAL 0 LOWEST SLP 29.13 ON 1
[REMARKS]
#FINAL-05-23#