000
CXUS53 KAPX 010730
CF6PLN
PRELIMINARY LOCAL CLIMATOLOGICAL DATA (WS FORM: F-6)
STATION: PELLSTON
MONTH: OCTOBER
YEAR: 2022
LATITUDE: 45 34 N
LONGITUDE: 84 48 W
TEMPERATURE IN F: :PCPN: SNOW: WIND :SUNSHINE: SKY :PK WND
================================================================================
1 2 3 4 5 6A 6B 7 8 9 10 11 12 13 14 15 16 17 18
12Z AVG MX 2MIN
DY MAX MIN AVG DEP HDD CDD WTR SNW DPTH SPD SPD DIR MIN PSBL S-S WX SPD DR
================================================================================
1 68 32 50 -2 15 0 0.00 M M 4.6 14 80 M M 1 1 22 70
2 59 30 45 -6 20 0 0.00 M M 5.7 14 70 M M 0 20 80
3 64 26 45 -6 20 0 0.00 M M 1.7 9 210 M M 0 1 13 300
4 71 38 55 5 10 0 0.00 M M 2.1 13 260 M M 2 1 18 260
5 73 42 58 8 7 0 0.00 M M 3.9 15 250 M M 0 23 250
6 62 42 52 2 13 0 0.36 M M 11.5 26 310 M M 7 1 34 320
7 46 36 41 -8 24 0 T M M 10.1 20 330 M M 8 25 10
8 53 39 46 -3 19 0 0.00 M M 10.3 26 240 M M 6 41 230
9 57 28 43 -5 22 0 0.00 M M 3.7 16 300 M M 1 1 21 310
10 55 24 40 -8 25 0 0.00 M M 1.2 10 240 M M 0 15 250
11 76 28 52 4 13 0 0.00 M M 5.8 16 230 M M 1 26 190
12 64 37 51 4 14 0 0.29 M M 9.0 33 280 M M 8 1 46 300
13 48 36 42 -5 23 0 0.31 M M 5.0 15 280 M M 9 1 25 250
14 47 32 40 -6 25 0 0.16 M M 7.6 16 220 M M 8 1 27 220
15 48 39 44 -2 21 0 0.46 M M 8.1 22 280 M M 10 1 34 290
16 49 32 41 -5 24 0 0.08 M M 3.4 12 290 M M 9 1 17 300
17 47 37 42 -3 23 0 0.02 M M 14.7 28 340 M M 10 39 340
18 42 35 39 -6 26 0 0.78 M M 20.6 29 340 M M 10 1 42 340
19 40 34 37 -8 28 0 0.21 M M 13.5 23 340 M M 10 18 35 350
20 47 33 40 -4 25 0 0.07 M M 6.7 16 280 M M 6 1 21 280
21 70 32 51 7 14 0 0.00 M M 6.7 21 210 M M 0 34 230
22 77 30 54 10 11 0 0.00 M M 2.9 12 210 M M 2 12 M M
23 78 45 62 19 3 0 0.00 M M 7.6 18 160 M M 2 28 150
24 73 56 65 22 0 0 0.06 M M 6.4 16 150 M M 4 22 150
25 69 48 59 16 6 0 0.91 M M 6.0 17 30 M M 7 1 22 220
26 48 34 41 -1 24 0 0.40 M M 12.9 24 310 M M 10 1 33 340
27 52 28 40 -2 25 0 0.00 M M 1.8 8 240 M M 3 1 13 260
28 56 28 42 0 23 0 0.00 M M 1.9 12 230 M M 3 1 19 230
29 62 26 44 3 21 0 0.00 M M 2.7 13 210 M M 0 17 210
30 62 25 44 3 21 0 0.00 M M 1.5 8 190 M M 0 1 11 210
31 66 32 49 9 16 0 0.00 M M 1.1 12 320 M M 1 1 14 330
================================================================================
SM 1829 1064 561 0 4.11 M 200.7 M 138
================================================================================
AV 59.0 34.3 6.5 FASTST M M 4 MAX(MPH)
MISC ----> 33 280 46 300
================================================================================
NOTES:
# LAST OF SEVERAL OCCURRENCES
COLUMN 17 PEAK WIND IN M.P.H.
PRELIMINARY LOCAL CLIMATOLOGICAL DATA (WS FORM: F-6) , PAGE 2
STATION: PELLSTON
MONTH: OCTOBER
YEAR: 2022
LATITUDE: 45 34 N
LONGITUDE: 84 48 W
[TEMPERATURE DATA] [PRECIPITATION DATA] SYMBOLS USED IN COLUMN 16
AVERAGE MONTHLY: 46.7 TOTAL FOR MONTH: 4.11 1 = FOG OR MIST
DPTR FM NORMAL: 0.8 DPTR FM NORMAL: -0.11 2 = FOG REDUCING VISIBILITY
HIGHEST: 78 ON 23 GRTST 24HR 1.31 ON 25-26 TO 1/4 MILE OR LESS
LOWEST: 24 ON 10 3 = THUNDER
SNOW, ICE PELLETS, HAIL 4 = ICE PELLETS
TOTAL MONTH: M 5 = HAIL
GRTST 24HR M ON M 6 = FREEZING RAIN OR DRIZZLE
GRTST DEPTH: M ON M 7 = DUSTSTORM OR SANDSTORM:
VSBY 1/2 MILE OR LESS
8 = SMOKE OR HAZE
[NO. OF DAYS WITH] [WEATHER - DAYS WITH] 9 = BLOWING SNOW
X = TORNADO
MAX 32 OR BELOW: 0 0.01 INCH OR MORE: 13
MAX 90 OR ABOVE: 0 0.10 INCH OR MORE: 9
MIN 32 OR BELOW: 15 0.50 INCH OR MORE: 2
MIN 0 OR BELOW: 0 1.00 INCH OR MORE: 0
[HDD (BASE 65) ]
TOTAL THIS MO. 561 CLEAR (SCALE 0-3) 15
DPTR FM NORMAL -34 PTCLDY (SCALE 4-7) 6
TOTAL FM JUL 1 816 CLOUDY (SCALE 8-10) 10
DPTR FM NORMAL -169
[CDD (BASE 65) ]
TOTAL THIS MO. 0
DPTR FM NORMAL -2 [PRESSURE DATA]
TOTAL FM JAN 1 309 HIGHEST SLP 30.51 ON 28
DPTR FM NORMAL 55 LOWEST SLP 29.43 ON 12
[REMARKS]
#FINAL-10-22#