000
CXUS56 KLOX 011155
CF6PMD
PRELIMINARY LOCAL CLIMATOLOGICAL DATA (WS FORM: F-6)
STATION: PALMDALE AIRPORT CA
MONTH: MARCH
YEAR: 2021
LATITUDE: 34 37 N
LONGITUDE: 118 5 W
TEMPERATURE IN F: :PCPN: SNOW: WIND :SUNSHINE: SKY :PK WND
================================================================================
1 2 3 4 5 6A 6B 7 8 9 10 11 12 13 14 15 16 17 18
12Z AVG MX 2MIN
DY MAX MIN AVG DEP HDD CDD WTR SNW DPTH SPD SPD DIR MIN PSBL S-S WX SPD DR
================================================================================
1 64 25 45 -6 20 0 0.00 M M 5.2 13 40 M M 0 19 40
2 67 28 48 -3 17 0 0.00 M M 5.0 13 80 M M 0 8 16 40
3 55 31 43 -8 22 0 0.00 M M 11.0 26 200 M M 3 8 31 200
4 68 33 51 -1 14 0 0.00 M M 5.8 14 210 M M 0 18 220
5 73 32 53 1 12 0 0.00 M M 5.6 17 190 M M 0 19 200
6 69 35 52 0 13 0 0.00 M M 11.7 24 290 M M 0 28 290
7 66 34 50 -2 15 0 0.00 M M 6.4 21 210 M M 0 23 240
8 61 44 53 1 12 0 0.00 M M 15.6 28 210 M M 3 32 220
9 58 38 48 -4 17 0 0.00 M M 18.5 33 210 M M 1 39 210
10 50 39 45 -7 20 0 0.04 M M 14.9 32 200 M M 7 1 38 220
11 51 32 42 -10 23 0 0.00 M M 10.0 23 210 M M 2 26 220
12 54 31 43 -10 22 0 0.05 M M 8.6 31 340 M M 5 3 36 340
13 62 36 49 -4 16 0 0.00 M M 16.5 30 270 M M 0 39 280
14 68 38 53 0 12 0 0.00 M M 12.7 26 230 M M 0 32 230
15 51 34 43 -10 22 0 0.01 M M 18.4 33 270 M M 5 46 290
16 59 28 44 -9 21 0 0.00 M M 11.1 21 260 M M 0 21 220
17 66 31 49 -4 16 0 0.00 M M 3.9 10 240 M M 0 M M
18 73 41 57 4 8 0 0.00 M M 7.0 21 230 M M 1 M M
19 74 44 59 6 6 0 0.00 M M 13.9 30 220 M M 0 40 210
20 59 42 51 -2 14 0 T M M 23.0 37 290 M M 3 44 280
21 63 32 48 -6 17 0 0.00 M M 11.4 30 280 M M 0 35 280
22 70 34 52 -2 13 0 0.00 M M 14.5 37 280 M M 0 43 280
23 61 45 53 -1 12 0 0.00 M M 18.8 33 280 M M 5 40 270
24 65 34 50 -4 15 0 0.00 M M 11.4 21 290 M M 0 28 10
25 58 43 51 -3 14 0 T M M 17.9 26 220 M M 2 38 220
26 67 42 55 1 10 0 T M M 10.0 23 40 M M 3 32 330
27 73 35 54 0 11 0 0.00 M M 6.7 15 70 M M 0 22 70
28 81 37 59 5 6 0 0.00 M M 4.3 13 230 M M 0 15 40
29 81 41 61 7 4 0 0.00 M M 16.4 37 280 M M 0 43 280
30 74 41 58 4 7 0 0.00 M M 11.0 24 50 M M 0 31 50
31 75 38 57 2 8 0 0.00 M M 10.3 29 60 M M 0 37 60
================================================================================
SM 2016 1118 439 0 0.10 M 357.4 M 40
================================================================================
AV 65.0 36.1 11.5 FASTST M M 1 MAX(MPH)
MISC ----> # 37 290 46 290
================================================================================
NOTES:
# LAST OF SEVERAL OCCURRENCES
COLUMN 17 PEAK WIND IN M.P.H.
PRELIMINARY LOCAL CLIMATOLOGICAL DATA (WS FORM: F-6) , PAGE 2
STATION: PALMDALE AIRPORT CA
MONTH: MARCH
YEAR: 2021
LATITUDE: 34 37 N
LONGITUDE: 118 5 W
[TEMPERATURE DATA] [PRECIPITATION DATA] SYMBOLS USED IN COLUMN 16
AVERAGE MONTHLY: 50.5 TOTAL FOR MONTH: 0.10 1 = FOG OR MIST
DPTR FM NORMAL: -2.5 DPTR FM NORMAL: -1.12 2 = FOG REDUCING VISIBILITY
HIGHEST: 81 ON 29,28 GRTST 24HR 0.05 ON 12-12 TO 1/4 MILE OR LESS
LOWEST: 25 ON 1 3 = THUNDER
SNOW, ICE PELLETS, HAIL 4 = ICE PELLETS
TOTAL MONTH: M 5 = HAIL
GRTST 24HR M ON M 6 = FREEZING RAIN OR DRIZZLE
GRTST DEPTH: M ON M 7 = DUSTSTORM OR SANDSTORM:
VSBY 1/2 MILE OR LESS
8 = SMOKE OR HAZE
[NO. OF DAYS WITH] [WEATHER - DAYS WITH] 9 = BLOWING SNOW
X = TORNADO
MAX 32 OR BELOW: 0 0.01 INCH OR MORE: 3
MAX 90 OR ABOVE: 0 0.10 INCH OR MORE: 0
MIN 32 OR BELOW: 9 0.50 INCH OR MORE: 0
MIN 0 OR BELOW: 0 1.00 INCH OR MORE: 0
[HDD (BASE 65) ]
TOTAL THIS MO. 439 CLEAR (SCALE 0-3) 26
DPTR FM NORMAL 63 PTCLDY (SCALE 4-7) 5
TOTAL FM JUL 1 2427 CLOUDY (SCALE 8-10) 0
DPTR FM NORMAL -194
[CDD (BASE 65) ]
TOTAL THIS MO. 0
DPTR FM NORMAL -2 [PRESSURE DATA]
TOTAL FM JAN 1 0 HIGHEST SLP 30.35 ON 1
DPTR FM NORMAL -2 LOWEST SLP 29.67 ON 25
[REMARKS]
#FINAL-03-21#