000
CXUS56 KLOX 011655
CF6PMD
PRELIMINARY LOCAL CLIMATOLOGICAL DATA (WS FORM: F-6)
STATION: PALMDALE AIRPORT CA
MONTH: APRIL
YEAR: 2020
LATITUDE: 34 37 N
LONGITUDE: 118 5 W
TEMPERATURE IN F: :PCPN: SNOW: WIND :SUNSHINE: SKY :PK WND
================================================================================
1 2 3 4 5 6A 6B 7 8 9 10 11 12 13 14 15 16 17 18
12Z AVG MX 2MIN
DY MAX MIN AVG DEP HDD CDD WTR SNW DPTH SPD SPD DIR MIN PSBL S-S WX SPD DR
================================================================================
1 75 45 60 5 5 0 0.00 0.0 0 14.2 31 290 M M 0 37 280
2 66 41 54 -1 11 0 0.00 0.0 0 17.8 30 280 M M 2 36 280
3 69 35 52 -3 13 0 0.00 0.0 0 11.3 29 290 M M 0 35 290
4 64 45 55 0 10 0 0.00 0.0 0 15.6 24 230 M M 0 31 220
5 58 47 53 -2 12 0 T M 0 12.7 28 220 M M 7 34 210
6 57 46 52 -4 13 0 0.36 M 0 11.3 25 200 M M 9 1 33 220
7 54 38 46 -10 19 0 0.42 M 0 6.3 16 280 M M 8 1 18 280
8 51 43 47 -9 18 0 0.15 M 0 8.9 18 220 M M 8 1 23 220
9 46 41 44 -12 21 0 0.65 M 0 6.7 14 340 M M 10 1 16 330
10 53 43 48 -8 17 0 0.45 M 0 7.4 22 20 M M 10 1 27 30
11 70 39 55 -2 10 0 0.00 0.0 0 8.6 21 220 M M 1 26 220
12 63 50 57 0 8 0 0.00 0.0 0 19.8 31 210 M M 0 37 210
13 69 48 59 2 6 0 0.00 0.0 0 14.2 24 250 M M 0 31 250
14 69 40 55 -2 10 0 0.00 0.0 0 6.4 17 50 M M 0 23 60
15 77 41 59 1 6 0 0.00 0.0 0 9.9 23 230 M M 0 28 240
16 75 56 66 8 0 1 0.00 0.0 0 15.8 24 210 M M 0 30 220
17 65 50 58 0 7 0 0.00 0.0 0 10.3 23 220 M M 1 27 220
18 64 48 56 -2 9 0 0.00 0.0 0 14.8 26 220 M M 1 32 220
19 69 43 56 -3 9 0 0.00 0.0 0 12.8 24 230 M M 0 30 240
20 70 47 59 0 6 0 0.00 0.0 0 13.1 25 230 M M 1 31 230
21 72 48 60 1 5 0 0.00 0.0 0 14.8 30 290 M M 0 36 280
22 82 45 64 4 1 0 0.00 0.0 0 10.1 29 270 M M 0 36 280
23 81 53 67 7 0 2 0.00 0.0 0 13.6 32 270 M M 0 39 280
24 87 52 70 10 0 5 0.00 0.0 0 7.3 18 280 M M 0 23 280
25 91 52 72 11 0 7 0.00 0.0 0 7.0 22 230 M M 0 26 240
26 89 52 71 10 0 6 0.00 0.0 0 10.5 24 270 M M 0 28 270
27 87 57 72 11 0 7 0.00 0.0 0 12.2 29 290 M M 0 35 290
28 96 52 74 12 0 9 0.00 0.0 0 5.6 16 220 M M 0 19 230
29 93 57 75 13 0 10 0.00 0.0 0 9.4 28 240 M M 0 8 36 230
30 83 65 74 12 0 9 0.00 0.0 0 17.2 32 280 M M 0 37 280
================================================================================
SM 2145 1419 216 56 2.03 0.0 345.6 M 58
================================================================================
AV 71.5 47.3 11.5 FASTST M M 2 MAX(MPH)
MISC ----> # 32 270 # 39 280
================================================================================
NOTES:
# LAST OF SEVERAL OCCURRENCES
COLUMN 17 PEAK WIND IN M.P.H.
PRELIMINARY LOCAL CLIMATOLOGICAL DATA (WS FORM: F-6) , PAGE 2
STATION: PALMDALE AIRPORT CA
MONTH: APRIL
YEAR: 2020
LATITUDE: 34 37 N
LONGITUDE: 118 5 W
[TEMPERATURE DATA] [PRECIPITATION DATA] SYMBOLS USED IN COLUMN 16
AVERAGE MONTHLY: 59.4 TOTAL FOR MONTH: 2.03 1 = FOG OR MIST
DPTR FM NORMAL: 1.4 DPTR FM NORMAL: 1.56 2 = FOG REDUCING VISIBILITY
HIGHEST: 96 ON 28 GRTST 24HR 0.65 ON 9- 9 TO 1/4 MILE OR LESS
LOWEST: 35 ON 3 3 = THUNDER
SNOW, ICE PELLETS, HAIL 4 = ICE PELLETS
TOTAL MONTH: 0.0 INCH 5 = HAIL
GRTST 24HR 0.0 6 = FREEZING RAIN OR DRIZZLE
GRTST DEPTH: 0 7 = DUSTSTORM OR SANDSTORM:
VSBY 1/2 MILE OR LESS
8 = SMOKE OR HAZE
[NO. OF DAYS WITH] [WEATHER - DAYS WITH] 9 = BLOWING SNOW
X = TORNADO
MAX 32 OR BELOW: 0 0.01 INCH OR MORE: 5
MAX 90 OR ABOVE: 3 0.10 INCH OR MORE: 5
MIN 32 OR BELOW: 0 0.50 INCH OR MORE: 1
MIN 0 OR BELOW: 0 1.00 INCH OR MORE: 0
[HDD (BASE 65) ]
TOTAL THIS MO. 216 CLEAR (SCALE 0-3) 24
DPTR FM NORMAL -13 PTCLDY (SCALE 4-7) 1
TOTAL FM JUL 1 2744 CLOUDY (SCALE 8-10) 5
DPTR FM NORMAL -106
[CDD (BASE 65) ]
TOTAL THIS MO. 56
DPTR FM NORMAL 35 [PRESSURE DATA]
TOTAL FM JAN 1 56 HIGHEST SLP 30.27 ON 14
DPTR FM NORMAL 33 LOWEST SLP 29.76 ON 6
[REMARKS]
#FINAL-04-20#