000
CXUS54 KOUN 290810
CF6PNC
PRELIMINARY LOCAL CLIMATOLOGICAL DATA (WS FORM: F-6)
STATION: PONCA CITY
MONTH: MARCH
YEAR: 2024
LATITUDE: 36 44 N
LONGITUDE: 97 6 W
TEMPERATURE IN F: :PCPN: SNOW: WIND :SUNSHINE: SKY :PK WND
================================================================================
1 2 3 4 5 6A 6B 7 8 9 10 11 12 13 14 15 16 17 18
12Z AVG MX 2MIN
DY MAX MIN AVG DEP HDD CDD WTR SNW DPTH SPD SPD DIR MIN PSBL S-S WX SPD DR
================================================================================
1 54 36 45 1 20 0 0.00 M M 9.6 15 160 M M 6 22 170
2 83 42 63 18 2 0 0.00 M M 12.8 22 160 M M 0 34 160
3 82 56 69 24 0 4 0.00 M M 15.1 25 170 M M 0 38 210
4 75 46 61 16 4 0 0.00 M M 12.2 24 150 M M 0 35 170
5 65 38 52 6 13 0 0.00 M M 9.6 18 10 M M 1 26 30
6 60 31 46 0 19 0 0.00 M M 5.8 15 80 M M 4 1 21 80
7 79 49 64 18 1 0 0.22 0.0 0 9.3 23 10 M M 4 13 38 360
8 55 38 47 0 18 0 0.19 0.0 0 15.6 24 360 M M 9 1 35 360
9 56 33 45 -2 20 0 0.00 0.0 0 7.7 18 10 M M 3 29 360
10 67 28 48 0 17 0 0.00 0.0 0 5.4 15 220 M M 0 23 180
11 72 43 58 10 7 0 0.00 0.0 M 10.4 20 210 M M 0 31 200
12 78 48 63 15 2 0 0.00 0.0 M 11.6 23 220 M M 0 36 220
13 83 44 64 15 1 0 0.00 0.0 M 11.5 25 170 M M 0 3 39 200
14 75 51 63 14 2 0 0.00 M M 9.4 25 10 M M 2 3 33 20
15 67 46 57 8 8 0 M M M 12.3 26 30 M M 4 34 70
16 67 36 52 2 13 0 0.00 M M 4.3 13 40 M M 3 17 330
17 62 34 48 -2 17 0 0.01 M M 11.5 25 10 M M 3 33 360
18 51 29 40 -10 25 0 0.00 M M 8.1 18 360 M M 3 25 20
19 76 36 56 5 9 0 0.00 M M 9.7 21 220 M M 0 29 220
20 72 42 57 6 8 0 0.01 M M 6.9 16 90 M M 3 3 22 80
21 69 48 59 8 6 0 0.36 M M 6.4 15 110 M M 4 3 20 100
22 65 39 52 0 13 0 0.00 M M 11.2 26 10 M M 6 1 35 360
23 59 32 46 -6 19 0 0.00 M M 11.5 21 150 M M 2 30 120
24 58 51 55 3 10 0 0.43 0.0 0 20.1 31 160 M M 6 13 43 170
25 58 31 45 -7 20 0 0.00 0.0 0 12.3 26 160 M M 6 35 160
26 49 31 40 -13 25 0 0.00 0.0 M 10.1 18 300 M M 5 33 280
27 54 25 40 -13 25 0 0.00 M M 4.3 12 60 M M 0 15 60
28 69 29 49 -4 16 0 0.00 M M 8.7 22 160 M M 0 32 160
================================================================================
SM 1860 1092 340 4 1.22 0.0 283.4 M 74
================================================================================
AV 66.4 39.0 10.1 FASTST M M 3 MAX(MPH)
MISC ----> 31 160 43 170
================================================================================
NOTES:
# LAST OF SEVERAL OCCURRENCES
COLUMN 17 PEAK WIND IN M.P.H.
PRELIMINARY LOCAL CLIMATOLOGICAL DATA (WS FORM: F-6) , PAGE 2
STATION: PONCA CITY
MONTH: MARCH
YEAR: 2024
LATITUDE: 36 44 N
LONGITUDE: 97 6 W
[TEMPERATURE DATA] [PRECIPITATION DATA] SYMBOLS USED IN COLUMN 16
AVERAGE MONTHLY: 52.7 TOTAL FOR MONTH: 1.22 1 = FOG OR MIST
DPTR FM NORMAL: 3.7 DPTR FM NORMAL: -0.72 2 = FOG REDUCING VISIBILITY
HIGHEST: 83 ON 13, 2 GRTST 24HR 0.43 ON 24-24 TO 1/4 MILE OR LESS
LOWEST: 25 ON 27 3 = THUNDER
SNOW, ICE PELLETS, HAIL 4 = ICE PELLETS
TOTAL MONTH: 0.0 INCH 5 = HAIL
GRTST 24HR 0.0 6 = FREEZING RAIN OR DRIZZLE
GRTST DEPTH: 0 7 = DUSTSTORM OR SANDSTORM:
VSBY 1/2 MILE OR LESS
8 = SMOKE OR HAZE
[NO. OF DAYS WITH] [WEATHER - DAYS WITH] 9 = BLOWING SNOW
X = TORNADO
MAX 32 OR BELOW: 0 0.01 INCH OR MORE: 6
MAX 90 OR ABOVE: 0 0.10 INCH OR MORE: 4
MIN 32 OR BELOW: 8 0.50 INCH OR MORE: 0
MIN 0 OR BELOW: 0 1.00 INCH OR MORE: 0
[HDD (BASE 65) ]
TOTAL THIS MO. 340 CLEAR (SCALE 0-3) 16
DPTR FM NORMAL -115 PTCLDY (SCALE 4-7) 11
TOTAL FM JUL 1 3118 CLOUDY (SCALE 8-10) 1
DPTR FM NORMAL -506
[CDD (BASE 65) ]
TOTAL THIS MO. 4
DPTR FM NORMAL 3 [PRESSURE DATA]
TOTAL FM JAN 1 4 HIGHEST SLP M ON M
DPTR FM NORMAL 2 LOWEST SLP 29.29 ON 25
[REMARKS]