362
CXUS55 KPAH 020418
CF6POF
PRELIMINARY LOCAL CLIMATOLOGICAL DATA (WS FORM: F-6)
STATION: POPLAR BLUFF MO
MONTH: APRIL
YEAR: 2020
LATITUDE: 36 46 N
LONGITUDE: 90 19 W
TEMPERATURE IN F: :PCPN: SNOW: WIND :SUNSHINE: SKY :PK WND
================================================================================
1 2 3 4 5 6A 6B 7 8 9 10 11 12 13 14 15 16 17 18
12Z AVG MX 2MIN
DY MAX MIN AVG DEP HDD CDD WTR SNW DPTH SPD SPD DIR MIN PSBL S-S WX SPD DR
================================================================================
1 61 42 52 -1 13 0 0.00 M M 4.7 10 100 M M 0 15 80
2 68 47 58 4 7 0 T M M 6.2 15 130 M M 1 20 130
3 67 53 60 6 5 0 T M M 3.5 12 230 M M 8 16 230
4 59 47 53 -1 12 0 0.00 M M 8.3 13 20 M M 8 18 30
5 66 47 57 2 8 0 0.00 M M 4.4 12 30 M M 6 14 20
6 76 50 63 8 2 0 T M M 4.7 16 220 M M 3 18 20 230
7 80 60 70 15 0 5 0.00 M M 10.1 21 190 M M 5 32 190
8 85 62 74 18 0 9 0.08 M M 10.1 30 20 M M 5 13 40 30
9 70 48 59 3 6 0 0.00 M M 11.8 24 360 M M 0 8 32 20
10 57 37 47 -9 18 0 0.00 M M 6.7 22 10 M M 0 27 20
11 69 39 54 -3 11 0 T M M 7.5 20 190 M M 4 30 190
12 64 53 59 2 6 0 0.62 M M 7.9 28 320 M M 9 13 38 310
13 56 39 48 -9 17 0 T M M 12.5 32 320 M M 6 44 330
14 54 38 46 -12 19 0 T M M 5.7 20 340 M M 5 25 340
15 64 35 50 -8 15 0 0.00 M M 8.4 20 300 M M 2 29 280
16 65 36 51 -7 14 0 0.00 M M 6.7 17 160 M M 0 28 160
17 68 43 56 -3 9 0 T M M 11.1 22 350 M M 7 29 340
18 59 33 46 -13 19 0 0.01 M M 5.7 18 360 M M 1 26 330
19 60 47 54 -5 11 0 0.25 M M 3.3 9 80 M M 5 1 13 80
20 72 45 59 -1 6 0 0.14 M M 6.1 26 210 M M 3 13 39 250
21 76 49 63 3 2 0 0.00 M M 6.9 20 320 M M 1 1 29 320
22 64 43 54 -6 11 0 0.58 M M 6.2 18 140 M M 6 13 27 140
23 64 52 58 -3 7 0 0.30 M M 5.5 18 130 M M 8 13 24 130
24 71 46 59 -2 6 0 T M M 4.8 14 200 M M 3 18 19 190
25 61 49 55 -6 10 0 0.43 M M 11.0 28 310 M M 8 1 42 300
26 71 44 58 -4 7 0 0.00 M M 7.2 20 360 M M 0 28 340
27 70 46 58 -4 7 0 T M M 6.0 15 200 M M 3 22 200
28 73 59 66 4 0 1 1.13 M M 10.7 26 310 M M 9 13 45 310
29 67 54 61 -1 4 0 0.23 M M 13.0 24 310 M M 7 13 42 270
30 74 49 62 -1 3 0 0.00 M M 9.2 23 340 M M 1 35 350
================================================================================
SM 2011 1392 255 15 3.77 M 225.9 M 124
================================================================================
AV 67.0 46.4 7.5 FASTST M M 4 MAX(MPH)
MISC ----> 32 320 45 310
================================================================================
NOTES:
# LAST OF SEVERAL OCCURRENCES
COLUMN 17 PEAK WIND IN M.P.H.
PRELIMINARY LOCAL CLIMATOLOGICAL DATA (WS FORM: F-6) , PAGE 2
STATION: POPLAR BLUFF MO
MONTH: APRIL
YEAR: 2020
LATITUDE: 36 46 N
LONGITUDE: 90 19 W
[TEMPERATURE DATA] [PRECIPITATION DATA] SYMBOLS USED IN COLUMN 16
AVERAGE MONTHLY: 56.7 TOTAL FOR MONTH: 3.77 1 = FOG OR MIST
DPTR FM NORMAL: -1.4 DPTR FM NORMAL: -0.89 2 = FOG REDUCING VISIBILITY
HIGHEST: 85 ON 8 GRTST 24HR 1.33 ON 28-29 TO 1/4 MILE OR LESS
LOWEST: 33 ON 18 3 = THUNDER
SNOW, ICE PELLETS, HAIL 4 = ICE PELLETS
TOTAL MONTH: M 5 = HAIL
GRTST 24HR M ON M 6 = FREEZING RAIN OR DRIZZLE
GRTST DEPTH: M ON M 7 = DUSTSTORM OR SANDSTORM:
VSBY 1/2 MILE OR LESS
8 = SMOKE OR HAZE
[NO. OF DAYS WITH] [WEATHER - DAYS WITH] 9 = BLOWING SNOW
X = TORNADO
MAX 32 OR BELOW: 0 0.01 INCH OR MORE: 10
MAX 90 OR ABOVE: 0 0.10 INCH OR MORE: 8
MIN 32 OR BELOW: 0 0.50 INCH OR MORE: 3
MIN 0 OR BELOW: 0 1.00 INCH OR MORE: 1
[HDD (BASE 65) ]
TOTAL THIS MO. 255 CLEAR (SCALE 0-3) 13
DPTR FM NORMAL 22 PTCLDY (SCALE 4-7) 14
TOTAL FM JUL 1 3703 CLOUDY (SCALE 8-10) 3
DPTR FM NORMAL -319
[CDD (BASE 65) ]
TOTAL THIS MO. 15
DPTR FM NORMAL -11 [PRESSURE DATA]
TOTAL FM JAN 1 22 HIGHEST SLP 30.34 ON 16
DPTR FM NORMAL -8 LOWEST SLP 29.41 ON 12
[REMARKS]
#FINAL-04-20#