000
CXUS55 KALY 010710
CF6POU
PRELIMINARY LOCAL CLIMATOLOGICAL DATA (WS FORM: F-6)
STATION: POUGHKEEPSIE NY
MONTH: APRIL
YEAR: 2021
LATITUDE: 41 37 N
LONGITUDE: 73 53 W
TEMPERATURE IN F: :PCPN: SNOW: WIND :SUNSHINE: SKY :PK WND
================================================================================
1 2 3 4 5 6A 6B 7 8 9 10 11 12 13 14 15 16 17 18
12Z AVG MX 2MIN
DY MAX MIN AVG DEP HDD CDD WTR SNW DPTH SPD SPD DIR MIN PSBL S-S WX SPD DR
================================================================================
1 50 35 43 0 22 0 0.04 M M 11.5 22 320 M M 10 1 30 10
2 37 27 32 -11 33 0 0.00 M M 9.1 17 310 M M 9 24 320
3 53 20 37 -7 28 0 0.00 M M 2.2 13 270 M M 0 17 330
4 61 27 44 0 21 0 0.00 M M 4.4 14 330 M M 4 20 360
5 67 34 51 6 14 0 0.00 M M 9.8 24 330 M M 0 33 350
6 66 32 49 4 16 0 0.00 M M 5.7 17 340 M M 0 25 340
7 70 36 53 8 12 0 0.00 M M 5.1 17 20 M M 0 22 20
8 73 38 56 10 9 0 0.00 M M 3.3 13 140 M M 0 17 240
9 69 42 56 10 9 0 0.00 M M 4.5 14 240 M M 3 18 240
10 73 52 63 16 2 0 0.00 M M 4.9 16 240 M M 6 22 260
11 67 48 58 11 7 0 0.07 M M 4.5 18 70 M M 5 28 70
12 56 46 51 3 14 0 0.28 M M 4.6 13 120 M M 10 18 16 130
13 66 38 52 4 13 0 0.00 M M 2.5 12 330 M M 7 1 17 20
14 71 40 56 8 9 0 0.00 M M 3.4 16 230 M M 5 21 240
15 60 39 50 1 15 0 1.01 M M 6.5 14 10 M M 10 1 20 130
16 49 38 44 -5 21 0 0.05 M M 5.0 15 30 M M 10 19 30
17 54 36 45 -4 20 0 0.00 M M 4.5 13 290 M M 9 17 290
18 61 38 50 0 15 0 0.00 M M 3.1 15 260 M M 7 20 260
19 64 37 51 1 14 0 0.04 M M 2.4 13 140 M M 4 1 19 250
20 72 37 55 5 10 0 0.00 M M 5.8 18 250 M M 3 1 24 230
21 69 37 53 2 12 0 0.36 M M 6.4 30 250 M M 6 1 43 280
22 47 33 40 -11 25 0 T M M 15.3 28 270 M M 6 38 260
23 62 35 49 -3 16 0 0.00 M M 10.4 23 270 M M 0 32 270
24 70 35 53 1 12 0 0.00 M M 4.9 20 250 M M 1 28 280
25 62 49 56 4 9 0 0.15 M M 5.0 17 290 M M 8 1 24 300
26 59 39 49 -4 16 0 0.00 M M 9.7 20 320 M M 0 26 330
27 70 36 53 0 12 0 0.00 M M 3.4 14 240 M M 2 19 240
28 84 45 65 12 0 0 0.09 M M 2.1 28 30 M M 3 1 36 30
29 73 58 66 12 0 1 0.15 M M 4.6 16 330 M M 8 1 23 330
30 65 42 54 0 11 0 0.01 M M 15.6 31 280 M M 8 43 330
================================================================================
SM 1900 1149 417 1 2.25 M 180.2 M 144
================================================================================
AV 63.3 38.3 6.0 FASTST M M 5 MAX(MPH)
MISC ----> 31 280 # 43 280
================================================================================
NOTES:
# LAST OF SEVERAL OCCURRENCES
COLUMN 17 PEAK WIND IN M.P.H.
PRELIMINARY LOCAL CLIMATOLOGICAL DATA (WS FORM: F-6) , PAGE 2
STATION: POUGHKEEPSIE NY
MONTH: APRIL
YEAR: 2021
LATITUDE: 41 37 N
LONGITUDE: 73 53 W
[TEMPERATURE DATA] [PRECIPITATION DATA] SYMBOLS USED IN COLUMN 16
AVERAGE MONTHLY: 50.8 TOTAL FOR MONTH: 2.25 1 = FOG OR MIST
DPTR FM NORMAL: 2.1 DPTR FM NORMAL: -1.53 2 = FOG REDUCING VISIBILITY
HIGHEST: 84 ON 28 GRTST 24HR 1.03 ON 15-16 TO 1/4 MILE OR LESS
LOWEST: 20 ON 3 3 = THUNDER
SNOW, ICE PELLETS, HAIL 4 = ICE PELLETS
TOTAL MONTH: M 5 = HAIL
GRTST 24HR M ON M 6 = FREEZING RAIN OR DRIZZLE
GRTST DEPTH: M ON M 7 = DUSTSTORM OR SANDSTORM:
VSBY 1/2 MILE OR LESS
8 = SMOKE OR HAZE
[NO. OF DAYS WITH] [WEATHER - DAYS WITH] 9 = BLOWING SNOW
X = TORNADO
MAX 32 OR BELOW: 0 0.01 INCH OR MORE: 11
MAX 90 OR ABOVE: 0 0.10 INCH OR MORE: 5
MIN 32 OR BELOW: 4 0.50 INCH OR MORE: 1
MIN 0 OR BELOW: 0 1.00 INCH OR MORE: 1
[HDD (BASE 65) ]
TOTAL THIS MO. 417 CLEAR (SCALE 0-3) 11
DPTR FM NORMAL -77 PTCLDY (SCALE 4-7) 11
TOTAL FM JUL 1 5307 CLOUDY (SCALE 8-10) 8
DPTR FM NORMAL -631
[CDD (BASE 65) ]
TOTAL THIS MO. 1
DPTR FM NORMAL -4 [PRESSURE DATA]
TOTAL FM JAN 1 3 HIGHEST SLP M ON M
DPTR FM NORMAL -2 LOWEST SLP 29.33 ON 30
[REMARKS]
#FINAL-04-21#