292
CDUS41 KALY 230625
CLIPOU


CLIMATE REPORT
NATIONAL WEATHER SERVICE ALBANY NY
224 AM EDT WED MAY 23 2018


...................................

...THE POUGHKEEPSIE NY CLIMATE SUMMARY FOR MAY 22 2018...

CLIMATE NORMAL PERIOD 1981 TO 2010
CLIMATE RECORD PERIOD 1931 TO 2018


WEATHER ITEM   OBSERVED TIME   RECORD YEAR NORMAL DEPARTURE LAST
                VALUE   (LST)  VALUE       VALUE  FROM      YEAR
                                                  NORMAL
..................................................................
TEMPERATURE (F)
 YESTERDAY
  MAXIMUM         66   1140 AM  98    1941  73     -7       59
  MINIMUM         54    437 AM  31    2002  48      6       54
  AVERAGE         60                        61     -1       57

PRECIPITATION (IN)
  YESTERDAY        0.07          0.94 1983   0.15  -0.08     0.10
  MONTH TO DATE    3.00                      2.97   0.03     3.50
  SINCE MAR 1      8.80                     10.32  -1.52    11.19
  SINCE JAN 1     16.16                     16.06   0.10    16.06

DEGREE DAYS
 HEATING
  YESTERDAY        5                         6     -1        8
  MONTH TO DATE   95                       182    -87      223
  SINCE MAR 1   1588                      1550     38     1585
  SINCE JUL 1   5900                      6121   -221     5627

 COOLING
  YESTERDAY        0                         1     -1        0
  MONTH TO DATE   33                        16     17       29
  SINCE MAR 1     33                        21     12       46
  SINCE JAN 1     33                        21     12       46
..................................................................


WIND (MPH)
  HIGHEST WIND SPEED     8   HIGHEST WIND DIRECTION     S (190)
  HIGHEST GUST SPEED    14   HIGHEST GUST DIRECTION     S (180)
  AVERAGE WIND SPEED     2.4


SKY COVER
  AVERAGE SKY COVER 0.7



RELATIVE HUMIDITY (PERCENT)
 HIGHEST    93           100 AM
 LOWEST     72           800 AM
 AVERAGE    83

..........................................................


THE POUGHKEEPSIE NY CLIMATE NORMALS FOR TODAY
                         NORMAL    RECORD    YEAR
 MAXIMUM TEMPERATURE (F)   73        94      1964
 MINIMUM TEMPERATURE (F)   49        34      1963


SUNRISE AND SUNSET
MAY 23 2018...........SUNRISE   529 AM EDT   SUNSET   816 PM EDT
MAY 24 2018...........SUNRISE   528 AM EDT   SUNSET   817 PM EDT


-  INDICATES NEGATIVE NUMBERS.
R  INDICATES RECORD WAS SET OR TIED.
MM INDICATES DATA IS MISSING.
T  INDICATES TRACE AMOUNT.




$$
