754
CDUS41 KALY 172047
CLIPOU


CLIMATE REPORT
NATIONAL WEATHER SERVICE ALBANY NY
447 PM EDT TUE APR 17 2018


...................................

...THE POUGHKEEPSIE NY CLIMATE SUMMARY FOR APRIL 17 2018...
VALID TODAY AS OF 0400 PM LOCAL TIME.

CLIMATE NORMAL PERIOD 1981 TO 2010
CLIMATE RECORD PERIOD 1931 TO 2018


WEATHER ITEM   OBSERVED TIME   RECORD YEAR NORMAL DEPARTURE LAST
                VALUE   (LST)  VALUE       VALUE  FROM      YEAR
                                                  NORMAL
..................................................................
TEMPERATURE (F)
 TODAY
  MAXIMUM         48   1056 AM  93    2002  62    -14       71
  MINIMUM         39    632 AM  22    1962  37      2       46
  AVERAGE         44                        49     -5       59

PRECIPITATION (IN)
  TODAY            0.00          1.30 1933   0.12  -0.12     0.00
  MONTH TO DATE    2.11                      2.18  -0.07     1.41
  SINCE MAR 1      4.34                      5.75  -1.41     6.72
  SINCE JAN 1     11.70                     11.49   0.21    11.59

DEGREE DAYS
 HEATING
  TODAY           21                        16      5        6
  MONTH TO DATE  410                       320     90      241
  SINCE MAR 1   1258                      1194     64     1236
  SINCE JUL 1   5570                      5765   -195     5278

 COOLING
  TODAY            0                         0      0        0
  MONTH TO DATE    0                         0      0        4
  SINCE MAR 1      0                         0      0        4
  SINCE JAN 1      0                         0      0        4
..................................................................


WIND (MPH)
  HIGHEST WIND SPEED    21   HIGHEST WIND DIRECTION     W (250)
  HIGHEST GUST SPEED    25   HIGHEST GUST DIRECTION     W (270)
  AVERAGE WIND SPEED    11.0


SKY COVER
  AVERAGE SKY COVER 1.0



RELATIVE HUMIDITY (PERCENT)
 HIGHEST    70           100 AM
 LOWEST     45          1200 PM
 AVERAGE    58

..........................................................


THE POUGHKEEPSIE NY CLIMATE NORMALS FOR TOMORROW
                         NORMAL    RECORD    YEAR
 MAXIMUM TEMPERATURE (F)   62        94      1976
 MINIMUM TEMPERATURE (F)   38        24      1962


SUNRISE AND SUNSET
APRIL 17 2018.........SUNRISE   613 AM EDT   SUNSET   738 PM EDT
APRIL 18 2018.........SUNRISE   611 AM EDT   SUNSET   739 PM EDT


-  INDICATES NEGATIVE NUMBERS.
R  INDICATES RECORD WAS SET OR TIED.
MM INDICATES DATA IS MISSING.
T  INDICATES TRACE AMOUNT.




$$
