110
CDUS41 KALY 190623
CLIPOU


CLIMATE REPORT
NATIONAL WEATHER SERVICE ALBANY NY
222 AM EDT SAT MAY 19 2018


...................................

...THE POUGHKEEPSIE NY CLIMATE SUMMARY FOR MAY 18 2018...

CLIMATE NORMAL PERIOD 1981 TO 2010
CLIMATE RECORD PERIOD 1931 TO 2018


WEATHER ITEM   OBSERVED TIME   RECORD YEAR NORMAL DEPARTURE LAST
                VALUE   (LST)  VALUE       VALUE  FROM      YEAR
                                                  NORMAL
..................................................................
TEMPERATURE (F)
 YESTERDAY
  MAXIMUM         71    216 PM  96    1962  72     -1       93
  MINIMUM         51   1159 PM  30    1983  47      4       64
  AVERAGE         61                        59      2       79

PRECIPITATION (IN)
  YESTERDAY        0.00          1.58 1943   0.14  -0.14     0.32
  MONTH TO DATE    2.30                      2.37  -0.07     3.40
  SINCE MAR 1      8.10                      9.72  -1.62    11.09
  SINCE JAN 1     15.46                     15.46   0.00    15.96

DEGREE DAYS
 HEATING
  YESTERDAY        4                         7     -3        0
  MONTH TO DATE   75                       158    -83      200
  SINCE MAR 1   1568                      1526     42     1562
  SINCE JUL 1   5880                      6097   -217     5604

 COOLING
  YESTERDAY        0                         1     -1       14
  MONTH TO DATE   32                        12     20       20
  SINCE MAR 1     32                        17     15       37
  SINCE JAN 1     32                        17     15       37
..................................................................


WIND (MPH)
  HIGHEST WIND SPEED    14   HIGHEST WIND DIRECTION     E (100)
  HIGHEST GUST SPEED    18   HIGHEST GUST DIRECTION    NE (30)
  AVERAGE WIND SPEED     6.5


SKY COVER
  AVERAGE SKY COVER 0.0



RELATIVE HUMIDITY (PERCENT)
 HIGHEST    93           100 AM
 LOWEST     40           400 PM
 AVERAGE    67

..........................................................


THE POUGHKEEPSIE NY CLIMATE NORMALS FOR TODAY
                         NORMAL    RECORD    YEAR
 MAXIMUM TEMPERATURE (F)   72        96      1962
 MINIMUM TEMPERATURE (F)   47        31      2009
                                             2002


SUNRISE AND SUNSET
MAY 19 2018...........SUNRISE   532 AM EDT   SUNSET   812 PM EDT
MAY 20 2018...........SUNRISE   532 AM EDT   SUNSET   813 PM EDT


-  INDICATES NEGATIVE NUMBERS.
R  INDICATES RECORD WAS SET OR TIED.
MM INDICATES DATA IS MISSING.
T  INDICATES TRACE AMOUNT.




$$
