000
CDUS41 KALY 140623
CLIPOU


CLIMATE REPORT
NATIONAL WEATHER SERVICE ALBANY NY
222 AM EDT MON MAY 14 2018


...................................

...THE POUGHKEEPSIE NY CLIMATE SUMMARY FOR MAY 13 2018...

CLIMATE NORMAL PERIOD 1981 TO 2010
CLIMATE RECORD PERIOD 1931 TO 2018


WEATHER ITEM   OBSERVED TIME   RECORD YEAR NORMAL DEPARTURE LAST
                VALUE   (LST)  VALUE       VALUE  FROM      YEAR
                                                  NORMAL
..................................................................
TEMPERATURE (F)
 YESTERDAY
  MAXIMUM         55    419 PM  88    1985  71    -16       52
                                      1947
  MINIMUM         48    445 AM  30    1967  45      3       45
  AVERAGE         52                        58     -6       49

PRECIPITATION (IN)
  YESTERDAY        0.02          1.66 2002   0.13  -0.11     1.43
  MONTH TO DATE    0.96                      1.66  -0.70     3.08
  SINCE MAR 1      6.76                      9.01  -2.25    10.77
  SINCE JAN 1     14.12                     14.75  -0.63    15.64

DEGREE DAYS
 HEATING
  YESTERDAY       13                         8      5       16
  MONTH TO DATE   65                       122    -57      174
  SINCE MAR 1   1558                      1490     68     1536
  SINCE JUL 1   5870                      6061   -191     5578

 COOLING
  YESTERDAY        0                         1     -1        0
  MONTH TO DATE   24                         7     17        0
  SINCE MAR 1     24                        12     12       17
  SINCE JAN 1     24                        12     12       17
..................................................................


WIND (MPH)
  HIGHEST WIND SPEED     8   HIGHEST WIND DIRECTION     E (110)
  HIGHEST GUST SPEED    12   HIGHEST GUST DIRECTION     E (110)
  AVERAGE WIND SPEED     2.6


SKY COVER
  AVERAGE SKY COVER 1.0



RELATIVE HUMIDITY (PERCENT)
 HIGHEST   100           700 PM
 LOWEST     71           900 AM
 AVERAGE    86

..........................................................


THE POUGHKEEPSIE NY CLIMATE NORMALS FOR TODAY
                         NORMAL    RECORD    YEAR
 MAXIMUM TEMPERATURE (F)   71        87      1944
 MINIMUM TEMPERATURE (F)   46        30      2013
                                             1951


SUNRISE AND SUNSET
MAY 14 2018...........SUNRISE   537 AM EDT   SUNSET   807 PM EDT
MAY 15 2018...........SUNRISE   536 AM EDT   SUNSET   808 PM EDT


-  INDICATES NEGATIVE NUMBERS.
R  INDICATES RECORD WAS SET OR TIED.
MM INDICATES DATA IS MISSING.
T  INDICATES TRACE AMOUNT.




$$
