000
CDUS41 KALY 130623
CLIPOU


CLIMATE REPORT
NATIONAL WEATHER SERVICE ALBANY NY
222 AM EDT SUN MAY 13 2018


...................................

...THE POUGHKEEPSIE NY CLIMATE SUMMARY FOR MAY 12 2018...

CLIMATE NORMAL PERIOD 1981 TO 2010
CLIMATE RECORD PERIOD 1931 TO 2018


WEATHER ITEM   OBSERVED TIME   RECORD YEAR NORMAL DEPARTURE LAST
                VALUE   (LST)  VALUE       VALUE  FROM      YEAR
                                                  NORMAL
..................................................................
TEMPERATURE (F)
 YESTERDAY
  MAXIMUM         52    340 AM  94    1936  70    -18       67
  MINIMUM         46    952 PM  30    1983  45      1       39
  AVERAGE         49                        58     -9       53

PRECIPITATION (IN)
  YESTERDAY        0.20          1.62 1974   0.13   0.07     0.00
  MONTH TO DATE    0.94                      1.53  -0.59     1.65
  SINCE MAR 1      6.74                      8.88  -2.14     9.34
  SINCE JAN 1     14.10                     14.62  -0.52    14.21

DEGREE DAYS
 HEATING
  YESTERDAY       16                         8      8       12
  MONTH TO DATE   52                       114    -62      158
  SINCE MAR 1   1545                      1482     63     1520
  SINCE JUL 1   5857                      6053   -196     5562

 COOLING
  YESTERDAY        0                         1     -1        0
  MONTH TO DATE   24                         6     18        0
  SINCE MAR 1     24                        11     13       17
  SINCE JAN 1     24                        11     13       17
..................................................................


WIND (MPH)
  HIGHEST WIND SPEED     9   HIGHEST WIND DIRECTION     N (10)
  HIGHEST GUST SPEED    12   HIGHEST GUST DIRECTION     N (10)
  AVERAGE WIND SPEED     3.2


SKY COVER
  AVERAGE SKY COVER 1.0



RELATIVE HUMIDITY (PERCENT)
 HIGHEST    93           600 PM
 LOWEST     63           300 AM
 AVERAGE    78

..........................................................


THE POUGHKEEPSIE NY CLIMATE NORMALS FOR TODAY
                         NORMAL    RECORD    YEAR
 MAXIMUM TEMPERATURE (F)   71        88      1985
                                             1947
 MINIMUM TEMPERATURE (F)   45        30      1967


SUNRISE AND SUNSET
MAY 13 2018...........SUNRISE   538 AM EDT   SUNSET   806 PM EDT
MAY 14 2018...........SUNRISE   537 AM EDT   SUNSET   807 PM EDT


-  INDICATES NEGATIVE NUMBERS.
R  INDICATES RECORD WAS SET OR TIED.
MM INDICATES DATA IS MISSING.
T  INDICATES TRACE AMOUNT.




$$
