000
CDUS41 KALY 162040
CLIPOU


CLIMATE REPORT
NATIONAL WEATHER SERVICE ALBANY NY
440 PM EDT WED MAY 16 2018


...................................

...THE POUGHKEEPSIE NY CLIMATE SUMMARY FOR MAY 16 2018...
VALID TODAY AS OF 0400 PM LOCAL TIME.

CLIMATE NORMAL PERIOD 1981 TO 2010
CLIMATE RECORD PERIOD 1931 TO 2018


WEATHER ITEM   OBSERVED TIME   RECORD YEAR NORMAL DEPARTURE LAST
                VALUE   (LST)  VALUE       VALUE  FROM      YEAR
                                                  NORMAL
..................................................................
TEMPERATURE (F)
 TODAY
  MAXIMUM         66   1222 PM  89    1951  71     -5       78
  MINIMUM         53    523 AM  34    1939  46      7       40
  AVERAGE         60                        59      1       59

PRECIPITATION (IN)
  TODAY            T             3.27 1989   0.14  -0.14     0.00
  MONTH TO DATE    2.17                      2.08   0.09     3.08
  SINCE MAR 1      7.97                      9.43  -1.46    10.77
  SINCE JAN 1     15.33                     15.17   0.16    15.64

DEGREE DAYS
 HEATING
  TODAY            5                         7     -2        6
  MONTH TO DATE   71                       144    -73      200
  SINCE MAR 1   1564                      1512     52     1562
  SINCE JUL 1   5876                      6083   -207     5604

 COOLING
  TODAY            0                         1     -1        0
  MONTH TO DATE   31                        10     21        0
  SINCE MAR 1     31                        15     16       17
  SINCE JAN 1     31                        15     16       17
..................................................................


WIND (MPH)
  HIGHEST WIND SPEED     9   HIGHEST WIND DIRECTION    SE (130)
  HIGHEST GUST SPEED    MM   HIGHEST GUST DIRECTION    MM
  AVERAGE WIND SPEED     2.9


SKY COVER
  AVERAGE SKY COVER 0.7



RELATIVE HUMIDITY (PERCENT)
 HIGHEST   100           200 AM
 LOWEST     58          1200 PM
 AVERAGE    79

..........................................................


THE POUGHKEEPSIE NY CLIMATE NORMALS FOR TOMORROW
                         NORMAL    RECORD    YEAR
 MAXIMUM TEMPERATURE (F)   72        92      2017
 MINIMUM TEMPERATURE (F)   47        31      1983
                                             1956


SUNRISE AND SUNSET
MAY 16 2018...........SUNRISE   535 AM EDT   SUNSET   809 PM EDT
MAY 17 2018...........SUNRISE   534 AM EDT   SUNSET   810 PM EDT


-  INDICATES NEGATIVE NUMBERS.
R  INDICATES RECORD WAS SET OR TIED.
MM INDICATES DATA IS MISSING.
T  INDICATES TRACE AMOUNT.




$$
