000
CDUS41 KALY 050631
CLIPOU


CLIMATE REPORT
NATIONAL WEATHER SERVICE ALBANY NY
230 AM EDT THU APR 5 2018


...................................

...THE POUGHKEEPSIE NY CLIMATE SUMMARY FOR APRIL 4 2018...

CLIMATE NORMAL PERIOD 1981 TO 2010
CLIMATE RECORD PERIOD 1949 TO 2018


WEATHER ITEM   OBSERVED TIME   RECORD YEAR NORMAL DEPARTURE LAST
                VALUE   (LST)  VALUE       VALUE  FROM      YEAR
                                                  NORMAL
..................................................................
TEMPERATURE (F)
 YESTERDAY
  MAXIMUM         57    338 PM  81    1950  56      1       50
  MINIMUM         36   1159 PM  18    1965  33      3       42
                                      1962
                                      1954
  AVERAGE         47                        44      3       46

PRECIPITATION (IN)
  YESTERDAY        0.04          3.75 1987   0.12  -0.08     0.60
  MONTH TO DATE    0.71                      0.51   0.20     0.66
  SINCE MAR 1      2.94                      4.08  -1.14     5.97
  SINCE JAN 1     10.30                      9.82   0.48    10.84

DEGREE DAYS
 HEATING
  YESTERDAY       18                        21     -3       19
  MONTH TO DATE   98                        86     12       82
  SINCE MAR 1    946                       960    -14     1077
  SINCE JUL 1   5258                      5531   -273     5119

 COOLING
  YESTERDAY        0                         0      0        0
  MONTH TO DATE    0                         0      0        0
  SINCE MAR 1      0                         0      0        0
  SINCE JAN 1      0                         0      0        0
..................................................................


WIND (MPH)
  HIGHEST WIND SPEED    31   HIGHEST WIND DIRECTION     W (280)
  HIGHEST GUST SPEED    40   HIGHEST GUST DIRECTION     W (270)
  AVERAGE WIND SPEED     9.6


SKY COVER
  AVERAGE SKY COVER 0.9



RELATIVE HUMIDITY (PERCENT)
 HIGHEST   100           700 AM
 LOWEST     30           400 PM
 AVERAGE    65

..........................................................


THE POUGHKEEPSIE NY CLIMATE NORMALS FOR TODAY
                         NORMAL    RECORD    YEAR
 MAXIMUM TEMPERATURE (F)   56        82      1985
 MINIMUM TEMPERATURE (F)   33        17      1964


SUNRISE AND SUNSET
APRIL  5 2018.........SUNRISE   632 AM EDT   SUNSET   725 PM EDT
APRIL  6 2018.........SUNRISE   630 AM EDT   SUNSET   726 PM EDT


-  INDICATES NEGATIVE NUMBERS.
R  INDICATES RECORD WAS SET OR TIED.
MM INDICATES DATA IS MISSING.
T  INDICATES TRACE AMOUNT.




RECORDS FOR KPOU DATE BACK TO 1949...
HOWEVER...DATA IS MISSING FROM JANUARY 1993 - JULY 2000.
$$
