000
CDUS41 KALY 292053
CLIPOU


CLIMATE REPORT
NATIONAL WEATHER SERVICE ALBANY NY
453 PM EDT THU MAR 29 2018


...................................

...THE POUGHKEEPSIE NY CLIMATE SUMMARY FOR MARCH 29 2018...
VALID TODAY AS OF 0400 PM LOCAL TIME.

CLIMATE NORMAL PERIOD 1981 TO 2010
CLIMATE RECORD PERIOD 1949 TO 2018


WEATHER ITEM   OBSERVED TIME   RECORD YEAR NORMAL DEPARTURE LAST
                VALUE   (LST)  VALUE       VALUE  FROM      YEAR
                                                  NORMAL
..................................................................
TEMPERATURE (F)
 TODAY
  MAXIMUM         51    339 PM  80    1986  53     -2       55
  MINIMUM         44    556 AM  11    1959  30     14       31
  AVERAGE         48                        42      6       43

PRECIPITATION (IN)
  TODAY            T             1.27 2014   0.11  -0.11     0.00
  MONTH TO DATE    2.09                      3.33  -1.24     4.56
  SINCE MAR 1      2.09                      3.33  -1.24     4.56
  SINCE JAN 1      9.45                      9.07   0.38     9.43

DEGREE DAYS
 HEATING
  TODAY           17                        23     -6       22
  MONTH TO DATE  806                       828    -22      940
  SINCE MAR 1    806                       828    -22      940
  SINCE JUL 1   5118                      5399   -281     4982

 COOLING
  TODAY            0                         0      0        0
  MONTH TO DATE    0                         0      0        0
  SINCE MAR 1      0                         0      0        0
  SINCE JAN 1      0                         0      0        0
..................................................................


WIND (MPH)
  HIGHEST WIND SPEED     8   HIGHEST WIND DIRECTION    SE (140)
  HIGHEST GUST SPEED    12   HIGHEST GUST DIRECTION     S (160)
  AVERAGE WIND SPEED     1.5


SKY COVER
  AVERAGE SKY COVER 1.0



RELATIVE HUMIDITY (PERCENT)
 HIGHEST    83           100 AM
 LOWEST     76          1200 AM
 AVERAGE    80

..........................................................


THE POUGHKEEPSIE NY CLIMATE NORMALS FOR TOMORROW
                         NORMAL    RECORD    YEAR
 MAXIMUM TEMPERATURE (F)   54        84      1977
 MINIMUM TEMPERATURE (F)   31        15      1970


SUNRISE AND SUNSET
MARCH 29 2018.........SUNRISE   644 AM EDT   SUNSET   718 PM EDT
MARCH 30 2018.........SUNRISE   642 AM EDT   SUNSET   719 PM EDT


-  INDICATES NEGATIVE NUMBERS.
R  INDICATES RECORD WAS SET OR TIED.
MM INDICATES DATA IS MISSING.
T  INDICATES TRACE AMOUNT.




RECORDS FOR KPOU DATE BACK TO 1949...
HOWEVER...DATA IS MISSING FROM JANUARY 1993 - JULY 2000.
$$
