000
CDUS41 KALY 040624
CLIPOU


CLIMATE REPORT
NATIONAL WEATHER SERVICE ALBANY NY
223 AM EDT WED APR 4 2018


...................................

...THE POUGHKEEPSIE NY CLIMATE SUMMARY FOR APRIL 3 2018...

CLIMATE NORMAL PERIOD 1981 TO 2010
CLIMATE RECORD PERIOD 1949 TO 2018


WEATHER ITEM   OBSERVED TIME   RECORD YEAR NORMAL DEPARTURE LAST
                VALUE   (LST)  VALUE       VALUE  FROM      YEAR
                                                  NORMAL
..................................................................
TEMPERATURE (F)
 YESTERDAY
  MAXIMUM         40    955 AM  78    1981  55    -15       65
  MINIMUM         27    515 AM  13    1954  32     -5       31
  AVERAGE         34                        44    -10       48

PRECIPITATION (IN)
  YESTERDAY        0.44          1.05 1951   0.13   0.31     0.05
  MONTH TO DATE    0.67                      0.39   0.28     0.06
  SINCE MAR 1      2.90                      3.96  -1.06     5.37
  SINCE JAN 1     10.26                      9.70   0.56    10.24

DEGREE DAYS
 HEATING
  YESTERDAY       31                        21     10       17
  MONTH TO DATE   80                        65     15       63
  SINCE MAR 1    928                       939    -11     1058
  SINCE JUL 1   5240                      5510   -270     5100

 COOLING
  YESTERDAY        0                         0      0        0
  MONTH TO DATE    0                         0      0        0
  SINCE MAR 1      0                         0      0        0
  SINCE JAN 1      0                         0      0        0
..................................................................


WIND (MPH)
  HIGHEST WIND SPEED    12   HIGHEST WIND DIRECTION     S (170)
  HIGHEST GUST SPEED    17   HIGHEST GUST DIRECTION     S (160)
  AVERAGE WIND SPEED     2.2


SKY COVER
  AVERAGE SKY COVER 0.7



RELATIVE HUMIDITY (PERCENT)
 HIGHEST   100          1100 PM
 LOWEST     70          1000 AM
 AVERAGE    85

..........................................................


THE POUGHKEEPSIE NY CLIMATE NORMALS FOR TODAY
                         NORMAL    RECORD    YEAR
 MAXIMUM TEMPERATURE (F)   56        81      1950
 MINIMUM TEMPERATURE (F)   33        18      1965
                                             1962
                                             1954


SUNRISE AND SUNSET
APRIL  4 2018.........SUNRISE   634 AM EDT   SUNSET   724 PM EDT
APRIL  5 2018.........SUNRISE   632 AM EDT   SUNSET   725 PM EDT


-  INDICATES NEGATIVE NUMBERS.
R  INDICATES RECORD WAS SET OR TIED.
MM INDICATES DATA IS MISSING.
T  INDICATES TRACE AMOUNT.




RECORDS FOR KPOU DATE BACK TO 1949...
HOWEVER...DATA IS MISSING FROM JANUARY 1993 - JULY 2000.
$$
