606
CDUS41 KALY 080623
CLIPOU


CLIMATE REPORT
NATIONAL WEATHER SERVICE ALBANY NY
222 AM EDT TUE MAY 8 2018


...................................

...THE POUGHKEEPSIE NY CLIMATE SUMMARY FOR MAY 7 2018...

CLIMATE NORMAL PERIOD 1981 TO 2010
CLIMATE RECORD PERIOD 1931 TO 2018


WEATHER ITEM   OBSERVED TIME   RECORD YEAR NORMAL DEPARTURE LAST
                VALUE   (LST)  VALUE       VALUE  FROM      YEAR
                                                  NORMAL
..................................................................
TEMPERATURE (F)
 YESTERDAY
  MAXIMUM         70    457 PM  92    1939  69      1       55
  MINIMUM         48   1147 PM  30    1968  44      4       43
                                      1967
  AVERAGE         59                        56      3       49

PRECIPITATION (IN)
  YESTERDAY        0.00          0.86 1948   0.13  -0.13      T
  MONTH TO DATE    0.32                      0.88  -0.56     1.65
  SINCE MAR 1      6.12                      8.23  -2.11     9.34
  SINCE JAN 1     13.48                     13.97  -0.49    14.21

DEGREE DAYS
 HEATING
  YESTERDAY        6                         9     -3       16
  MONTH TO DATE   19                        71    -52       72
  SINCE MAR 1   1512                      1439     73     1434
  SINCE JUL 1   5824                      6010   -186     5476

 COOLING
  YESTERDAY        0                         1     -1        0
  MONTH TO DATE   24                         1     23        0
  SINCE MAR 1     24                         6     18       17
  SINCE JAN 1     24                         6     18       17
..................................................................


WIND (MPH)
  HIGHEST WIND SPEED    16   HIGHEST WIND DIRECTION     N (340)
  HIGHEST GUST SPEED    23   HIGHEST GUST DIRECTION     N (10)
  AVERAGE WIND SPEED     4.5


SKY COVER
  AVERAGE SKY COVER 0.6



RELATIVE HUMIDITY (PERCENT)
 HIGHEST   100           300 AM
 LOWEST     35           600 PM
 AVERAGE    68

..........................................................


THE POUGHKEEPSIE NY CLIMATE NORMALS FOR TODAY
                         NORMAL    RECORD    YEAR
 MAXIMUM TEMPERATURE (F)   69        96      1936
 MINIMUM TEMPERATURE (F)   44        30      1981


SUNRISE AND SUNSET
MAY  8 2018...........SUNRISE   544 AM EDT   SUNSET   801 PM EDT
MAY  9 2018...........SUNRISE   542 AM EDT   SUNSET   802 PM EDT


-  INDICATES NEGATIVE NUMBERS.
R  INDICATES RECORD WAS SET OR TIED.
MM INDICATES DATA IS MISSING.
T  INDICATES TRACE AMOUNT.




$$
