000
CDUS41 KALY 150623
CLIPOU


CLIMATE REPORT
NATIONAL WEATHER SERVICE ALBANY NY
222 AM EDT SUN APR 15 2018


...................................

...THE POUGHKEEPSIE NY CLIMATE SUMMARY FOR APRIL 14 2018...

CLIMATE NORMAL PERIOD 1981 TO 2010
CLIMATE RECORD PERIOD 1931 TO 2018


WEATHER ITEM   OBSERVED TIME   RECORD YEAR NORMAL DEPARTURE LAST
                VALUE   (LST)  VALUE       VALUE  FROM      YEAR
                                                  NORMAL
..................................................................
TEMPERATURE (F)
 YESTERDAY
  MAXIMUM         66    152 PM  88    1941  60      6       65
  MINIMUM         37   1159 PM  23    1973  36      1       34
                                      1956
  AVERAGE         52                        48      4       50

PRECIPITATION (IN)
  YESTERDAY        0.00          1.65 1948   0.13  -0.13     0.00
  MONTH TO DATE    0.78                      1.81  -1.03     1.30
  SINCE MAR 1      3.01                      5.38  -2.37     6.61
  SINCE JAN 1     10.37                     11.12  -0.75    11.48

DEGREE DAYS
 HEATING
  YESTERDAY       13                        17     -4       15
  MONTH TO DATE  343                       272     71      221
  SINCE MAR 1   1191                      1146     45     1216
  SINCE JUL 1   5503                      5717   -214     5258

 COOLING
  YESTERDAY        0                         0      0        0
  MONTH TO DATE    0                         0      0        2
  SINCE MAR 1      0                         0      0        2
  SINCE JAN 1      0                         0      0        2
..................................................................


WIND (MPH)
  HIGHEST WIND SPEED    21   HIGHEST WIND DIRECTION    NE (30)
  HIGHEST GUST SPEED    27   HIGHEST GUST DIRECTION     N (10)
  AVERAGE WIND SPEED     8.6


SKY COVER
  AVERAGE SKY COVER 0.1



RELATIVE HUMIDITY (PERCENT)
 HIGHEST    86          1200 AM
 LOWEST     42           100 PM
 AVERAGE    64

..........................................................


THE POUGHKEEPSIE NY CLIMATE NORMALS FOR TODAY
                         NORMAL    RECORD    YEAR
 MAXIMUM TEMPERATURE (F)   61        90      1941
 MINIMUM TEMPERATURE (F)   37        20      1943


SUNRISE AND SUNSET
APRIL 15 2018.........SUNRISE   616 AM EDT   SUNSET   736 PM EDT
APRIL 16 2018.........SUNRISE   614 AM EDT   SUNSET   737 PM EDT


-  INDICATES NEGATIVE NUMBERS.
R  INDICATES RECORD WAS SET OR TIED.
MM INDICATES DATA IS MISSING.
T  INDICATES TRACE AMOUNT.




$$
