000
CDUS41 KALY 140644
CLIPOU


CLIMATE REPORT
NATIONAL WEATHER SERVICE ALBANY NY
240 AM EDT SAT APR 14 2018


...................................

...THE POUGHKEEPSIE NY CLIMATE SUMMARY FOR APRIL 13 2018...

CLIMATE NORMAL PERIOD 1981 TO 2010
CLIMATE RECORD PERIOD 1931 TO 2018


WEATHER ITEM   OBSERVED TIME   RECORD YEAR NORMAL DEPARTURE LAST
                VALUE   (LST)  VALUE       VALUE  FROM      YEAR
                                                  NORMAL
..................................................................
TEMPERATURE (F)
 YESTERDAY
  MAXIMUM         74    259 PM  88    1945  60     14       61
  MINIMUM         40    418 AM  19    1986  36      4       34
  AVERAGE         57                        48      9       48

PRECIPITATION (IN)
  YESTERDAY        0.00          0.99 1972   0.13  -0.13     0.00
  MONTH TO DATE    0.78                      1.68  -0.90     1.30
  SINCE MAR 1      3.01                      5.25  -2.24     6.61
  SINCE JAN 1     10.37                     10.99  -0.62    11.48

DEGREE DAYS
 HEATING
  YESTERDAY        8                        17     -9       17
  MONTH TO DATE  330                       255     75      206
  SINCE MAR 1   1178                      1129     49     1201
  SINCE JUL 1   5490                      5700   -210     5243

 COOLING
  YESTERDAY        0                         0      0        0
  MONTH TO DATE    0                         0      0        2
  SINCE MAR 1      0                         0      0        2
  SINCE JAN 1      0                         0      0        2
..................................................................


WIND (MPH)
  HIGHEST WIND SPEED    12   HIGHEST WIND DIRECTION    NW (330)
  HIGHEST GUST SPEED    14   HIGHEST GUST DIRECTION     N (340)
  AVERAGE WIND SPEED     2.6


SKY COVER
  AVERAGE SKY COVER 0.1



RELATIVE HUMIDITY (PERCENT)
 HIGHEST    89           200 AM
 LOWEST     38           300 PM
 AVERAGE    64

..........................................................


THE POUGHKEEPSIE NY CLIMATE NORMALS FOR TODAY
                         NORMAL    RECORD    YEAR
 MAXIMUM TEMPERATURE (F)   60        88      1941
 MINIMUM TEMPERATURE (F)   36        23      1973
                                             1956


SUNRISE AND SUNSET
APRIL 14 2018.........SUNRISE   617 AM EDT   SUNSET   735 PM EDT
APRIL 15 2018.........SUNRISE   616 AM EDT   SUNSET   736 PM EDT


-  INDICATES NEGATIVE NUMBERS.
R  INDICATES RECORD WAS SET OR TIED.
MM INDICATES DATA IS MISSING.
T  INDICATES TRACE AMOUNT.




$$
