000
CDUS41 KALY 230623
CLIPOU


CLIMATE REPORT
NATIONAL WEATHER SERVICE ALBANY NY
222 AM EDT MON APR 23 2018


...................................

...THE POUGHKEEPSIE NY CLIMATE SUMMARY FOR APRIL 22 2018...

CLIMATE NORMAL PERIOD 1981 TO 2010
CLIMATE RECORD PERIOD 1931 TO 2018


WEATHER ITEM   OBSERVED TIME   RECORD YEAR NORMAL DEPARTURE LAST
                VALUE   (LST)  VALUE       VALUE  FROM      YEAR
                                                  NORMAL
..................................................................
TEMPERATURE (F)
 YESTERDAY
  MAXIMUM         65    443 PM  87    1985  64      1       56
                                      1973
  MINIMUM         27    457 AM  24    1981  39    -12       43
  AVERAGE         46                        51     -5       50

PRECIPITATION (IN)
  YESTERDAY        0.00          1.86 2000   0.12  -0.12     0.01
  MONTH TO DATE    2.26                      2.77  -0.51     2.02
  SINCE MAR 1      4.49                      6.34  -1.85     7.33
  SINCE JAN 1     11.85                     12.08  -0.23    12.20

DEGREE DAYS
 HEATING
  YESTERDAY       19                        14      5       15
  MONTH TO DATE  528                       393    135      307
  SINCE MAR 1   1376                      1267    109     1302
  SINCE JUL 1   5688                      5838   -150     5344

 COOLING
  YESTERDAY        0                         0      0        0
  MONTH TO DATE    0                         0      0        4
  SINCE MAR 1      0                         0      0        4
  SINCE JAN 1      0                         0      0        4
..................................................................


WIND (MPH)
  HIGHEST WIND SPEED    15   HIGHEST WIND DIRECTION     N (350)
  HIGHEST GUST SPEED    23   HIGHEST GUST DIRECTION     N (360)
  AVERAGE WIND SPEED     3.2


SKY COVER
  AVERAGE SKY COVER 0.0



RELATIVE HUMIDITY (PERCENT)
 HIGHEST    78           400 AM
 LOWEST     15           400 PM
 AVERAGE    47

..........................................................


THE POUGHKEEPSIE NY CLIMATE NORMALS FOR TODAY
                         NORMAL    RECORD    YEAR
 MAXIMUM TEMPERATURE (F)   64        86      2007
 MINIMUM TEMPERATURE (F)   39        21      1989


SUNRISE AND SUNSET
APRIL 23 2018.........SUNRISE   603 AM EDT   SUNSET   745 PM EDT
APRIL 24 2018.........SUNRISE   602 AM EDT   SUNSET   746 PM EDT


-  INDICATES NEGATIVE NUMBERS.
R  INDICATES RECORD WAS SET OR TIED.
MM INDICATES DATA IS MISSING.
T  INDICATES TRACE AMOUNT.




$$
