000
CDUS41 KALY 192045
CLIPOU


CLIMATE REPORT
NATIONAL WEATHER SERVICE ALBANY NY
445 PM EDT SAT MAY 19 2018


...................................

...THE POUGHKEEPSIE NY CLIMATE SUMMARY FOR MAY 19 2018...
VALID TODAY AS OF 0400 PM LOCAL TIME.

CLIMATE NORMAL PERIOD 1981 TO 2010
CLIMATE RECORD PERIOD 1931 TO 2018


WEATHER ITEM   OBSERVED TIME   RECORD YEAR NORMAL DEPARTURE LAST
                VALUE   (LST)  VALUE       VALUE  FROM      YEAR
                                                  NORMAL
..................................................................
TEMPERATURE (F)
 TODAY
  MAXIMUM         55    329 PM  96    1962  72    -17       89
  MINIMUM         47    854 AM  31    2009  47      0       58
                                      2002
  AVERAGE         51                        60     -9       74

PRECIPITATION (IN)
  TODAY            0.56          1.54 2011   0.15   0.41     0.00
  MONTH TO DATE    2.86                      2.52   0.34     3.40
  SINCE MAR 1      8.66                      9.87  -1.21    11.09
  SINCE JAN 1     16.02                     15.61   0.41    15.96

DEGREE DAYS
 HEATING
  TODAY           14                         6      8        0
  MONTH TO DATE   89                       164    -75      200
  SINCE MAR 1   1582                      1532     50     1562
  SINCE JUL 1   5894                      6103   -209     5604

 COOLING
  TODAY            0                         1     -1        9
  MONTH TO DATE   32                        13     19       29
  SINCE MAR 1     32                        18     14       46
  SINCE JAN 1     32                        18     14       46
..................................................................


WIND (MPH)
  HIGHEST WIND SPEED     9   HIGHEST WIND DIRECTION     N (360)
  HIGHEST GUST SPEED    13   HIGHEST GUST DIRECTION    NW (320)
  AVERAGE WIND SPEED     3.1


SKY COVER
  AVERAGE SKY COVER 0.8



RELATIVE HUMIDITY (PERCENT)
 HIGHEST    96           100 PM
 LOWEST     59           500 AM
 AVERAGE    78

..........................................................


THE POUGHKEEPSIE NY CLIMATE NORMALS FOR TOMORROW
                         NORMAL    RECORD    YEAR
 MAXIMUM TEMPERATURE (F)   72        91      1975
                                             1962
 MINIMUM TEMPERATURE (F)   48        29      2002


SUNRISE AND SUNSET
MAY 19 2018...........SUNRISE   532 AM EDT   SUNSET   812 PM EDT
MAY 20 2018...........SUNRISE   532 AM EDT   SUNSET   813 PM EDT


-  INDICATES NEGATIVE NUMBERS.
R  INDICATES RECORD WAS SET OR TIED.
MM INDICATES DATA IS MISSING.
T  INDICATES TRACE AMOUNT.




$$
